{"id":1143,"date":"2019-03-23T10:57:16","date_gmt":"2019-03-23T08:57:16","guid":{"rendered":"http:\/\/www.musikverlag-nickel.eu\/NEWS-BLOG\/?page_id=1143"},"modified":"2025-04-28T15:28:26","modified_gmt":"2025-04-28T13:28:26","slug":"tre-sonate-galanti","status":"publish","type":"page","link":"http:\/\/www.musikverlag-nickel.eu\/NEWS-BLOG\/?page_id=1143","title":{"rendered":"TRE SONATE GALANTI"},"content":{"rendered":"\n<p>Die Tre sonate galanti per il pianoforte beziehen sich mit ihrer Verspieltheit und durchsichtigen Satzstruktur formal und stilistisch auf vorklassische Sonatenmodelle, etwa von Domenico Scarlatti, Baldassare Galuppi oder Carl Philipp Emanuel Bach. Zugleich verbinden sie die Idee des unterhaltsamen Vortragsst\u00fcckes mit dem Anspruch der virtuosen Konzertet\u00fcde. \u201ePrestorella\u201c \u2013 eine Pastorella im tempo presto \u2013 provoziert durch ihre, an scarlattische Hornquint-Figuren gemahnende, unstet pulsierende und insistierende unisono-Melodik das Umkippen zu entladenden arpeggio-Kaskaden, um sich schlie\u00dflich in lockere, quasi improvisierte Figurationen zu l\u00f6sen. Ein vielstimmiges Geflecht auf- und absteigender Tonleitersegmente bildet die Grundlage f\u00fcr den Spieluhrmechanismus von \u201eCarillon\u201c, wobei die ausgestaltete Oberstimme nach Art einer Air die melodische F\u00fchrungsrolle \u00fcbernimmt. Durch das Auseinanderdriften der Au\u00dfenstimmen ger\u00e4t dieses Satzgef\u00fcge bald ins Stolpern und Wanken, das Uhrwerk knirscht mit seinen Zahnr\u00e4dern, frisst sich fest. \u00dcbrig bleibt ein eine ersch\u00f6pft leiernde Floskel. Als Verbeugung vor Carl Philipp Emanuel Bachs kaprizi\u00f6sem Komponierstil ist die dritte Sonate, \u201eOmaggio a C. P. E.\u201c zu verstehen. Allerdings verl\u00e4sst das umherspringende Thema bald die Pfade seines Paten und unternimmt stilistische Ausfl\u00fcge etwa zu beethovenscher Launigkeit, regerscher Modulationswut oder bartokscher Patzigkeit, verirrt sich zuletzt gar zu den scarlattischen Hornquinten der \u201ePrestorella\u201c.<\/p>\n\n\n\n<p>Markus Schmitt: TRE SONATE GALANTI PER IL PIANOFORTE<br>CPE Bach zum 300. Geburtstag.&nbsp;<br>Fassung f\u00fcr Klavier<br>ISMN 979-0-700344-82-5 \/ MVN 33 (Part.)<br>24,- EUR<br>(M\u00fcnchen, 2014)<\/p>\n\n\n\n<div class=\"wp-block-buttons is-layout-flex wp-block-buttons-is-layout-flex\">\n<div class=\"wp-block-button\"><a class=\"wp-block-button__link wp-element-button\" href=\"https:\/\/www.musikverlag-nickel.eu\/NEWS-BLOG\/?product=schmitt-markus-tre-sonate-galanti-klavier\">Bestellen<\/a><\/div>\n<\/div>\n\n\n\n<figure class=\"wp-block-gallery has-nested-images columns-default is-cropped wp-block-gallery-1 is-layout-flex wp-block-gallery-is-layout-flex\">\n<figure class=\"wp-block-image\"><a href=\"https:\/\/www.musikverlag-nickel.eu\/NEWS-BLOG\/wp-content\/uploads\/2019\/03\/MVN-33_Bild-1-1.jpg\"><img loading=\"lazy\" decoding=\"async\" width=\"724\" height=\"1024\" data-id=\"1145\" src=\"https:\/\/www.musikverlag-nickel.eu\/NEWS-BLOG\/wp-content\/uploads\/2019\/03\/MVN-33_Bild-1-1-724x1024.jpg\" alt=\"\" class=\"wp-image-1145\" srcset=\"http:\/\/www.musikverlag-nickel.eu\/NEWS-BLOG\/wp-content\/uploads\/2019\/03\/MVN-33_Bild-1-1-724x1024.jpg 724w, http:\/\/www.musikverlag-nickel.eu\/NEWS-BLOG\/wp-content\/uploads\/2019\/03\/MVN-33_Bild-1-1-600x848.jpg 600w, http:\/\/www.musikverlag-nickel.eu\/NEWS-BLOG\/wp-content\/uploads\/2019\/03\/MVN-33_Bild-1-1-212x300.jpg 212w, http:\/\/www.musikverlag-nickel.eu\/NEWS-BLOG\/wp-content\/uploads\/2019\/03\/MVN-33_Bild-1-1-768x1086.jpg 768w, http:\/\/www.musikverlag-nickel.eu\/NEWS-BLOG\/wp-content\/uploads\/2019\/03\/MVN-33_Bild-1-1-680x961.jpg 680w, http:\/\/www.musikverlag-nickel.eu\/NEWS-BLOG\/wp-content\/uploads\/2019\/03\/MVN-33_Bild-1-1-920x1301.jpg 920w, http:\/\/www.musikverlag-nickel.eu\/NEWS-BLOG\/wp-content\/uploads\/2019\/03\/MVN-33_Bild-1-1.jpg 1240w\" sizes=\"auto, (max-width: 724px) 100vw, 724px\" \/><\/a><\/figure>\n\n\n\n<figure class=\"wp-block-image\"><a href=\"https:\/\/www.musikverlag-nickel.eu\/NEWS-BLOG\/wp-content\/uploads\/2019\/03\/MVN-33_Bild-2.jpg\"><img loading=\"lazy\" decoding=\"async\" width=\"724\" height=\"1024\" data-id=\"1146\" src=\"https:\/\/www.musikverlag-nickel.eu\/NEWS-BLOG\/wp-content\/uploads\/2019\/03\/MVN-33_Bild-2-724x1024.jpg\" alt=\"\" class=\"wp-image-1146\" srcset=\"http:\/\/www.musikverlag-nickel.eu\/NEWS-BLOG\/wp-content\/uploads\/2019\/03\/MVN-33_Bild-2-724x1024.jpg 724w, http:\/\/www.musikverlag-nickel.eu\/NEWS-BLOG\/wp-content\/uploads\/2019\/03\/MVN-33_Bild-2-600x848.jpg 600w, http:\/\/www.musikverlag-nickel.eu\/NEWS-BLOG\/wp-content\/uploads\/2019\/03\/MVN-33_Bild-2-212x300.jpg 212w, http:\/\/www.musikverlag-nickel.eu\/NEWS-BLOG\/wp-content\/uploads\/2019\/03\/MVN-33_Bild-2-768x1086.jpg 768w, http:\/\/www.musikverlag-nickel.eu\/NEWS-BLOG\/wp-content\/uploads\/2019\/03\/MVN-33_Bild-2-680x961.jpg 680w, http:\/\/www.musikverlag-nickel.eu\/NEWS-BLOG\/wp-content\/uploads\/2019\/03\/MVN-33_Bild-2-920x1301.jpg 920w, http:\/\/www.musikverlag-nickel.eu\/NEWS-BLOG\/wp-content\/uploads\/2019\/03\/MVN-33_Bild-2.jpg 1240w\" sizes=\"auto, (max-width: 724px) 100vw, 724px\" \/><\/a><\/figure>\n<\/figure>\n\n\n\n<figure class=\"wp-block-embed is-type-video is-provider-youtube wp-block-embed-youtube wp-embed-aspect-16-9 wp-has-aspect-ratio\"><div class=\"wp-block-embed__wrapper\">\n<iframe loading=\"lazy\"  id=\"_ytid_86393\"  width=\"640\" height=\"360\"  data-origwidth=\"640\" data-origheight=\"360\" src=\"https:\/\/www.youtube.com\/embed\/Mi1A1YNWsmk?enablejsapi=1&#038;autoplay=0&#038;cc_load_policy=0&#038;cc_lang_pref=&#038;iv_load_policy=1&#038;loop=0&#038;rel=1&#038;fs=1&#038;playsinline=0&#038;autohide=2&#038;theme=dark&#038;color=red&#038;controls=1&#038;disablekb=0&#038;\" class=\"__youtube_prefs__  epyt-is-override  no-lazyload\" title=\"YouTube player\"  allow=\"fullscreen; accelerometer; autoplay; clipboard-write; encrypted-media; gyroscope; picture-in-picture; web-share\" referrerpolicy=\"strict-origin-when-cross-origin\" allowfullscreen data-no-lazy=\"1\" data-skipgform_ajax_framebjll=\"\"><\/iframe>\n<\/div><figcaption class=\"wp-element-caption\">Markus Schmitt: &#8222;Carillon&#8220; aus &#8222;tre sonate galanti&#8220; (Matthias E. Gyr, Klavier)<\/figcaption><\/figure>\n\n\n\n<p>Markus Schmitt: TRE SONATE GALANTI PER IL PIANOFORTE<br>CPE Bach zum 300. Geburtstag.&nbsp;<br>Fassung f\u00fcr Hammerklavier<br>ISMN 979-0-700344-82-5 \/ MVN 34 (Part.)<br>24,- EUR<br>(M\u00fcnchen, 2014)<\/p>\n\n\n\n<div class=\"wp-block-buttons is-layout-flex wp-block-buttons-is-layout-flex\">\n<div class=\"wp-block-button\"><a class=\"wp-block-button__link wp-element-button\" href=\"https:\/\/www.musikverlag-nickel.eu\/NEWS-BLOG\/?product=schmitt-markus-tre-sonate-galanti-hammerklavier\">Bestellen<\/a><\/div>\n<\/div>\n\n\n\n<figure class=\"wp-block-gallery has-nested-images columns-default is-cropped wp-block-gallery-2 is-layout-flex wp-block-gallery-is-layout-flex\">\n<figure class=\"wp-block-image\"><a href=\"https:\/\/www.musikverlag-nickel.eu\/NEWS-BLOG\/wp-content\/uploads\/2019\/03\/MVN-34_Bild-1.jpg\"><img loading=\"lazy\" decoding=\"async\" width=\"724\" height=\"1024\" data-id=\"1177\" src=\"https:\/\/www.musikverlag-nickel.eu\/NEWS-BLOG\/wp-content\/uploads\/2019\/03\/MVN-34_Bild-1-724x1024.jpg\" alt=\"\" class=\"wp-image-1177\" srcset=\"http:\/\/www.musikverlag-nickel.eu\/NEWS-BLOG\/wp-content\/uploads\/2019\/03\/MVN-34_Bild-1-724x1024.jpg 724w, http:\/\/www.musikverlag-nickel.eu\/NEWS-BLOG\/wp-content\/uploads\/2019\/03\/MVN-34_Bild-1-600x848.jpg 600w, http:\/\/www.musikverlag-nickel.eu\/NEWS-BLOG\/wp-content\/uploads\/2019\/03\/MVN-34_Bild-1-212x300.jpg 212w, http:\/\/www.musikverlag-nickel.eu\/NEWS-BLOG\/wp-content\/uploads\/2019\/03\/MVN-34_Bild-1-768x1086.jpg 768w, http:\/\/www.musikverlag-nickel.eu\/NEWS-BLOG\/wp-content\/uploads\/2019\/03\/MVN-34_Bild-1-680x961.jpg 680w, http:\/\/www.musikverlag-nickel.eu\/NEWS-BLOG\/wp-content\/uploads\/2019\/03\/MVN-34_Bild-1-920x1301.jpg 920w, http:\/\/www.musikverlag-nickel.eu\/NEWS-BLOG\/wp-content\/uploads\/2019\/03\/MVN-34_Bild-1.jpg 1240w\" sizes=\"auto, (max-width: 724px) 100vw, 724px\" \/><\/a><\/figure>\n\n\n\n<figure class=\"wp-block-image\"><a href=\"https:\/\/www.musikverlag-nickel.eu\/NEWS-BLOG\/wp-content\/uploads\/2019\/03\/MVN-34_Bild-2.jpg\"><img loading=\"lazy\" decoding=\"async\" width=\"723\" height=\"1024\" data-id=\"1178\" src=\"https:\/\/www.musikverlag-nickel.eu\/NEWS-BLOG\/wp-content\/uploads\/2019\/03\/MVN-34_Bild-2-723x1024.jpg\" alt=\"\" class=\"wp-image-1178\" srcset=\"http:\/\/www.musikverlag-nickel.eu\/NEWS-BLOG\/wp-content\/uploads\/2019\/03\/MVN-34_Bild-2-723x1024.jpg 723w, http:\/\/www.musikverlag-nickel.eu\/NEWS-BLOG\/wp-content\/uploads\/2019\/03\/MVN-34_Bild-2-600x849.jpg 600w, http:\/\/www.musikverlag-nickel.eu\/NEWS-BLOG\/wp-content\/uploads\/2019\/03\/MVN-34_Bild-2-212x300.jpg 212w, http:\/\/www.musikverlag-nickel.eu\/NEWS-BLOG\/wp-content\/uploads\/2019\/03\/MVN-34_Bild-2-768x1087.jpg 768w, http:\/\/www.musikverlag-nickel.eu\/NEWS-BLOG\/wp-content\/uploads\/2019\/03\/MVN-34_Bild-2-680x963.jpg 680w, http:\/\/www.musikverlag-nickel.eu\/NEWS-BLOG\/wp-content\/uploads\/2019\/03\/MVN-34_Bild-2-920x1302.jpg 920w, http:\/\/www.musikverlag-nickel.eu\/NEWS-BLOG\/wp-content\/uploads\/2019\/03\/MVN-34_Bild-2.jpg 1239w\" sizes=\"auto, (max-width: 723px) 100vw, 723px\" \/><\/a><\/figure>\n<\/figure>\n\n\n\n<p>#Klavier #Hammerklavier<\/p>\n","protected":false},"excerpt":{"rendered":"<p>Die Tre sonate galanti per il pianoforte beziehen sich mit ihrer Verspieltheit und durchsichtigen Satzstruktur formal und stilistisch auf vorklassische Sonatenmodelle, etwa von Domenico Scarlatti, Baldassare Galuppi oder Carl Philipp [&hellip;]<\/p>\n","protected":false},"author":1,"featured_media":0,"parent":1128,"menu_order":0,"comment_status":"closed","ping_status":"closed","template":"","meta":{"footnotes":""},"class_list":["post-1143","page","type-page","status-publish","hentry"],"_links":{"self":[{"href":"http:\/\/www.musikverlag-nickel.eu\/NEWS-BLOG\/index.php?rest_route=\/wp\/v2\/pages\/1143","targetHints":{"allow":["GET"]}}],"collection":[{"href":"http:\/\/www.musikverlag-nickel.eu\/NEWS-BLOG\/index.php?rest_route=\/wp\/v2\/pages"}],"about":[{"href":"http:\/\/www.musikverlag-nickel.eu\/NEWS-BLOG\/index.php?rest_route=\/wp\/v2\/types\/page"}],"author":[{"embeddable":true,"href":"http:\/\/www.musikverlag-nickel.eu\/NEWS-BLOG\/index.php?rest_route=\/wp\/v2\/users\/1"}],"replies":[{"embeddable":true,"href":"http:\/\/www.musikverlag-nickel.eu\/NEWS-BLOG\/index.php?rest_route=%2Fwp%2Fv2%2Fcomments&post=1143"}],"version-history":[{"count":21,"href":"http:\/\/www.musikverlag-nickel.eu\/NEWS-BLOG\/index.php?rest_route=\/wp\/v2\/pages\/1143\/revisions"}],"predecessor-version":[{"id":1979,"href":"http:\/\/www.musikverlag-nickel.eu\/NEWS-BLOG\/index.php?rest_route=\/wp\/v2\/pages\/1143\/revisions\/1979"}],"up":[{"embeddable":true,"href":"http:\/\/www.musikverlag-nickel.eu\/NEWS-BLOG\/index.php?rest_route=\/wp\/v2\/pages\/1128"}],"wp:attachment":[{"href":"http:\/\/www.musikverlag-nickel.eu\/NEWS-BLOG\/index.php?rest_route=%2Fwp%2Fv2%2Fmedia&parent=1143"}],"curies":[{"name":"wp","href":"https:\/\/api.w.org\/{rel}","templated":true}]}}

<p>Die Tre sonate galanti per il pianoforte beziehen sich mit ihrer Verspieltheit und durchsichtigen Satzstruktur formal und stilistisch auf vorklassische Sonatenmodelle, etwa von Domenico Scarlatti, Baldassare Galuppi oder Carl Philipp Emanuel Bach. Zugleich verbinden sie die Idee des unterhaltsamen Vortragsstückes mit dem Anspruch der virtuosen Konzertetüde. „Prestorella“ – eine Pastorella im tempo presto – provoziert durch ihre, an scarlattische Hornquint-Figuren gemahnende, unstet pulsierende und insistierende unisono-Melodik das Umkippen zu entladenden arpeggio-Kaskaden, um sich schließlich in lockere, quasi improvisierte Figurationen zu lösen. Ein vielstimmiges Geflecht auf- und absteigender Tonleitersegmente bildet die Grundlage für den Spieluhrmechanismus von „Carillon“, wobei die ausgestaltete Oberstimme nach Art einer Air die melodische Führungsrolle übernimmt. Durch das Auseinanderdriften der Außenstimmen gerät dieses Satzgefüge bald ins Stolpern und Wanken, das Uhrwerk knirscht mit seinen Zahnrädern, frisst sich fest. Übrig bleibt ein eine erschöpft leiernde Floskel. Als Verbeugung vor Carl Philipp Emanuel Bachs kapriziösem Komponierstil ist die dritte Sonate, „Omaggio a C. P. E.“ zu verstehen. Allerdings verlässt das umherspringende Thema bald die Pfade seines Paten und unternimmt stilistische Ausflüge etwa zu beethovenscher Launigkeit, regerscher Modulationswut oder bartokscher Patzigkeit, verirrt sich zuletzt gar zu den scarlattischen Hornquinten der „Prestorella“.</p>



<p>Markus Schmitt: TRE SONATE GALANTI PER IL PIANOFORTE<br>CPE Bach zum 300. Geburtstag.&nbsp;<br>Fassung für Klavier<br>ISMN 979-0-700344-82-5 / MVN 33 (Part.)<br>24,- EUR<br>(München, 2014)</p>



<div class="wp-block-buttons is-layout-flex wp-block-buttons-is-layout-flex">
<div class="wp-block-button"><a class="wp-block-button__link wp-element-button" href="https://www.musikverlag-nickel.eu/NEWS-BLOG/?product=schmitt-markus-tre-sonate-galanti-klavier">Bestellen</a></div>
</div>



<figure class="wp-block-gallery has-nested-images columns-default is-cropped wp-block-gallery-1 is-layout-flex wp-block-gallery-is-layout-flex">
<figure class="wp-block-image"><a href="https://www.musikverlag-nickel.eu/NEWS-BLOG/wp-content/uploads/2019/03/MVN-33_Bild-1-1.jpg"><img loading="lazy" decoding="async" width="724" height="1024" data-id="1145" src="https://www.musikverlag-nickel.eu/NEWS-BLOG/wp-content/uploads/2019/03/MVN-33_Bild-1-1-724x1024.jpg" alt="" class="wp-image-1145" srcset="http://www.musikverlag-nickel.eu/NEWS-BLOG/wp-content/uploads/2019/03/MVN-33_Bild-1-1-724x1024.jpg 724w, http://www.musikverlag-nickel.eu/NEWS-BLOG/wp-content/uploads/2019/03/MVN-33_Bild-1-1-600x848.jpg 600w, http://www.musikverlag-nickel.eu/NEWS-BLOG/wp-content/uploads/2019/03/MVN-33_Bild-1-1-212x300.jpg 212w, http://www.musikverlag-nickel.eu/NEWS-BLOG/wp-content/uploads/2019/03/MVN-33_Bild-1-1-768x1086.jpg 768w, http://www.musikverlag-nickel.eu/NEWS-BLOG/wp-content/uploads/2019/03/MVN-33_Bild-1-1-680x961.jpg 680w, http://www.musikverlag-nickel.eu/NEWS-BLOG/wp-content/uploads/2019/03/MVN-33_Bild-1-1-920x1301.jpg 920w, http://www.musikverlag-nickel.eu/NEWS-BLOG/wp-content/uploads/2019/03/MVN-33_Bild-1-1.jpg 1240w" sizes="auto, (max-width: 724px) 100vw, 724px" /></a></figure>



<figure class="wp-block-image"><a href="https://www.musikverlag-nickel.eu/NEWS-BLOG/wp-content/uploads/2019/03/MVN-33_Bild-2.jpg"><img loading="lazy" decoding="async" width="724" height="1024" data-id="1146" src="https://www.musikverlag-nickel.eu/NEWS-BLOG/wp-content/uploads/2019/03/MVN-33_Bild-2-724x1024.jpg" alt="" class="wp-image-1146" srcset="http://www.musikverlag-nickel.eu/NEWS-BLOG/wp-content/uploads/2019/03/MVN-33_Bild-2-724x1024.jpg 724w, http://www.musikverlag-nickel.eu/NEWS-BLOG/wp-content/uploads/2019/03/MVN-33_Bild-2-600x848.jpg 600w, http://www.musikverlag-nickel.eu/NEWS-BLOG/wp-content/uploads/2019/03/MVN-33_Bild-2-212x300.jpg 212w, http://www.musikverlag-nickel.eu/NEWS-BLOG/wp-content/uploads/2019/03/MVN-33_Bild-2-768x1086.jpg 768w, http://www.musikverlag-nickel.eu/NEWS-BLOG/wp-content/uploads/2019/03/MVN-33_Bild-2-680x961.jpg 680w, http://www.musikverlag-nickel.eu/NEWS-BLOG/wp-content/uploads/2019/03/MVN-33_Bild-2-920x1301.jpg 920w, http://www.musikverlag-nickel.eu/NEWS-BLOG/wp-content/uploads/2019/03/MVN-33_Bild-2.jpg 1240w" sizes="auto, (max-width: 724px) 100vw, 724px" /></a></figure>
</figure>



<figure class="wp-block-embed is-type-video is-provider-youtube wp-block-embed-youtube wp-embed-aspect-16-9 wp-has-aspect-ratio"><div class="wp-block-embed__wrapper">
<iframe loading="lazy"  id="_ytid_86393"  width="640" height="360"  data-origwidth="640" data-origheight="360" src="https://www.youtube.com/embed/Mi1A1YNWsmk?enablejsapi=1&#038;autoplay=0&#038;cc_load_policy=0&#038;cc_lang_pref=&#038;iv_load_policy=1&#038;loop=0&#038;rel=1&#038;fs=1&#038;playsinline=0&#038;autohide=2&#038;theme=dark&#038;color=red&#038;controls=1&#038;disablekb=0&#038;" class="__youtube_prefs__  epyt-is-override  no-lazyload" title="YouTube player"  allow="fullscreen; accelerometer; autoplay; clipboard-write; encrypted-media; gyroscope; picture-in-picture; web-share" referrerpolicy="strict-origin-when-cross-origin" allowfullscreen data-no-lazy="1" data-skipgform_ajax_framebjll=""></iframe>
</div><figcaption class="wp-element-caption">Markus Schmitt: &#8222;Carillon&#8220; aus &#8222;tre sonate galanti&#8220; (Matthias E. Gyr, Klavier)</figcaption></figure>



<p>Markus Schmitt: TRE SONATE GALANTI PER IL PIANOFORTE<br>CPE Bach zum 300. Geburtstag.&nbsp;<br>Fassung für Hammerklavier<br>ISMN 979-0-700344-82-5 / MVN 34 (Part.)<br>24,- EUR<br>(München, 2014)</p>



<div class="wp-block-buttons is-layout-flex wp-block-buttons-is-layout-flex">
<div class="wp-block-button"><a class="wp-block-button__link wp-element-button" href="https://www.musikverlag-nickel.eu/NEWS-BLOG/?product=schmitt-markus-tre-sonate-galanti-hammerklavier">Bestellen</a></div>
</div>



<figure class="wp-block-gallery has-nested-images columns-default is-cropped wp-block-gallery-2 is-layout-flex wp-block-gallery-is-layout-flex">
<figure class="wp-block-image"><a href="https://www.musikverlag-nickel.eu/NEWS-BLOG/wp-content/uploads/2019/03/MVN-34_Bild-1.jpg"><img loading="lazy" decoding="async" width="724" height="1024" data-id="1177" src="https://www.musikverlag-nickel.eu/NEWS-BLOG/wp-content/uploads/2019/03/MVN-34_Bild-1-724x1024.jpg" alt="" class="wp-image-1177" srcset="http://www.musikverlag-nickel.eu/NEWS-BLOG/wp-content/uploads/2019/03/MVN-34_Bild-1-724x1024.jpg 724w, http://www.musikverlag-nickel.eu/NEWS-BLOG/wp-content/uploads/2019/03/MVN-34_Bild-1-600x848.jpg 600w, http://www.musikverlag-nickel.eu/NEWS-BLOG/wp-content/uploads/2019/03/MVN-34_Bild-1-212x300.jpg 212w, http://www.musikverlag-nickel.eu/NEWS-BLOG/wp-content/uploads/2019/03/MVN-34_Bild-1-768x1086.jpg 768w, http://www.musikverlag-nickel.eu/NEWS-BLOG/wp-content/uploads/2019/03/MVN-34_Bild-1-680x961.jpg 680w, http://www.musikverlag-nickel.eu/NEWS-BLOG/wp-content/uploads/2019/03/MVN-34_Bild-1-920x1301.jpg 920w, http://www.musikverlag-nickel.eu/NEWS-BLOG/wp-content/uploads/2019/03/MVN-34_Bild-1.jpg 1240w" sizes="auto, (max-width: 724px) 100vw, 724px" /></a></figure>



<figure class="wp-block-image"><a href="https://www.musikverlag-nickel.eu/NEWS-BLOG/wp-content/uploads/2019/03/MVN-34_Bild-2.jpg"><img loading="lazy" decoding="async" width="723" height="1024" data-id="1178" src="https://www.musikverlag-nickel.eu/NEWS-BLOG/wp-content/uploads/2019/03/MVN-34_Bild-2-723x1024.jpg" alt="" class="wp-image-1178" srcset="http://www.musikverlag-nickel.eu/NEWS-BLOG/wp-content/uploads/2019/03/MVN-34_Bild-2-723x1024.jpg 723w, http://www.musikverlag-nickel.eu/NEWS-BLOG/wp-content/uploads/2019/03/MVN-34_Bild-2-600x849.jpg 600w, http://www.musikverlag-nickel.eu/NEWS-BLOG/wp-content/uploads/2019/03/MVN-34_Bild-2-212x300.jpg 212w, http://www.musikverlag-nickel.eu/NEWS-BLOG/wp-content/uploads/2019/03/MVN-34_Bild-2-768x1087.jpg 768w, http://www.musikverlag-nickel.eu/NEWS-BLOG/wp-content/uploads/2019/03/MVN-34_Bild-2-680x963.jpg 680w, http://www.musikverlag-nickel.eu/NEWS-BLOG/wp-content/uploads/2019/03/MVN-34_Bild-2-920x1302.jpg 920w, http://www.musikverlag-nickel.eu/NEWS-BLOG/wp-content/uploads/2019/03/MVN-34_Bild-2.jpg 1239w" sizes="auto, (max-width: 723px) 100vw, 723px" /></a></figure>
</figure>



<p>#Klavier #Hammerklavier</p>
