{"id":1185,"date":"2019-03-23T12:21:11","date_gmt":"2019-03-23T10:21:11","guid":{"rendered":"http:\/\/www.musikverlag-nickel.eu\/NEWS-BLOG\/?page_id=1185"},"modified":"2025-04-26T16:55:06","modified_gmt":"2025-04-26T14:55:06","slug":"jelek","status":"publish","type":"page","link":"http:\/\/www.musikverlag-nickel.eu\/NEWS-BLOG\/?page_id=1185","title":{"rendered":"JELEK"},"content":{"rendered":"\n<p>Der Zyklus \u201eJelek\u201c (\u201eZeichen\u201c) besteht aus 9 Klavierst\u00fccken, deren Titel Bilder indizieren, zugleich aber auch von symbolhafter Bedeutung sind.&nbsp;<br><br>\u201eZeichen im Sand\u201c, sie werden vom Wind oder vom Wasser weggewischt.&nbsp;<br>\u201eFlamme\u201c ist ein kleines Perpetuum mobile,&nbsp;<br>\u201eTastenbrecher\u201c konkreter Spiel-Spa\u00df.&nbsp;<br>\u201eLicht und Schatten\u201c werden als ein Lied und dessen Echo gedeutet.&nbsp;<br>\u201eDie gro\u00dfe Maschine\u201c ist Disco-Sound auf Tasten.&nbsp;<br>\u201eSternenklang\u201c \u00f6ffnet ein Fenster auf ein stilles Universum.&nbsp;<br>\u201eGewaltmarsch\u201c erinnert an Krieg und Leiden.&nbsp;<br>\u201eGalaxis\u201c steht f\u00fcr Linien und R\u00e4ume,<br>&nbsp;\u201eHerbst\u201c f\u00fcr Fallen und Vergehen.<br><br>Jelek wurde am 15. Januar 1999 im im Heidelberger Palais Prinz Carl von Studenten der Klavierklasse Prof. Barbara Fry uraufgef\u00fchrt.&nbsp;<br>Barbara Fry&nbsp;und ihren Sch\u00fclern ist der Zyklus gewidmet.<br><br>Andr\u00e1s Hamary:&nbsp;JELEK &nbsp;&nbsp;&nbsp;<br>9 St\u00fccke f\u00fcr Klavier<br>ISMN 979-0-700344-23-8 \/ MVN 76&nbsp;(Part.)<br>29,- EUR<br>(M\u00fcnchen, 2016)<\/p>\n\n\n\n<div class=\"wp-block-buttons is-layout-flex wp-block-buttons-is-layout-flex\">\n<div class=\"wp-block-button\"><a class=\"wp-block-button__link wp-element-button\" href=\"https:\/\/www.musikverlag-nickel.eu\/NEWS-BLOG\/?product=jelek\">Bestellen<\/a><\/div>\n<\/div>\n\n\n\n<figure class=\"wp-block-gallery has-nested-images columns-default is-cropped wp-block-gallery-1 is-layout-flex wp-block-gallery-is-layout-flex\">\n<figure class=\"wp-block-image\"><a href=\"https:\/\/www.musikverlag-nickel.eu\/NEWS-BLOG\/wp-content\/uploads\/2019\/03\/MVN-76_Bild-1-1.jpg\"><img loading=\"lazy\" decoding=\"async\" width=\"724\" height=\"1024\" data-id=\"1187\" src=\"https:\/\/www.musikverlag-nickel.eu\/NEWS-BLOG\/wp-content\/uploads\/2019\/03\/MVN-76_Bild-1-1-724x1024.jpg\" alt=\"\" class=\"wp-image-1187\" srcset=\"http:\/\/www.musikverlag-nickel.eu\/NEWS-BLOG\/wp-content\/uploads\/2019\/03\/MVN-76_Bild-1-1-724x1024.jpg 724w, http:\/\/www.musikverlag-nickel.eu\/NEWS-BLOG\/wp-content\/uploads\/2019\/03\/MVN-76_Bild-1-1-600x848.jpg 600w, http:\/\/www.musikverlag-nickel.eu\/NEWS-BLOG\/wp-content\/uploads\/2019\/03\/MVN-76_Bild-1-1-212x300.jpg 212w, http:\/\/www.musikverlag-nickel.eu\/NEWS-BLOG\/wp-content\/uploads\/2019\/03\/MVN-76_Bild-1-1-768x1086.jpg 768w, http:\/\/www.musikverlag-nickel.eu\/NEWS-BLOG\/wp-content\/uploads\/2019\/03\/MVN-76_Bild-1-1-680x961.jpg 680w, http:\/\/www.musikverlag-nickel.eu\/NEWS-BLOG\/wp-content\/uploads\/2019\/03\/MVN-76_Bild-1-1-920x1301.jpg 920w, http:\/\/www.musikverlag-nickel.eu\/NEWS-BLOG\/wp-content\/uploads\/2019\/03\/MVN-76_Bild-1-1.jpg 1240w\" sizes=\"auto, (max-width: 724px) 100vw, 724px\" \/><\/a><\/figure>\n\n\n\n<figure class=\"wp-block-image\"><a href=\"https:\/\/www.musikverlag-nickel.eu\/NEWS-BLOG\/wp-content\/uploads\/2019\/03\/MVN-76_Bild-2.jpg\"><img loading=\"lazy\" decoding=\"async\" width=\"725\" height=\"1024\" data-id=\"1188\" src=\"https:\/\/www.musikverlag-nickel.eu\/NEWS-BLOG\/wp-content\/uploads\/2019\/03\/MVN-76_Bild-2-725x1024.jpg\" alt=\"\" class=\"wp-image-1188\" srcset=\"http:\/\/www.musikverlag-nickel.eu\/NEWS-BLOG\/wp-content\/uploads\/2019\/03\/MVN-76_Bild-2-725x1024.jpg 725w, http:\/\/www.musikverlag-nickel.eu\/NEWS-BLOG\/wp-content\/uploads\/2019\/03\/MVN-76_Bild-2-600x848.jpg 600w, http:\/\/www.musikverlag-nickel.eu\/NEWS-BLOG\/wp-content\/uploads\/2019\/03\/MVN-76_Bild-2-212x300.jpg 212w, http:\/\/www.musikverlag-nickel.eu\/NEWS-BLOG\/wp-content\/uploads\/2019\/03\/MVN-76_Bild-2-768x1085.jpg 768w, http:\/\/www.musikverlag-nickel.eu\/NEWS-BLOG\/wp-content\/uploads\/2019\/03\/MVN-76_Bild-2-680x961.jpg 680w, http:\/\/www.musikverlag-nickel.eu\/NEWS-BLOG\/wp-content\/uploads\/2019\/03\/MVN-76_Bild-2-920x1300.jpg 920w, http:\/\/www.musikverlag-nickel.eu\/NEWS-BLOG\/wp-content\/uploads\/2019\/03\/MVN-76_Bild-2.jpg 1241w\" sizes=\"auto, (max-width: 725px) 100vw, 725px\" \/><\/a><\/figure>\n<\/figure>\n\n\n\n<figure class=\"wp-block-embed is-type-video is-provider-youtube wp-block-embed-youtube wp-embed-aspect-16-9 wp-has-aspect-ratio\"><div class=\"wp-block-embed__wrapper\">\n<iframe loading=\"lazy\"  id=\"_ytid_81910\"  width=\"640\" height=\"360\"  data-origwidth=\"640\" data-origheight=\"360\" src=\"https:\/\/www.youtube.com\/embed\/J-hmKe5dxwE?enablejsapi=1&#038;autoplay=0&#038;cc_load_policy=0&#038;cc_lang_pref=&#038;iv_load_policy=1&#038;loop=0&#038;rel=1&#038;fs=1&#038;playsinline=0&#038;autohide=2&#038;theme=dark&#038;color=red&#038;controls=1&#038;disablekb=0&#038;\" class=\"__youtube_prefs__  epyt-is-override  no-lazyload\" title=\"YouTube player\"  allow=\"fullscreen; accelerometer; autoplay; clipboard-write; encrypted-media; gyroscope; picture-in-picture; web-share\" referrerpolicy=\"strict-origin-when-cross-origin\" allowfullscreen data-no-lazy=\"1\" data-skipgform_ajax_framebjll=\"\"><\/iframe>\n<\/div><figcaption class=\"wp-element-caption\">Andr\u00e1s Hamary: &#8222;Zeichen im Sand&#8220; aus &#8222;Jelek&#8220; (Keiko Matsuzaki, Klavier)<\/figcaption><\/figure>\n\n\n\n<p>#Klavier<\/p>\n","protected":false},"excerpt":{"rendered":"<p>Der Zyklus \u201eJelek\u201c (\u201eZeichen\u201c) besteht aus 9 Klavierst\u00fccken, deren Titel Bilder indizieren, zugleich aber auch von symbolhafter Bedeutung sind.&nbsp; \u201eZeichen im Sand\u201c, sie werden vom Wind oder vom Wasser weggewischt.&nbsp;\u201eFlamme\u201c [&hellip;]<\/p>\n","protected":false},"author":1,"featured_media":0,"parent":1181,"menu_order":0,"comment_status":"closed","ping_status":"closed","template":"","meta":{"footnotes":""},"class_list":["post-1185","page","type-page","status-publish","hentry"],"_links":{"self":[{"href":"http:\/\/www.musikverlag-nickel.eu\/NEWS-BLOG\/index.php?rest_route=\/wp\/v2\/pages\/1185","targetHints":{"allow":["GET"]}}],"collection":[{"href":"http:\/\/www.musikverlag-nickel.eu\/NEWS-BLOG\/index.php?rest_route=\/wp\/v2\/pages"}],"about":[{"href":"http:\/\/www.musikverlag-nickel.eu\/NEWS-BLOG\/index.php?rest_route=\/wp\/v2\/types\/page"}],"author":[{"embeddable":true,"href":"http:\/\/www.musikverlag-nickel.eu\/NEWS-BLOG\/index.php?rest_route=\/wp\/v2\/users\/1"}],"replies":[{"embeddable":true,"href":"http:\/\/www.musikverlag-nickel.eu\/NEWS-BLOG\/index.php?rest_route=%2Fwp%2Fv2%2Fcomments&post=1185"}],"version-history":[{"count":8,"href":"http:\/\/www.musikverlag-nickel.eu\/NEWS-BLOG\/index.php?rest_route=\/wp\/v2\/pages\/1185\/revisions"}],"predecessor-version":[{"id":1925,"href":"http:\/\/www.musikverlag-nickel.eu\/NEWS-BLOG\/index.php?rest_route=\/wp\/v2\/pages\/1185\/revisions\/1925"}],"up":[{"embeddable":true,"href":"http:\/\/www.musikverlag-nickel.eu\/NEWS-BLOG\/index.php?rest_route=\/wp\/v2\/pages\/1181"}],"wp:attachment":[{"href":"http:\/\/www.musikverlag-nickel.eu\/NEWS-BLOG\/index.php?rest_route=%2Fwp%2Fv2%2Fmedia&parent=1185"}],"curies":[{"name":"wp","href":"https:\/\/api.w.org\/{rel}","templated":true}]}}

<p>Der Zyklus „Jelek“ („Zeichen“) besteht aus 9 Klavierstücken, deren Titel Bilder indizieren, zugleich aber auch von symbolhafter Bedeutung sind.&nbsp;<br><br>„Zeichen im Sand“, sie werden vom Wind oder vom Wasser weggewischt.&nbsp;<br>„Flamme“ ist ein kleines Perpetuum mobile,&nbsp;<br>„Tastenbrecher“ konkreter Spiel-Spaß.&nbsp;<br>„Licht und Schatten“ werden als ein Lied und dessen Echo gedeutet.&nbsp;<br>„Die große Maschine“ ist Disco-Sound auf Tasten.&nbsp;<br>„Sternenklang“ öffnet ein Fenster auf ein stilles Universum.&nbsp;<br>„Gewaltmarsch“ erinnert an Krieg und Leiden.&nbsp;<br>„Galaxis“ steht für Linien und Räume,<br>&nbsp;„Herbst“ für Fallen und Vergehen.<br><br>Jelek wurde am 15. Januar 1999 im im Heidelberger Palais Prinz Carl von Studenten der Klavierklasse Prof. Barbara Fry uraufgeführt.&nbsp;<br>Barbara Fry&nbsp;und ihren Schülern ist der Zyklus gewidmet.<br><br>András Hamary:&nbsp;JELEK &nbsp;&nbsp;&nbsp;<br>9 Stücke für Klavier<br>ISMN 979-0-700344-23-8 / MVN 76&nbsp;(Part.)<br>29,- EUR<br>(München, 2016)</p>



<div class="wp-block-buttons is-layout-flex wp-block-buttons-is-layout-flex">
<div class="wp-block-button"><a class="wp-block-button__link wp-element-button" href="https://www.musikverlag-nickel.eu/NEWS-BLOG/?product=jelek">Bestellen</a></div>
</div>



<figure class="wp-block-gallery has-nested-images columns-default is-cropped wp-block-gallery-1 is-layout-flex wp-block-gallery-is-layout-flex">
<figure class="wp-block-image"><a href="https://www.musikverlag-nickel.eu/NEWS-BLOG/wp-content/uploads/2019/03/MVN-76_Bild-1-1.jpg"><img loading="lazy" decoding="async" width="724" height="1024" data-id="1187" src="https://www.musikverlag-nickel.eu/NEWS-BLOG/wp-content/uploads/2019/03/MVN-76_Bild-1-1-724x1024.jpg" alt="" class="wp-image-1187" srcset="http://www.musikverlag-nickel.eu/NEWS-BLOG/wp-content/uploads/2019/03/MVN-76_Bild-1-1-724x1024.jpg 724w, http://www.musikverlag-nickel.eu/NEWS-BLOG/wp-content/uploads/2019/03/MVN-76_Bild-1-1-600x848.jpg 600w, http://www.musikverlag-nickel.eu/NEWS-BLOG/wp-content/uploads/2019/03/MVN-76_Bild-1-1-212x300.jpg 212w, http://www.musikverlag-nickel.eu/NEWS-BLOG/wp-content/uploads/2019/03/MVN-76_Bild-1-1-768x1086.jpg 768w, http://www.musikverlag-nickel.eu/NEWS-BLOG/wp-content/uploads/2019/03/MVN-76_Bild-1-1-680x961.jpg 680w, http://www.musikverlag-nickel.eu/NEWS-BLOG/wp-content/uploads/2019/03/MVN-76_Bild-1-1-920x1301.jpg 920w, http://www.musikverlag-nickel.eu/NEWS-BLOG/wp-content/uploads/2019/03/MVN-76_Bild-1-1.jpg 1240w" sizes="auto, (max-width: 724px) 100vw, 724px" /></a></figure>



<figure class="wp-block-image"><a href="https://www.musikverlag-nickel.eu/NEWS-BLOG/wp-content/uploads/2019/03/MVN-76_Bild-2.jpg"><img loading="lazy" decoding="async" width="725" height="1024" data-id="1188" src="https://www.musikverlag-nickel.eu/NEWS-BLOG/wp-content/uploads/2019/03/MVN-76_Bild-2-725x1024.jpg" alt="" class="wp-image-1188" srcset="http://www.musikverlag-nickel.eu/NEWS-BLOG/wp-content/uploads/2019/03/MVN-76_Bild-2-725x1024.jpg 725w, http://www.musikverlag-nickel.eu/NEWS-BLOG/wp-content/uploads/2019/03/MVN-76_Bild-2-600x848.jpg 600w, http://www.musikverlag-nickel.eu/NEWS-BLOG/wp-content/uploads/2019/03/MVN-76_Bild-2-212x300.jpg 212w, http://www.musikverlag-nickel.eu/NEWS-BLOG/wp-content/uploads/2019/03/MVN-76_Bild-2-768x1085.jpg 768w, http://www.musikverlag-nickel.eu/NEWS-BLOG/wp-content/uploads/2019/03/MVN-76_Bild-2-680x961.jpg 680w, http://www.musikverlag-nickel.eu/NEWS-BLOG/wp-content/uploads/2019/03/MVN-76_Bild-2-920x1300.jpg 920w, http://www.musikverlag-nickel.eu/NEWS-BLOG/wp-content/uploads/2019/03/MVN-76_Bild-2.jpg 1241w" sizes="auto, (max-width: 725px) 100vw, 725px" /></a></figure>
</figure>



<figure class="wp-block-embed is-type-video is-provider-youtube wp-block-embed-youtube wp-embed-aspect-16-9 wp-has-aspect-ratio"><div class="wp-block-embed__wrapper">
<iframe loading="lazy"  id="_ytid_81910"  width="640" height="360"  data-origwidth="640" data-origheight="360" src="https://www.youtube.com/embed/J-hmKe5dxwE?enablejsapi=1&#038;autoplay=0&#038;cc_load_policy=0&#038;cc_lang_pref=&#038;iv_load_policy=1&#038;loop=0&#038;rel=1&#038;fs=1&#038;playsinline=0&#038;autohide=2&#038;theme=dark&#038;color=red&#038;controls=1&#038;disablekb=0&#038;" class="__youtube_prefs__  epyt-is-override  no-lazyload" title="YouTube player"  allow="fullscreen; accelerometer; autoplay; clipboard-write; encrypted-media; gyroscope; picture-in-picture; web-share" referrerpolicy="strict-origin-when-cross-origin" allowfullscreen data-no-lazy="1" data-skipgform_ajax_framebjll=""></iframe>
</div><figcaption class="wp-element-caption">András Hamary: &#8222;Zeichen im Sand&#8220; aus &#8222;Jelek&#8220; (Keiko Matsuzaki, Klavier)</figcaption></figure>



<p>#Klavier</p>

<p>Der Zyklus „Jelek“ („Zeichen“) besteht aus 9 Klavierstücken, deren Titel Bilder indizieren, zugleich aber auch von symbolhafter Bedeutung sind.&nbsp; „Zeichen im Sand“, sie werden vom Wind oder vom Wasser weggewischt.&nbsp;„Flamme“ [&hellip;]</p>
