{"id":1251,"date":"2019-03-25T09:55:16","date_gmt":"2019-03-25T07:55:16","guid":{"rendered":"http:\/\/www.musikverlag-nickel.eu\/NEWS-BLOG\/?page_id=1251"},"modified":"2025-04-26T17:14:35","modified_gmt":"2025-04-26T15:14:35","slug":"die-zeit-und-das-zimmer","status":"publish","type":"page","link":"http:\/\/www.musikverlag-nickel.eu\/NEWS-BLOG\/?page_id=1251","title":{"rendered":"DIE ZEIT UND DAS ZIMMER"},"content":{"rendered":"\n<p><em>F\u00fcnf kurze Szenen nach Botho Strau\u00df<\/em><\/p>\n\n\n\n<p><em>Suite aus einer gleichnamigen Schauspielmusik, entstanden f\u00fcr eine Inszenierung unter der Regie von Jarg Pataki am Deutschen Theater in Berlin.<\/em><br><\/p>\n\n\n\n<p>Die Zeit und das Zimmer ist ein Theaterst\u00fcck von Botho Strau\u00df, das in fragmentarischen Bildern rund um die Hauptfigur Marie Steuber &#8211; so meine Interpretation &#8211; auf kunstvolle Weise und nonlinear von den Schwierigkeiten zwischenmenschlicher Kommunikation und von letztlich gescheiterten Beziehungen erz\u00e4hlt. F\u00fcr seine Inszenierung am Deutschen Theater in Berlin 2001\/2002 bat mich Regisseur Jarg Pataki, f\u00fcr die Debussy-Besetzung Viola, Fl\u00f6te und Harfe eine eigenst\u00e4ndige Musik zu schreiben, die stilistisch meiner eigenen Musik entspricht und dabei die Sinnlichkeit von Debussy und die Pr\u00e4zision von Webern vereint. Er war so gro\u00dfz\u00fcgig, mich in seiner Abwesenheit in sein Bauernhaus nahe bei Genf einzuladen, um dort in der Abgeschiedenheit von drei Novemberwochen Stephen Hawking und Botho Strau\u00df zu lesen und die als Zwischenspiele eingesetzten Miniaturen zu komponieren, in denen eine Tonreihe variiert wird, die Bezug nimmt auf das ber\u00fchmte Trio von Debussy. Die meisten Tage begann ich mit einem Spaziergang und dem H\u00f6ren von Musik, bevor ich bei Anbruch der Dunkelheit mit der Arbeit begann und bei Kerzenschein und Wein allabendlich je 1 Miniatur anfertigte. Die vorliegende Suite bietet eine kleine Auswahl aus der so entstandenen Theatermusik. Die Musiker spielten die St\u00fccke auswendig auf der B\u00fchne, teilweise in v\u00f6lliger Dunkelheit.<\/p>\n\n\n\n<p>Stefan Schulzki: DIE ZEIT UND DAS ZIMMER<br>F\u00fcnf kurze Szenen nach Botho Strau\u00df<br>f\u00fcr Fl\u00f6te, Viola und Harfe<br>ISMN 979-0-700344-07-8 \/ MVN 59 (Part.)<br>24 ,- EUR<br>(M\u00fcnchen, 2019)<\/p>\n\n\n\n<div class=\"wp-block-buttons is-layout-flex wp-block-buttons-is-layout-flex\">\n<div class=\"wp-block-button\"><a class=\"wp-block-button__link wp-element-button\" href=\"https:\/\/www.musikverlag-nickel.eu\/NEWS-BLOG\/?product=schulzki-stefan-die-zeit-und-das-zimmer\">Bestellen<\/a><\/div>\n<\/div>\n\n\n\n\n\n<figure class=\"wp-block-gallery has-nested-images columns-default is-cropped wp-block-gallery-1 is-layout-flex wp-block-gallery-is-layout-flex\">\n<figure class=\"wp-block-image size-large\"><a href=\"https:\/\/www.musikverlag-nickel.eu\/NEWS-BLOG\/wp-content\/uploads\/2019\/03\/MVN-59_Bild-1.jpg\"><img loading=\"lazy\" decoding=\"async\" width=\"595\" height=\"841\" data-id=\"1252\" src=\"https:\/\/www.musikverlag-nickel.eu\/NEWS-BLOG\/wp-content\/uploads\/2019\/03\/MVN-59_Bild-1.jpg\" alt=\"\" class=\"wp-image-1252\" srcset=\"http:\/\/www.musikverlag-nickel.eu\/NEWS-BLOG\/wp-content\/uploads\/2019\/03\/MVN-59_Bild-1.jpg 595w, http:\/\/www.musikverlag-nickel.eu\/NEWS-BLOG\/wp-content\/uploads\/2019\/03\/MVN-59_Bild-1-212x300.jpg 212w\" sizes=\"auto, (max-width: 595px) 100vw, 595px\" \/><\/a><\/figure>\n\n\n\n<figure class=\"wp-block-image size-large\"><a href=\"https:\/\/www.musikverlag-nickel.eu\/NEWS-BLOG\/wp-content\/uploads\/2019\/03\/MVN-59_Bild-2.jpg\"><img loading=\"lazy\" decoding=\"async\" width=\"595\" height=\"841\" data-id=\"1253\" src=\"https:\/\/www.musikverlag-nickel.eu\/NEWS-BLOG\/wp-content\/uploads\/2019\/03\/MVN-59_Bild-2.jpg\" alt=\"\" class=\"wp-image-1253\" srcset=\"http:\/\/www.musikverlag-nickel.eu\/NEWS-BLOG\/wp-content\/uploads\/2019\/03\/MVN-59_Bild-2.jpg 595w, http:\/\/www.musikverlag-nickel.eu\/NEWS-BLOG\/wp-content\/uploads\/2019\/03\/MVN-59_Bild-2-212x300.jpg 212w\" sizes=\"auto, (max-width: 595px) 100vw, 595px\" \/><\/a><\/figure>\n<\/figure>\n\n\n\n<p>#Fl\u00f6te #Viola #Harfe #Kammermusik #Trio<\/p>\n","protected":false},"excerpt":{"rendered":"<p>F\u00fcnf kurze Szenen nach Botho Strau\u00df Suite aus einer gleichnamigen Schauspielmusik, entstanden f\u00fcr eine Inszenierung unter der Regie von Jarg Pataki am Deutschen Theater in Berlin. Die Zeit und das [&hellip;]<\/p>\n","protected":false},"author":1,"featured_media":0,"parent":1249,"menu_order":0,"comment_status":"closed","ping_status":"closed","template":"","meta":{"footnotes":""},"class_list":["post-1251","page","type-page","status-publish","hentry"],"_links":{"self":[{"href":"http:\/\/www.musikverlag-nickel.eu\/NEWS-BLOG\/index.php?rest_route=\/wp\/v2\/pages\/1251","targetHints":{"allow":["GET"]}}],"collection":[{"href":"http:\/\/www.musikverlag-nickel.eu\/NEWS-BLOG\/index.php?rest_route=\/wp\/v2\/pages"}],"about":[{"href":"http:\/\/www.musikverlag-nickel.eu\/NEWS-BLOG\/index.php?rest_route=\/wp\/v2\/types\/page"}],"author":[{"embeddable":true,"href":"http:\/\/www.musikverlag-nickel.eu\/NEWS-BLOG\/index.php?rest_route=\/wp\/v2\/users\/1"}],"replies":[{"embeddable":true,"href":"http:\/\/www.musikverlag-nickel.eu\/NEWS-BLOG\/index.php?rest_route=%2Fwp%2Fv2%2Fcomments&post=1251"}],"version-history":[{"count":4,"href":"http:\/\/www.musikverlag-nickel.eu\/NEWS-BLOG\/index.php?rest_route=\/wp\/v2\/pages\/1251\/revisions"}],"predecessor-version":[{"id":1934,"href":"http:\/\/www.musikverlag-nickel.eu\/NEWS-BLOG\/index.php?rest_route=\/wp\/v2\/pages\/1251\/revisions\/1934"}],"up":[{"embeddable":true,"href":"http:\/\/www.musikverlag-nickel.eu\/NEWS-BLOG\/index.php?rest_route=\/wp\/v2\/pages\/1249"}],"wp:attachment":[{"href":"http:\/\/www.musikverlag-nickel.eu\/NEWS-BLOG\/index.php?rest_route=%2Fwp%2Fv2%2Fmedia&parent=1251"}],"curies":[{"name":"wp","href":"https:\/\/api.w.org\/{rel}","templated":true}]}}

<p><em>Fünf kurze Szenen nach Botho Strauß</em></p>



<p><em>Suite aus einer gleichnamigen Schauspielmusik, entstanden für eine Inszenierung unter der Regie von Jarg Pataki am Deutschen Theater in Berlin.</em><br></p>



<p>Die Zeit und das Zimmer ist ein Theaterstück von Botho Strauß, das in fragmentarischen Bildern rund um die Hauptfigur Marie Steuber &#8211; so meine Interpretation &#8211; auf kunstvolle Weise und nonlinear von den Schwierigkeiten zwischenmenschlicher Kommunikation und von letztlich gescheiterten Beziehungen erzählt. Für seine Inszenierung am Deutschen Theater in Berlin 2001/2002 bat mich Regisseur Jarg Pataki, für die Debussy-Besetzung Viola, Flöte und Harfe eine eigenständige Musik zu schreiben, die stilistisch meiner eigenen Musik entspricht und dabei die Sinnlichkeit von Debussy und die Präzision von Webern vereint. Er war so großzügig, mich in seiner Abwesenheit in sein Bauernhaus nahe bei Genf einzuladen, um dort in der Abgeschiedenheit von drei Novemberwochen Stephen Hawking und Botho Strauß zu lesen und die als Zwischenspiele eingesetzten Miniaturen zu komponieren, in denen eine Tonreihe variiert wird, die Bezug nimmt auf das berühmte Trio von Debussy. Die meisten Tage begann ich mit einem Spaziergang und dem Hören von Musik, bevor ich bei Anbruch der Dunkelheit mit der Arbeit begann und bei Kerzenschein und Wein allabendlich je 1 Miniatur anfertigte. Die vorliegende Suite bietet eine kleine Auswahl aus der so entstandenen Theatermusik. Die Musiker spielten die Stücke auswendig auf der Bühne, teilweise in völliger Dunkelheit.</p>



<p>Stefan Schulzki: DIE ZEIT UND DAS ZIMMER<br>Fünf kurze Szenen nach Botho Strauß<br>für Flöte, Viola und Harfe<br>ISMN 979-0-700344-07-8 / MVN 59 (Part.)<br>24 ,- EUR<br>(München, 2019)</p>



<div class="wp-block-buttons is-layout-flex wp-block-buttons-is-layout-flex">
<div class="wp-block-button"><a class="wp-block-button__link wp-element-button" href="https://www.musikverlag-nickel.eu/NEWS-BLOG/?product=schulzki-stefan-die-zeit-und-das-zimmer">Bestellen</a></div>
</div>





<figure class="wp-block-gallery has-nested-images columns-default is-cropped wp-block-gallery-1 is-layout-flex wp-block-gallery-is-layout-flex">
<figure class="wp-block-image size-large"><a href="https://www.musikverlag-nickel.eu/NEWS-BLOG/wp-content/uploads/2019/03/MVN-59_Bild-1.jpg"><img loading="lazy" decoding="async" width="595" height="841" data-id="1252" src="https://www.musikverlag-nickel.eu/NEWS-BLOG/wp-content/uploads/2019/03/MVN-59_Bild-1.jpg" alt="" class="wp-image-1252" srcset="http://www.musikverlag-nickel.eu/NEWS-BLOG/wp-content/uploads/2019/03/MVN-59_Bild-1.jpg 595w, http://www.musikverlag-nickel.eu/NEWS-BLOG/wp-content/uploads/2019/03/MVN-59_Bild-1-212x300.jpg 212w" sizes="auto, (max-width: 595px) 100vw, 595px" /></a></figure>



<figure class="wp-block-image size-large"><a href="https://www.musikverlag-nickel.eu/NEWS-BLOG/wp-content/uploads/2019/03/MVN-59_Bild-2.jpg"><img loading="lazy" decoding="async" width="595" height="841" data-id="1253" src="https://www.musikverlag-nickel.eu/NEWS-BLOG/wp-content/uploads/2019/03/MVN-59_Bild-2.jpg" alt="" class="wp-image-1253" srcset="http://www.musikverlag-nickel.eu/NEWS-BLOG/wp-content/uploads/2019/03/MVN-59_Bild-2.jpg 595w, http://www.musikverlag-nickel.eu/NEWS-BLOG/wp-content/uploads/2019/03/MVN-59_Bild-2-212x300.jpg 212w" sizes="auto, (max-width: 595px) 100vw, 595px" /></a></figure>
</figure>



<p>#Flöte #Viola #Harfe #Kammermusik #Trio</p>

<p>Fünf kurze Szenen nach Botho Strauß Suite aus einer gleichnamigen Schauspielmusik, entstanden für eine Inszenierung unter der Regie von Jarg Pataki am Deutschen Theater in Berlin. Die Zeit und das [&hellip;]</p>
