{"id":1303,"date":"2019-03-28T10:39:34","date_gmt":"2019-03-28T08:39:34","guid":{"rendered":"http:\/\/www.musikverlag-nickel.eu\/NEWS-BLOG\/?page_id=1303"},"modified":"2025-05-10T10:41:17","modified_gmt":"2025-05-10T08:41:17","slug":"logo-animated-gif","status":"publish","type":"page","link":"http:\/\/www.musikverlag-nickel.eu\/NEWS-BLOG\/?page_id=1303","title":{"rendered":"LOGO &#038; ANIMATED GIF"},"content":{"rendered":"\n<p>&#8222;In sozialen Netzwerken erfreuen sich animated gifs grosser Beliebtheit. Durch die ewige Wiederholungsschleife z.B. kleiner Filmausschnitte entsteht oft ein witziger Kontext, der grosse Dinge in komprimierter Form wiedergibt.&nbsp;<br><\/p>\n\n\n\n<p>Aus den Namen befreundeter Musiker und Komponisten entstand jeweils ein 1-2 Takte dauerndes Logo, das dann in Wiederholungen, Erweiterungen, Verk\u00fcrzungen oder kontrapunktischen Tricksereien ein kleines Portr\u00e4t der entsprechenden Person ergibt.&nbsp;<br><br>Die Personen f\u00fcr diese Hommages sind Moritz Eggert, Volker Nickel,&nbsp;<br>Johannes X. Schachtner, Leopold Hurt und Carl Christian Bettendorf.&nbsp;<br><br>Eggert versuchte ich rhythmisch zu bannen, Nickel in einem Proportionskanon,&nbsp;Schachtner mit doppelten Kontrapunkt, Hurt, der auch ein hervorragender Zithersolist ist,&nbsp;in den Freisaiten seines Instruments und Bettendorf mit seinen vertonten Anfangsbuchstaben CCB.&#8220;<\/p>\n\n\n\n<p>Alexander Strauch: LOGO &amp; ANIMATED GIF<br>f\u00fcr Klavier&nbsp;<br>ISMN 979-0-700344-31-3 \/ MVN 83 (Part.)<br>24,-<br>(M\u00fcnchen, 2017)<strong><br><\/strong><\/p>\n\n\n\n<div class=\"wp-block-buttons is-layout-flex wp-block-buttons-is-layout-flex\">\n<div class=\"wp-block-button\"><a class=\"wp-block-button__link wp-element-button\" href=\"https:\/\/www.musikverlag-nickel.eu\/NEWS-BLOG\/?product=strauch-alexander-logo-animated-gif\">Bestellen<\/a><\/div>\n<\/div>\n\n\n\n<figure class=\"wp-block-gallery has-nested-images columns-default is-cropped wp-block-gallery-1 is-layout-flex wp-block-gallery-is-layout-flex\">\n<figure class=\"wp-block-image\"><a href=\"https:\/\/www.musikverlag-nickel.eu\/NEWS-BLOG\/wp-content\/uploads\/2019\/03\/MVN-83_Bild-1.jpg\"><img loading=\"lazy\" decoding=\"async\" width=\"595\" height=\"841\" data-id=\"1304\" src=\"https:\/\/www.musikverlag-nickel.eu\/NEWS-BLOG\/wp-content\/uploads\/2019\/03\/MVN-83_Bild-1.jpg\" alt=\"\" class=\"wp-image-1304\" srcset=\"http:\/\/www.musikverlag-nickel.eu\/NEWS-BLOG\/wp-content\/uploads\/2019\/03\/MVN-83_Bild-1.jpg 595w, http:\/\/www.musikverlag-nickel.eu\/NEWS-BLOG\/wp-content\/uploads\/2019\/03\/MVN-83_Bild-1-212x300.jpg 212w\" sizes=\"auto, (max-width: 595px) 100vw, 595px\" \/><\/a><\/figure>\n\n\n\n<figure class=\"wp-block-image\"><a href=\"https:\/\/www.musikverlag-nickel.eu\/NEWS-BLOG\/wp-content\/uploads\/2019\/03\/MVN-83_Bild-2.jpg\"><img loading=\"lazy\" decoding=\"async\" width=\"595\" height=\"842\" data-id=\"1305\" src=\"https:\/\/www.musikverlag-nickel.eu\/NEWS-BLOG\/wp-content\/uploads\/2019\/03\/MVN-83_Bild-2.jpg\" alt=\"\" class=\"wp-image-1305\" srcset=\"http:\/\/www.musikverlag-nickel.eu\/NEWS-BLOG\/wp-content\/uploads\/2019\/03\/MVN-83_Bild-2.jpg 595w, http:\/\/www.musikverlag-nickel.eu\/NEWS-BLOG\/wp-content\/uploads\/2019\/03\/MVN-83_Bild-2-212x300.jpg 212w\" sizes=\"auto, (max-width: 595px) 100vw, 595px\" \/><\/a><\/figure>\n\n\n\n<figure class=\"wp-block-image\"><a href=\"https:\/\/www.musikverlag-nickel.eu\/NEWS-BLOG\/wp-content\/uploads\/2019\/03\/MVN-83_Bild-3.jpg\"><img loading=\"lazy\" decoding=\"async\" width=\"595\" height=\"842\" data-id=\"1306\" src=\"https:\/\/www.musikverlag-nickel.eu\/NEWS-BLOG\/wp-content\/uploads\/2019\/03\/MVN-83_Bild-3.jpg\" alt=\"\" class=\"wp-image-1306\" srcset=\"http:\/\/www.musikverlag-nickel.eu\/NEWS-BLOG\/wp-content\/uploads\/2019\/03\/MVN-83_Bild-3.jpg 595w, http:\/\/www.musikverlag-nickel.eu\/NEWS-BLOG\/wp-content\/uploads\/2019\/03\/MVN-83_Bild-3-212x300.jpg 212w\" sizes=\"auto, (max-width: 595px) 100vw, 595px\" \/><\/a><\/figure>\n<\/figure>\n\n\n\n<p>#Klavier<\/p>\n","protected":false},"excerpt":{"rendered":"<p>&#8222;In sozialen Netzwerken erfreuen sich animated gifs grosser Beliebtheit. Durch die ewige Wiederholungsschleife z.B. kleiner Filmausschnitte entsteht oft ein witziger Kontext, der grosse Dinge in komprimierter Form wiedergibt.&nbsp; Aus den [&hellip;]<\/p>\n","protected":false},"author":1,"featured_media":0,"parent":1299,"menu_order":0,"comment_status":"closed","ping_status":"closed","template":"","meta":{"footnotes":""},"class_list":["post-1303","page","type-page","status-publish","hentry"],"_links":{"self":[{"href":"http:\/\/www.musikverlag-nickel.eu\/NEWS-BLOG\/index.php?rest_route=\/wp\/v2\/pages\/1303","targetHints":{"allow":["GET"]}}],"collection":[{"href":"http:\/\/www.musikverlag-nickel.eu\/NEWS-BLOG\/index.php?rest_route=\/wp\/v2\/pages"}],"about":[{"href":"http:\/\/www.musikverlag-nickel.eu\/NEWS-BLOG\/index.php?rest_route=\/wp\/v2\/types\/page"}],"author":[{"embeddable":true,"href":"http:\/\/www.musikverlag-nickel.eu\/NEWS-BLOG\/index.php?rest_route=\/wp\/v2\/users\/1"}],"replies":[{"embeddable":true,"href":"http:\/\/www.musikverlag-nickel.eu\/NEWS-BLOG\/index.php?rest_route=%2Fwp%2Fv2%2Fcomments&post=1303"}],"version-history":[{"count":3,"href":"http:\/\/www.musikverlag-nickel.eu\/NEWS-BLOG\/index.php?rest_route=\/wp\/v2\/pages\/1303\/revisions"}],"predecessor-version":[{"id":2095,"href":"http:\/\/www.musikverlag-nickel.eu\/NEWS-BLOG\/index.php?rest_route=\/wp\/v2\/pages\/1303\/revisions\/2095"}],"up":[{"embeddable":true,"href":"http:\/\/www.musikverlag-nickel.eu\/NEWS-BLOG\/index.php?rest_route=\/wp\/v2\/pages\/1299"}],"wp:attachment":[{"href":"http:\/\/www.musikverlag-nickel.eu\/NEWS-BLOG\/index.php?rest_route=%2Fwp%2Fv2%2Fmedia&parent=1303"}],"curies":[{"name":"wp","href":"https:\/\/api.w.org\/{rel}","templated":true}]}}