{"id":1336,"date":"2019-04-04T11:57:16","date_gmt":"2019-04-04T09:57:16","guid":{"rendered":"http:\/\/www.musikverlag-nickel.eu\/NEWS-BLOG\/?page_id=1336"},"modified":"2025-04-27T23:31:19","modified_gmt":"2025-04-27T21:31:19","slug":"cellobuch","status":"publish","type":"page","link":"http:\/\/www.musikverlag-nickel.eu\/NEWS-BLOG\/?page_id=1336","title":{"rendered":"CELLOBUCH"},"content":{"rendered":"\n<p>Markus Schmitt (Hg): CELLOBUCH&nbsp;F\u00dcR JULIUS BERGER<br>Neue Kammermusik f\u00fcr Violoncello<br>Mit einem Vorwort von Marta Casals Istomin<br>Herausgegeben von Markus Schmitt und dem Leopold-Mozart-Zentrum der Universit\u00e4t Augsburg<br>ISMN 979-0-700344-88-7 \/ MVN 45 (Part.)<br>29,- EUR<br>(M\u00fcnchen 2014)<\/p>\n\n\n\n<div class=\"wp-block-buttons is-layout-flex wp-block-buttons-is-layout-flex\">\n<div class=\"wp-block-button\"><a class=\"wp-block-button__link wp-element-button\" href=\"https:\/\/www.musikverlag-nickel.eu\/NEWS-BLOG\/?product=schmitt-markus-hg-cellobuch-fuer-julius-berger\">Bestellen<\/a><\/div>\n<\/div>\n\n\n\n<figure class=\"wp-block-gallery has-nested-images columns-default is-cropped wp-block-gallery-1 is-layout-flex wp-block-gallery-is-layout-flex\">\n<figure class=\"wp-block-image\"><a href=\"https:\/\/www.musikverlag-nickel.eu\/NEWS-BLOG\/wp-content\/uploads\/2014\/10\/MVN-45_Bild-1.jpg\"><img loading=\"lazy\" decoding=\"async\" width=\"595\" height=\"841\" data-id=\"275\" src=\"https:\/\/www.musikverlag-nickel.eu\/NEWS-BLOG\/wp-content\/uploads\/2014\/10\/MVN-45_Bild-1.jpg\" alt=\"\" class=\"wp-image-275\" srcset=\"http:\/\/www.musikverlag-nickel.eu\/NEWS-BLOG\/wp-content\/uploads\/2014\/10\/MVN-45_Bild-1.jpg 595w, http:\/\/www.musikverlag-nickel.eu\/NEWS-BLOG\/wp-content\/uploads\/2014\/10\/MVN-45_Bild-1-212x300.jpg 212w\" sizes=\"auto, (max-width: 595px) 100vw, 595px\" \/><\/a><\/figure>\n\n\n\n<figure class=\"wp-block-image\"><a href=\"https:\/\/www.musikverlag-nickel.eu\/NEWS-BLOG\/wp-content\/uploads\/2019\/04\/MVN-45_Bild-4.jpg\"><img loading=\"lazy\" decoding=\"async\" width=\"595\" height=\"841\" data-id=\"1339\" src=\"https:\/\/www.musikverlag-nickel.eu\/NEWS-BLOG\/wp-content\/uploads\/2019\/04\/MVN-45_Bild-4.jpg\" alt=\"\" class=\"wp-image-1339\" srcset=\"http:\/\/www.musikverlag-nickel.eu\/NEWS-BLOG\/wp-content\/uploads\/2019\/04\/MVN-45_Bild-4.jpg 595w, http:\/\/www.musikverlag-nickel.eu\/NEWS-BLOG\/wp-content\/uploads\/2019\/04\/MVN-45_Bild-4-212x300.jpg 212w\" sizes=\"auto, (max-width: 595px) 100vw, 595px\" \/><\/a><\/figure>\n<\/figure>\n\n\n\n<p>&#8222;Die vorliegende Anthologie zeitgen\u00f6ssischer Musik f\u00fcr Violoncello versammelt acht neue Solo- und Duokompositionen. Die Komponisten dieser Werke verbindet dabei &#8211; bei aller Unterschiedlichkeit hinsichtlich Generation, Herkunft und Stilistik &#8211; das begl\u00fcckende Erlebnis von Julius Bergers hochintensivem, soghaftem Cellospiel, des \u00fcberw\u00e4ltigenden Impetus und der kompromisslosen Unbedingtheit seiner Interpretationen.&nbsp;<br>Dass Julius Berger hierbei nicht nur keinen Unterschied zwischen Historischem und Zeitgen\u00f6ssischem macht, sondern ganz im Sinne seines Lehrers und Freundes Mstislaw Rostropowitsch den Kontakt zu lebenden Komponisten sucht und das Entstehen neuer Werke gezielt durch Auftr\u00e4ge, Ur- und Erstauff\u00fchrungen f\u00f6rdert, geh\u00f6rt sicherlich zu seinen gr\u00f6\u00dften Verdiensten.<br><br>Hinzu kommt, dass Julius Berger als international hoch gesch\u00e4tzter P\u00e4dagoge und Hochschulprofessor junge Cellisten aus den verschiedensten L\u00e4ndern und Kontinenten mit gro\u00dfer Selbstverst\u00e4ndlichkeit und ansteckender Passion an das zeitgen\u00f6ssische Repertoire heran f\u00fchrt. Seine exzellente Cello- und Kammermusikklasse am Leopold-Mozart-Zentrum der Universit\u00e4t Augsburg, gleichsam die Herzkammer seiner p\u00e4dagogischen Arbeit, ist hierf\u00fcr eindrucksvolles Beispiel und in der deutschen Hochschullandschaft wohl einzigartig.<br>Julius Berger l\u00e4sst sich begeistern und kann wie kaum ein anderer seine Begeisterung teilen. Die Zusammenarbeit mit ihm ist daher f\u00fcr jeden Komponisten und Musiker ein wertvolles Geschenk und f\u00fchrt im gl\u00fccklichsten Fall zu einer andauernden k\u00fcnstlerischen und pers\u00f6nlichen Freundschaft. Solch freundschaftlicher Verbundenheit entspringen die Kompositionen dieses Bandes. Nur mit Ausnahme von Wilhelm Killmayers \u201eKimbrischem Lied mit Tanz\u201c, das bereits 2003 beim Asiago Festival uraufgef\u00fchrt wurde, handelt es sich um allesamt noch tintenfeuchte Gratulationsst\u00fccke zum 60. Geburtstag von Julius Berger.&#8220;&nbsp;<strong><br><\/strong>Markus Schmitt, Augsburg 2014<\/p>\n\n\n\n<p><strong>Inhalt<br><\/strong><br>Adriana H\u00f6lszky&nbsp;(* 1953): Stilles Intermezzo (Grafik)<br><br>Wilhelm Killmayer&nbsp;(* 1927): Kimbrisches Lied mit Tanz&nbsp;&nbsp;&nbsp; &nbsp;&nbsp;&nbsp;&nbsp;<br>f\u00fcr Violoncello solo<br><br>Johannes X. Schachtner&nbsp;(* 1985): KAIROS&nbsp;&nbsp;&nbsp; &nbsp;&nbsp;&nbsp; &nbsp;&nbsp;&nbsp;&nbsp;<br>f\u00fcr Violoncello und Schlagzeug<br><br>Manuela Kerer&nbsp;(* 1980): Amaroncello&nbsp;&nbsp;&nbsp; &nbsp;&nbsp;&nbsp; &nbsp;&nbsp;&nbsp; &nbsp;&nbsp;&nbsp;&nbsp;<br>f\u00fcr Violoncello Solo<br><br>Giovanni Bonato&nbsp;(* 1961): Skerzo <br>f\u00fcr 2 Violoncelli&nbsp;<br><br>Markus Schmitt&nbsp;(* 1965): Drei Jodler<br>f\u00fcr Violoncello solo<br><br>Franghiz Ali-Zadeh&nbsp;(* 1947): Duo of accordance&nbsp;&nbsp;&nbsp; &nbsp;&nbsp;&nbsp; &nbsp;&nbsp;&nbsp;&nbsp;<br>f\u00fcr Violoncello und Klarinette in B<br><br>Hong Jun Seo&nbsp;(* 1978): Lotus&nbsp; &nbsp; &nbsp; &nbsp; &nbsp; &nbsp; &nbsp; &nbsp; &nbsp; &nbsp;&nbsp;<br>f\u00fcr 2 Violoncelli<br><br>Krzysztof Meyer&nbsp;(* 1943): drei mal vier&nbsp;&nbsp;&nbsp; &nbsp;&nbsp;&nbsp; &nbsp;&nbsp;&nbsp; &nbsp;&nbsp;&nbsp;<br>f\u00fcr Violoncello und Klavier<\/p>\n\n\n\n<p>Das Cellobuch f\u00fcr Julius Berger wurde gef\u00f6rdert von:<br>Leopold-Mozart-Zentrum der Universit\u00e4t Augsburg<br>Leopold-Mozart Kuratorium e.V.<br>Deutsche Mozart-Gesellschaft e.V.<br>Gesellschaft der Freunde der Universit\u00e4t Augsburg e.V.<br>Kurt-B\u00f6sch-Stiftung zugunsten der Universit\u00e4t Augsburg<br>Kurt und Felicitas Viermetz Stiftung<\/p>\n\n\n\n<figure class=\"wp-block-image\"><a href=\"http:\/\/www.musikverlag-nickel.eu\/NEWS-BLOG\/wp-content\/uploads\/2019\/04\/LMZ-logo-bunt-neu-1.jpg\"><img loading=\"lazy\" decoding=\"async\" width=\"300\" height=\"78\" src=\"http:\/\/www.musikverlag-nickel.eu\/NEWS-BLOG\/wp-content\/uploads\/2019\/04\/LMZ-logo-bunt-neu-1-300x78.jpg\" alt=\"\" class=\"wp-image-1351\" srcset=\"http:\/\/www.musikverlag-nickel.eu\/NEWS-BLOG\/wp-content\/uploads\/2019\/04\/LMZ-logo-bunt-neu-1-300x78.jpg 300w, http:\/\/www.musikverlag-nickel.eu\/NEWS-BLOG\/wp-content\/uploads\/2019\/04\/LMZ-logo-bunt-neu-1-600x156.jpg 600w, http:\/\/www.musikverlag-nickel.eu\/NEWS-BLOG\/wp-content\/uploads\/2019\/04\/LMZ-logo-bunt-neu-1.jpg 642w\" sizes=\"auto, (max-width: 300px) 100vw, 300px\" \/><\/a><\/figure>\n\n\n\n<figure class=\"wp-block-image\"><a href=\"http:\/\/www.musikverlag-nickel.eu\/NEWS-BLOG\/wp-content\/uploads\/2019\/04\/Logo_Mozartkuratorium_2014_nur-LMK_Vers_02_Web-1.jpg\"><img loading=\"lazy\" decoding=\"async\" width=\"300\" height=\"93\" src=\"http:\/\/www.musikverlag-nickel.eu\/NEWS-BLOG\/wp-content\/uploads\/2019\/04\/Logo_Mozartkuratorium_2014_nur-LMK_Vers_02_Web-1-300x93.jpg\" alt=\"\" class=\"wp-image-1352\" srcset=\"http:\/\/www.musikverlag-nickel.eu\/NEWS-BLOG\/wp-content\/uploads\/2019\/04\/Logo_Mozartkuratorium_2014_nur-LMK_Vers_02_Web-1-300x93.jpg 300w, http:\/\/www.musikverlag-nickel.eu\/NEWS-BLOG\/wp-content\/uploads\/2019\/04\/Logo_Mozartkuratorium_2014_nur-LMK_Vers_02_Web-1-600x186.jpg 600w, http:\/\/www.musikverlag-nickel.eu\/NEWS-BLOG\/wp-content\/uploads\/2019\/04\/Logo_Mozartkuratorium_2014_nur-LMK_Vers_02_Web-1-768x237.jpg 768w, http:\/\/www.musikverlag-nickel.eu\/NEWS-BLOG\/wp-content\/uploads\/2019\/04\/Logo_Mozartkuratorium_2014_nur-LMK_Vers_02_Web-1-1024x317.jpg 1024w, http:\/\/www.musikverlag-nickel.eu\/NEWS-BLOG\/wp-content\/uploads\/2019\/04\/Logo_Mozartkuratorium_2014_nur-LMK_Vers_02_Web-1-680x210.jpg 680w, http:\/\/www.musikverlag-nickel.eu\/NEWS-BLOG\/wp-content\/uploads\/2019\/04\/Logo_Mozartkuratorium_2014_nur-LMK_Vers_02_Web-1-920x284.jpg 920w, http:\/\/www.musikverlag-nickel.eu\/NEWS-BLOG\/wp-content\/uploads\/2019\/04\/Logo_Mozartkuratorium_2014_nur-LMK_Vers_02_Web-1.jpg 1200w\" sizes=\"auto, (max-width: 300px) 100vw, 300px\" \/><\/a><\/figure>\n\n\n\n<figure class=\"wp-block-image\"><a href=\"http:\/\/www.musikverlag-nickel.eu\/NEWS-BLOG\/wp-content\/uploads\/2019\/04\/DMG_Logo_web_klein-1.jpg\"><img loading=\"lazy\" decoding=\"async\" width=\"142\" height=\"201\" src=\"http:\/\/www.musikverlag-nickel.eu\/NEWS-BLOG\/wp-content\/uploads\/2019\/04\/DMG_Logo_web_klein-1.jpg\" alt=\"\" class=\"wp-image-1353\"\/><\/a><\/figure>\n\n\n\n<p>#Violoncello #Cellobuch #Kammermusik #JuliusBerger<strong><br><\/strong><\/p>\n","protected":false},"excerpt":{"rendered":"<p>Markus Schmitt (Hg): CELLOBUCH&nbsp;F\u00dcR JULIUS BERGERNeue Kammermusik f\u00fcr VioloncelloMit einem Vorwort von Marta Casals IstominHerausgegeben von Markus Schmitt und dem Leopold-Mozart-Zentrum der Universit\u00e4t AugsburgISMN 979-0-700344-88-7 \/ MVN 45 (Part.)29,- EUR(M\u00fcnchen [&hellip;]<\/p>\n","protected":false},"author":1,"featured_media":0,"parent":1128,"menu_order":0,"comment_status":"closed","ping_status":"closed","template":"","meta":{"footnotes":""},"class_list":["post-1336","page","type-page","status-publish","hentry"],"_links":{"self":[{"href":"http:\/\/www.musikverlag-nickel.eu\/NEWS-BLOG\/index.php?rest_route=\/wp\/v2\/pages\/1336","targetHints":{"allow":["GET"]}}],"collection":[{"href":"http:\/\/www.musikverlag-nickel.eu\/NEWS-BLOG\/index.php?rest_route=\/wp\/v2\/pages"}],"about":[{"href":"http:\/\/www.musikverlag-nickel.eu\/NEWS-BLOG\/index.php?rest_route=\/wp\/v2\/types\/page"}],"author":[{"embeddable":true,"href":"http:\/\/www.musikverlag-nickel.eu\/NEWS-BLOG\/index.php?rest_route=\/wp\/v2\/users\/1"}],"replies":[{"embeddable":true,"href":"http:\/\/www.musikverlag-nickel.eu\/NEWS-BLOG\/index.php?rest_route=%2Fwp%2Fv2%2Fcomments&post=1336"}],"version-history":[{"count":7,"href":"http:\/\/www.musikverlag-nickel.eu\/NEWS-BLOG\/index.php?rest_route=\/wp\/v2\/pages\/1336\/revisions"}],"predecessor-version":[{"id":1948,"href":"http:\/\/www.musikverlag-nickel.eu\/NEWS-BLOG\/index.php?rest_route=\/wp\/v2\/pages\/1336\/revisions\/1948"}],"up":[{"embeddable":true,"href":"http:\/\/www.musikverlag-nickel.eu\/NEWS-BLOG\/index.php?rest_route=\/wp\/v2\/pages\/1128"}],"wp:attachment":[{"href":"http:\/\/www.musikverlag-nickel.eu\/NEWS-BLOG\/index.php?rest_route=%2Fwp%2Fv2%2Fmedia&parent=1336"}],"curies":[{"name":"wp","href":"https:\/\/api.w.org\/{rel}","templated":true}]}}