{"id":1364,"date":"2019-04-05T10:49:20","date_gmt":"2019-04-05T08:49:20","guid":{"rendered":"http:\/\/www.musikverlag-nickel.eu\/NEWS-BLOG\/?page_id=1364"},"modified":"2025-04-27T21:14:46","modified_gmt":"2025-04-27T19:14:46","slug":"lieder-ohne-worte","status":"publish","type":"page","link":"http:\/\/www.musikverlag-nickel.eu\/NEWS-BLOG\/?page_id=1364","title":{"rendered":"LIEDER OHNE WORTE"},"content":{"rendered":"\n<p>&#8222;Zentral f\u00fcr die Klangwelt meines Klarinettenquintetts ist der Gedanke der Kantabilit\u00e4t. Die Instrumente &#8211; besonders die Klarinette &#8211; werden fast wie Singstimmen behandelt. Ich habe dabei zum Teil auf meinen Liederzyklus &#8222;Fuoco e lagrime&#8220; (nach Texten von Marcel Beyer und Michelangelo Buonarroti) f\u00fcr Sopran und Klavier zur\u00fcckgegriffen, manche Abschnitte fast originalgetreu \u00fcbernommen, andere v\u00f6llig neu komponiert. Aber die jeweiligen Grundstimmungen der S\u00e4tze bleiben erhalten. Der erste ist ein sehr kantabler langsamer Satz, der zweite ein wildes Scherzo, der dritte ein kurzes Intermezzo, der vierte eine Solokadenz und zugleich eine Einleitung zum f\u00fcnften Satz, der zun\u00e4chst einen spielerisch-heiteren Ausklang andeutet. Der Schluss kehrt dann aber wieder zum Anfang der ersten Satzes zur\u00fcck (hierin eine kleine formale Anspielung auf das Klarinettenquintett von Brahms). Von dem Bassettklarinettenpart existiert auch eine Fassung f\u00fcr normale A-Klarinette.&#8220; (Anno Schreier)<\/p>\n\n\n\n<p>Anno Schreier: LIEDER OHNE WORTE&nbsp;<br> f\u00fcr Bassettklarinette (oder Klarinette in A) und Streichquartett<br> ISMN 979-0-700344-76-4 \/ MVN 30 (Part.)<br> 32,- EUR<br> (M\u00fcnchen, 2014)<\/p>\n\n\n\n<div class=\"wp-block-buttons is-layout-flex wp-block-buttons-is-layout-flex\">\n<div class=\"wp-block-button\"><a class=\"wp-block-button__link wp-element-button\" href=\"https:\/\/www.musikverlag-nickel.eu\/NEWS-BLOG\/?product=schreier-anno-lieder-ohne-worte\">Bestellen<\/a><\/div>\n<\/div>\n\n\n\n<figure class=\"wp-block-gallery has-nested-images columns-default is-cropped wp-block-gallery-1 is-layout-flex wp-block-gallery-is-layout-flex\">\n<figure class=\"wp-block-image\"><a href=\"https:\/\/www.musikverlag-nickel.eu\/NEWS-BLOG\/wp-content\/uploads\/2019\/04\/MVN-30_Bild-1.jpg\"><img loading=\"lazy\" decoding=\"async\" width=\"724\" height=\"1024\" data-id=\"1365\" src=\"https:\/\/www.musikverlag-nickel.eu\/NEWS-BLOG\/wp-content\/uploads\/2019\/04\/MVN-30_Bild-1-724x1024.jpg\" alt=\"\" class=\"wp-image-1365\" srcset=\"http:\/\/www.musikverlag-nickel.eu\/NEWS-BLOG\/wp-content\/uploads\/2019\/04\/MVN-30_Bild-1-724x1024.jpg 724w, http:\/\/www.musikverlag-nickel.eu\/NEWS-BLOG\/wp-content\/uploads\/2019\/04\/MVN-30_Bild-1-600x848.jpg 600w, http:\/\/www.musikverlag-nickel.eu\/NEWS-BLOG\/wp-content\/uploads\/2019\/04\/MVN-30_Bild-1-212x300.jpg 212w, http:\/\/www.musikverlag-nickel.eu\/NEWS-BLOG\/wp-content\/uploads\/2019\/04\/MVN-30_Bild-1-768x1086.jpg 768w, http:\/\/www.musikverlag-nickel.eu\/NEWS-BLOG\/wp-content\/uploads\/2019\/04\/MVN-30_Bild-1-680x961.jpg 680w, http:\/\/www.musikverlag-nickel.eu\/NEWS-BLOG\/wp-content\/uploads\/2019\/04\/MVN-30_Bild-1-920x1301.jpg 920w, http:\/\/www.musikverlag-nickel.eu\/NEWS-BLOG\/wp-content\/uploads\/2019\/04\/MVN-30_Bild-1.jpg 1240w\" sizes=\"auto, (max-width: 724px) 100vw, 724px\" \/><\/a><\/figure>\n\n\n\n<figure class=\"wp-block-image\"><a href=\"https:\/\/www.musikverlag-nickel.eu\/NEWS-BLOG\/wp-content\/uploads\/2019\/04\/MVN-30_Bild-2.jpg\"><img loading=\"lazy\" decoding=\"async\" width=\"724\" height=\"1024\" data-id=\"1366\" src=\"https:\/\/www.musikverlag-nickel.eu\/NEWS-BLOG\/wp-content\/uploads\/2019\/04\/MVN-30_Bild-2-724x1024.jpg\" alt=\"\" class=\"wp-image-1366\" srcset=\"http:\/\/www.musikverlag-nickel.eu\/NEWS-BLOG\/wp-content\/uploads\/2019\/04\/MVN-30_Bild-2-724x1024.jpg 724w, http:\/\/www.musikverlag-nickel.eu\/NEWS-BLOG\/wp-content\/uploads\/2019\/04\/MVN-30_Bild-2-600x848.jpg 600w, http:\/\/www.musikverlag-nickel.eu\/NEWS-BLOG\/wp-content\/uploads\/2019\/04\/MVN-30_Bild-2-212x300.jpg 212w, http:\/\/www.musikverlag-nickel.eu\/NEWS-BLOG\/wp-content\/uploads\/2019\/04\/MVN-30_Bild-2-768x1086.jpg 768w, http:\/\/www.musikverlag-nickel.eu\/NEWS-BLOG\/wp-content\/uploads\/2019\/04\/MVN-30_Bild-2-680x961.jpg 680w, http:\/\/www.musikverlag-nickel.eu\/NEWS-BLOG\/wp-content\/uploads\/2019\/04\/MVN-30_Bild-2-920x1301.jpg 920w, http:\/\/www.musikverlag-nickel.eu\/NEWS-BLOG\/wp-content\/uploads\/2019\/04\/MVN-30_Bild-2.jpg 1240w\" sizes=\"auto, (max-width: 724px) 100vw, 724px\" \/><\/a><\/figure>\n<\/figure>\n\n\n\n<figure class=\"wp-block-embed is-type-video is-provider-youtube wp-block-embed-youtube wp-embed-aspect-16-9 wp-has-aspect-ratio\"><div class=\"wp-block-embed__wrapper\">\n<iframe loading=\"lazy\"  id=\"_ytid_71591\"  width=\"640\" height=\"360\"  data-origwidth=\"640\" data-origheight=\"360\" src=\"https:\/\/www.youtube.com\/embed\/BAak6w_Ruwg?enablejsapi=1&#038;autoplay=0&#038;cc_load_policy=0&#038;cc_lang_pref=&#038;iv_load_policy=1&#038;loop=0&#038;rel=1&#038;fs=1&#038;playsinline=0&#038;autohide=2&#038;theme=dark&#038;color=red&#038;controls=1&#038;disablekb=0&#038;\" class=\"__youtube_prefs__  epyt-is-override  no-lazyload\" title=\"YouTube player\"  allow=\"fullscreen; accelerometer; autoplay; clipboard-write; encrypted-media; gyroscope; picture-in-picture; web-share\" referrerpolicy=\"strict-origin-when-cross-origin\" allowfullscreen data-no-lazy=\"1\" data-skipgform_ajax_framebjll=\"\"><\/iframe>\n<\/div><\/figure>\n\n\n\n<p>#Klarinettenquintett #Streichquartett #Klarinette #Bassettklarinette #Violine #Viola #Violoncello #Kammermusik<strong><br><\/strong><\/p>\n","protected":false},"excerpt":{"rendered":"<p>&#8222;Zentral f\u00fcr die Klangwelt meines Klarinettenquintetts ist der Gedanke der Kantabilit\u00e4t. Die Instrumente &#8211; besonders die Klarinette &#8211; werden fast wie Singstimmen behandelt. Ich habe dabei zum Teil auf meinen [&hellip;]<\/p>\n","protected":false},"author":1,"featured_media":0,"parent":1359,"menu_order":0,"comment_status":"closed","ping_status":"closed","template":"","meta":{"footnotes":""},"class_list":["post-1364","page","type-page","status-publish","hentry"],"_links":{"self":[{"href":"http:\/\/www.musikverlag-nickel.eu\/NEWS-BLOG\/index.php?rest_route=\/wp\/v2\/pages\/1364","targetHints":{"allow":["GET"]}}],"collection":[{"href":"http:\/\/www.musikverlag-nickel.eu\/NEWS-BLOG\/index.php?rest_route=\/wp\/v2\/pages"}],"about":[{"href":"http:\/\/www.musikverlag-nickel.eu\/NEWS-BLOG\/index.php?rest_route=\/wp\/v2\/types\/page"}],"author":[{"embeddable":true,"href":"http:\/\/www.musikverlag-nickel.eu\/NEWS-BLOG\/index.php?rest_route=\/wp\/v2\/users\/1"}],"replies":[{"embeddable":true,"href":"http:\/\/www.musikverlag-nickel.eu\/NEWS-BLOG\/index.php?rest_route=%2Fwp%2Fv2%2Fcomments&post=1364"}],"version-history":[{"count":4,"href":"http:\/\/www.musikverlag-nickel.eu\/NEWS-BLOG\/index.php?rest_route=\/wp\/v2\/pages\/1364\/revisions"}],"predecessor-version":[{"id":1941,"href":"http:\/\/www.musikverlag-nickel.eu\/NEWS-BLOG\/index.php?rest_route=\/wp\/v2\/pages\/1364\/revisions\/1941"}],"up":[{"embeddable":true,"href":"http:\/\/www.musikverlag-nickel.eu\/NEWS-BLOG\/index.php?rest_route=\/wp\/v2\/pages\/1359"}],"wp:attachment":[{"href":"http:\/\/www.musikverlag-nickel.eu\/NEWS-BLOG\/index.php?rest_route=%2Fwp%2Fv2%2Fmedia&parent=1364"}],"curies":[{"name":"wp","href":"https:\/\/api.w.org\/{rel}","templated":true}]}}

<p>&#8222;Zentral für die Klangwelt meines Klarinettenquintetts ist der Gedanke der Kantabilität. Die Instrumente &#8211; besonders die Klarinette &#8211; werden fast wie Singstimmen behandelt. Ich habe dabei zum Teil auf meinen Liederzyklus &#8222;Fuoco e lagrime&#8220; (nach Texten von Marcel Beyer und Michelangelo Buonarroti) für Sopran und Klavier zurückgegriffen, manche Abschnitte fast originalgetreu übernommen, andere völlig neu komponiert. Aber die jeweiligen Grundstimmungen der Sätze bleiben erhalten. Der erste ist ein sehr kantabler langsamer Satz, der zweite ein wildes Scherzo, der dritte ein kurzes Intermezzo, der vierte eine Solokadenz und zugleich eine Einleitung zum fünften Satz, der zunächst einen spielerisch-heiteren Ausklang andeutet. Der Schluss kehrt dann aber wieder zum Anfang der ersten Satzes zurück (hierin eine kleine formale Anspielung auf das Klarinettenquintett von Brahms). Von dem Bassettklarinettenpart existiert auch eine Fassung für normale A-Klarinette.&#8220; (Anno Schreier)</p>



<p>Anno Schreier: LIEDER OHNE WORTE&nbsp;<br> für Bassettklarinette (oder Klarinette in A) und Streichquartett<br> ISMN 979-0-700344-76-4 / MVN 30 (Part.)<br> 32,- EUR<br> (München, 2014)</p>



<div class="wp-block-buttons is-layout-flex wp-block-buttons-is-layout-flex">
<div class="wp-block-button"><a class="wp-block-button__link wp-element-button" href="https://www.musikverlag-nickel.eu/NEWS-BLOG/?product=schreier-anno-lieder-ohne-worte">Bestellen</a></div>
</div>



<figure class="wp-block-gallery has-nested-images columns-default is-cropped wp-block-gallery-1 is-layout-flex wp-block-gallery-is-layout-flex">
<figure class="wp-block-image"><a href="https://www.musikverlag-nickel.eu/NEWS-BLOG/wp-content/uploads/2019/04/MVN-30_Bild-1.jpg"><img loading="lazy" decoding="async" width="724" height="1024" data-id="1365" src="https://www.musikverlag-nickel.eu/NEWS-BLOG/wp-content/uploads/2019/04/MVN-30_Bild-1-724x1024.jpg" alt="" class="wp-image-1365" srcset="http://www.musikverlag-nickel.eu/NEWS-BLOG/wp-content/uploads/2019/04/MVN-30_Bild-1-724x1024.jpg 724w, http://www.musikverlag-nickel.eu/NEWS-BLOG/wp-content/uploads/2019/04/MVN-30_Bild-1-600x848.jpg 600w, http://www.musikverlag-nickel.eu/NEWS-BLOG/wp-content/uploads/2019/04/MVN-30_Bild-1-212x300.jpg 212w, http://www.musikverlag-nickel.eu/NEWS-BLOG/wp-content/uploads/2019/04/MVN-30_Bild-1-768x1086.jpg 768w, http://www.musikverlag-nickel.eu/NEWS-BLOG/wp-content/uploads/2019/04/MVN-30_Bild-1-680x961.jpg 680w, http://www.musikverlag-nickel.eu/NEWS-BLOG/wp-content/uploads/2019/04/MVN-30_Bild-1-920x1301.jpg 920w, http://www.musikverlag-nickel.eu/NEWS-BLOG/wp-content/uploads/2019/04/MVN-30_Bild-1.jpg 1240w" sizes="auto, (max-width: 724px) 100vw, 724px" /></a></figure>



<figure class="wp-block-image"><a href="https://www.musikverlag-nickel.eu/NEWS-BLOG/wp-content/uploads/2019/04/MVN-30_Bild-2.jpg"><img loading="lazy" decoding="async" width="724" height="1024" data-id="1366" src="https://www.musikverlag-nickel.eu/NEWS-BLOG/wp-content/uploads/2019/04/MVN-30_Bild-2-724x1024.jpg" alt="" class="wp-image-1366" srcset="http://www.musikverlag-nickel.eu/NEWS-BLOG/wp-content/uploads/2019/04/MVN-30_Bild-2-724x1024.jpg 724w, http://www.musikverlag-nickel.eu/NEWS-BLOG/wp-content/uploads/2019/04/MVN-30_Bild-2-600x848.jpg 600w, http://www.musikverlag-nickel.eu/NEWS-BLOG/wp-content/uploads/2019/04/MVN-30_Bild-2-212x300.jpg 212w, http://www.musikverlag-nickel.eu/NEWS-BLOG/wp-content/uploads/2019/04/MVN-30_Bild-2-768x1086.jpg 768w, http://www.musikverlag-nickel.eu/NEWS-BLOG/wp-content/uploads/2019/04/MVN-30_Bild-2-680x961.jpg 680w, http://www.musikverlag-nickel.eu/NEWS-BLOG/wp-content/uploads/2019/04/MVN-30_Bild-2-920x1301.jpg 920w, http://www.musikverlag-nickel.eu/NEWS-BLOG/wp-content/uploads/2019/04/MVN-30_Bild-2.jpg 1240w" sizes="auto, (max-width: 724px) 100vw, 724px" /></a></figure>
</figure>



<figure class="wp-block-embed is-type-video is-provider-youtube wp-block-embed-youtube wp-embed-aspect-16-9 wp-has-aspect-ratio"><div class="wp-block-embed__wrapper">
<iframe loading="lazy"  id="_ytid_71591"  width="640" height="360"  data-origwidth="640" data-origheight="360" src="https://www.youtube.com/embed/BAak6w_Ruwg?enablejsapi=1&#038;autoplay=0&#038;cc_load_policy=0&#038;cc_lang_pref=&#038;iv_load_policy=1&#038;loop=0&#038;rel=1&#038;fs=1&#038;playsinline=0&#038;autohide=2&#038;theme=dark&#038;color=red&#038;controls=1&#038;disablekb=0&#038;" class="__youtube_prefs__  epyt-is-override  no-lazyload" title="YouTube player"  allow="fullscreen; accelerometer; autoplay; clipboard-write; encrypted-media; gyroscope; picture-in-picture; web-share" referrerpolicy="strict-origin-when-cross-origin" allowfullscreen data-no-lazy="1" data-skipgform_ajax_framebjll=""></iframe>
</div></figure>



<p>#Klarinettenquintett #Streichquartett #Klarinette #Bassettklarinette #Violine #Viola #Violoncello #Kammermusik<strong><br></strong></p>

<p>&#8222;Zentral für die Klangwelt meines Klarinettenquintetts ist der Gedanke der Kantabilität. Die Instrumente &#8211; besonders die Klarinette &#8211; werden fast wie Singstimmen behandelt. Ich habe dabei zum Teil auf meinen [&hellip;]</p>
