{"id":1380,"date":"2019-04-06T11:05:04","date_gmt":"2019-04-06T09:05:04","guid":{"rendered":"http:\/\/www.musikverlag-nickel.eu\/NEWS-BLOG\/?page_id=1380"},"modified":"2025-05-16T12:58:25","modified_gmt":"2025-05-16T10:58:25","slug":"cassation-in-4-saetzen","status":"publish","type":"page","link":"http:\/\/www.musikverlag-nickel.eu\/NEWS-BLOG\/?page_id=1380","title":{"rendered":"CASSATION IN 4 S\u00c4TZEN"},"content":{"rendered":"\n<p>Die einzelnen S\u00e4tze der \u201eCassation in 4 S\u00e4tzen\u201c f\u00fcr Klarinette und Violoncello von 1996 entstanden urspr\u00fcnglich als Zwischenst\u00fccke zu einer lyrischen Kammeroper. Sie sind Miniaturen, die sich in der Cassation zu einem Zyklus von kurzen Charakterst\u00fccken zusammenschlie\u00dfen.<br> <br>Der erste Satz entwickelt sich aus einer Art Courante-Motiv, das mehrmals durch metrisch belebte Pulse unterbrochen wird. Der t\u00e4nzerische Charakter bleibt aber immer sp\u00fcrbar. Das anschlie\u00dfende Largo ist mit seinen ausgebreiteten Klangfl\u00e4chen kontrastreiches Gegenst\u00fcck zum ersten Satz, greift aber die aus Terzen und Sekunden aufgebaute Harmonik auf. Am Ende des Satzes h\u00f6rt man den still-monotonen Klang einer Spieldose.<br> <br>Im dritten Satz werden die Pulsschl\u00e4ge aus dem ersten Satz wieder aufgenommen und erzeugen durch unterschiedliche Metren das Gef\u00fchl schwankender Tempi und allm\u00e4hlicher Beschleunigung. Die Cassation endet mit einem kuriosen und von vielen Taktwechseln gepr\u00e4gten Presto, in dem Klarinette und Violoncello weitgehend unisono spielen und so zu einem einzigen Instrument zu verschmelzen scheinen.<\/p>\n\n\n\n<p>Volker Nickel: CASSATION IN 4 S\u00c4TZEN&nbsp;<br>f\u00fcr Klarinette, Violoncello und Spieldose<br>ISMN 979-0-700344-19-1 \/ MVN 72 (Part.)<br>21,- EUR<br>(M\u00fcnchen, 2015)<\/p>\n\n\n\n<div class=\"wp-block-buttons is-layout-flex wp-block-buttons-is-layout-flex\">\n<div class=\"wp-block-button\"><a class=\"wp-block-button__link wp-element-button\" href=\"https:\/\/www.musikverlag-nickel.eu\/NEWS-BLOG\/?product=nickel-volker-cassation-in-4-saetzen\">Bestellen<\/a><\/div>\n<\/div>\n\n\n\n<figure class=\"wp-block-gallery has-nested-images columns-default is-cropped wp-block-gallery-1 is-layout-flex wp-block-gallery-is-layout-flex\">\n<figure class=\"wp-block-image\"><a href=\"http:\/\/www.musikverlag-nickel.eu\/NEWS-BLOG\/wp-content\/uploads\/2019\/04\/MVN-72_Bild-1.jpg\"><img loading=\"lazy\" decoding=\"async\" width=\"724\" height=\"1024\" data-id=\"1382\" src=\"http:\/\/www.musikverlag-nickel.eu\/NEWS-BLOG\/wp-content\/uploads\/2019\/04\/MVN-72_Bild-1-724x1024.jpg\" alt=\"\" class=\"wp-image-1382\" srcset=\"http:\/\/www.musikverlag-nickel.eu\/NEWS-BLOG\/wp-content\/uploads\/2019\/04\/MVN-72_Bild-1-724x1024.jpg 724w, http:\/\/www.musikverlag-nickel.eu\/NEWS-BLOG\/wp-content\/uploads\/2019\/04\/MVN-72_Bild-1-600x848.jpg 600w, http:\/\/www.musikverlag-nickel.eu\/NEWS-BLOG\/wp-content\/uploads\/2019\/04\/MVN-72_Bild-1-212x300.jpg 212w, http:\/\/www.musikverlag-nickel.eu\/NEWS-BLOG\/wp-content\/uploads\/2019\/04\/MVN-72_Bild-1-768x1086.jpg 768w, http:\/\/www.musikverlag-nickel.eu\/NEWS-BLOG\/wp-content\/uploads\/2019\/04\/MVN-72_Bild-1-680x961.jpg 680w, http:\/\/www.musikverlag-nickel.eu\/NEWS-BLOG\/wp-content\/uploads\/2019\/04\/MVN-72_Bild-1-920x1301.jpg 920w, http:\/\/www.musikverlag-nickel.eu\/NEWS-BLOG\/wp-content\/uploads\/2019\/04\/MVN-72_Bild-1.jpg 1240w\" sizes=\"auto, (max-width: 724px) 100vw, 724px\" \/><\/a><\/figure>\n\n\n\n<figure class=\"wp-block-image\"><a href=\"http:\/\/www.musikverlag-nickel.eu\/NEWS-BLOG\/wp-content\/uploads\/2019\/04\/MVN-72_Bild-2.jpg\"><img loading=\"lazy\" decoding=\"async\" width=\"723\" height=\"1024\" data-id=\"1383\" src=\"http:\/\/www.musikverlag-nickel.eu\/NEWS-BLOG\/wp-content\/uploads\/2019\/04\/MVN-72_Bild-2-723x1024.jpg\" alt=\"\" class=\"wp-image-1383\" srcset=\"http:\/\/www.musikverlag-nickel.eu\/NEWS-BLOG\/wp-content\/uploads\/2019\/04\/MVN-72_Bild-2-723x1024.jpg 723w, http:\/\/www.musikverlag-nickel.eu\/NEWS-BLOG\/wp-content\/uploads\/2019\/04\/MVN-72_Bild-2-600x849.jpg 600w, http:\/\/www.musikverlag-nickel.eu\/NEWS-BLOG\/wp-content\/uploads\/2019\/04\/MVN-72_Bild-2-212x300.jpg 212w, http:\/\/www.musikverlag-nickel.eu\/NEWS-BLOG\/wp-content\/uploads\/2019\/04\/MVN-72_Bild-2-768x1087.jpg 768w, http:\/\/www.musikverlag-nickel.eu\/NEWS-BLOG\/wp-content\/uploads\/2019\/04\/MVN-72_Bild-2-680x963.jpg 680w, http:\/\/www.musikverlag-nickel.eu\/NEWS-BLOG\/wp-content\/uploads\/2019\/04\/MVN-72_Bild-2-920x1302.jpg 920w, http:\/\/www.musikverlag-nickel.eu\/NEWS-BLOG\/wp-content\/uploads\/2019\/04\/MVN-72_Bild-2.jpg 1239w\" sizes=\"auto, (max-width: 723px) 100vw, 723px\" \/><\/a><\/figure>\n<\/figure>\n\n\n\n<p>#Klarinette #Violoncello #Duo #Kammermusik<\/p>\n","protected":false},"excerpt":{"rendered":"<p>Die einzelnen S\u00e4tze der \u201eCassation in 4 S\u00e4tzen\u201c f\u00fcr Klarinette und Violoncello von 1996 entstanden urspr\u00fcnglich als Zwischenst\u00fccke zu einer lyrischen Kammeroper. Sie sind Miniaturen, die sich in der Cassation [&hellip;]<\/p>\n","protected":false},"author":1,"featured_media":0,"parent":1372,"menu_order":0,"comment_status":"closed","ping_status":"closed","template":"","meta":{"footnotes":""},"class_list":["post-1380","page","type-page","status-publish","hentry"],"_links":{"self":[{"href":"http:\/\/www.musikverlag-nickel.eu\/NEWS-BLOG\/index.php?rest_route=\/wp\/v2\/pages\/1380","targetHints":{"allow":["GET"]}}],"collection":[{"href":"http:\/\/www.musikverlag-nickel.eu\/NEWS-BLOG\/index.php?rest_route=\/wp\/v2\/pages"}],"about":[{"href":"http:\/\/www.musikverlag-nickel.eu\/NEWS-BLOG\/index.php?rest_route=\/wp\/v2\/types\/page"}],"author":[{"embeddable":true,"href":"http:\/\/www.musikverlag-nickel.eu\/NEWS-BLOG\/index.php?rest_route=\/wp\/v2\/users\/1"}],"replies":[{"embeddable":true,"href":"http:\/\/www.musikverlag-nickel.eu\/NEWS-BLOG\/index.php?rest_route=%2Fwp%2Fv2%2Fcomments&post=1380"}],"version-history":[{"count":4,"href":"http:\/\/www.musikverlag-nickel.eu\/NEWS-BLOG\/index.php?rest_route=\/wp\/v2\/pages\/1380\/revisions"}],"predecessor-version":[{"id":2139,"href":"http:\/\/www.musikverlag-nickel.eu\/NEWS-BLOG\/index.php?rest_route=\/wp\/v2\/pages\/1380\/revisions\/2139"}],"up":[{"embeddable":true,"href":"http:\/\/www.musikverlag-nickel.eu\/NEWS-BLOG\/index.php?rest_route=\/wp\/v2\/pages\/1372"}],"wp:attachment":[{"href":"http:\/\/www.musikverlag-nickel.eu\/NEWS-BLOG\/index.php?rest_route=%2Fwp%2Fv2%2Fmedia&parent=1380"}],"curies":[{"name":"wp","href":"https:\/\/api.w.org\/{rel}","templated":true}]}}

CASSATION IN 4 SÄTZEN

<p>Die einzelnen Sätze der „Cassation in 4 Sätzen“ für Klarinette und Violoncello von 1996 entstanden ursprünglich als Zwischenstücke zu einer lyrischen Kammeroper. Sie sind Miniaturen, die sich in der Cassation zu einem Zyklus von kurzen Charakterstücken zusammenschließen.<br> <br>Der erste Satz entwickelt sich aus einer Art Courante-Motiv, das mehrmals durch metrisch belebte Pulse unterbrochen wird. Der tänzerische Charakter bleibt aber immer spürbar. Das anschließende Largo ist mit seinen ausgebreiteten Klangflächen kontrastreiches Gegenstück zum ersten Satz, greift aber die aus Terzen und Sekunden aufgebaute Harmonik auf. Am Ende des Satzes hört man den still-monotonen Klang einer Spieldose.<br> <br>Im dritten Satz werden die Pulsschläge aus dem ersten Satz wieder aufgenommen und erzeugen durch unterschiedliche Metren das Gefühl schwankender Tempi und allmählicher Beschleunigung. Die Cassation endet mit einem kuriosen und von vielen Taktwechseln geprägten Presto, in dem Klarinette und Violoncello weitgehend unisono spielen und so zu einem einzigen Instrument zu verschmelzen scheinen.</p>



<p>Volker Nickel: CASSATION IN 4 SÄTZEN&nbsp;<br>für Klarinette, Violoncello und Spieldose<br>ISMN 979-0-700344-19-1 / MVN 72 (Part.)<br>21,- EUR<br>(München, 2015)</p>



<div class="wp-block-buttons is-layout-flex wp-block-buttons-is-layout-flex">
<div class="wp-block-button"><a class="wp-block-button__link wp-element-button" href="https://www.musikverlag-nickel.eu/NEWS-BLOG/?product=nickel-volker-cassation-in-4-saetzen">Bestellen</a></div>
</div>



<figure class="wp-block-gallery has-nested-images columns-default is-cropped wp-block-gallery-1 is-layout-flex wp-block-gallery-is-layout-flex">
<figure class="wp-block-image"><a href="http://www.musikverlag-nickel.eu/NEWS-BLOG/wp-content/uploads/2019/04/MVN-72_Bild-1.jpg"><img loading="lazy" decoding="async" width="724" height="1024" data-id="1382" src="http://www.musikverlag-nickel.eu/NEWS-BLOG/wp-content/uploads/2019/04/MVN-72_Bild-1-724x1024.jpg" alt="" class="wp-image-1382" srcset="http://www.musikverlag-nickel.eu/NEWS-BLOG/wp-content/uploads/2019/04/MVN-72_Bild-1-724x1024.jpg 724w, http://www.musikverlag-nickel.eu/NEWS-BLOG/wp-content/uploads/2019/04/MVN-72_Bild-1-600x848.jpg 600w, http://www.musikverlag-nickel.eu/NEWS-BLOG/wp-content/uploads/2019/04/MVN-72_Bild-1-212x300.jpg 212w, http://www.musikverlag-nickel.eu/NEWS-BLOG/wp-content/uploads/2019/04/MVN-72_Bild-1-768x1086.jpg 768w, http://www.musikverlag-nickel.eu/NEWS-BLOG/wp-content/uploads/2019/04/MVN-72_Bild-1-680x961.jpg 680w, http://www.musikverlag-nickel.eu/NEWS-BLOG/wp-content/uploads/2019/04/MVN-72_Bild-1-920x1301.jpg 920w, http://www.musikverlag-nickel.eu/NEWS-BLOG/wp-content/uploads/2019/04/MVN-72_Bild-1.jpg 1240w" sizes="auto, (max-width: 724px) 100vw, 724px" /></a></figure>



<figure class="wp-block-image"><a href="http://www.musikverlag-nickel.eu/NEWS-BLOG/wp-content/uploads/2019/04/MVN-72_Bild-2.jpg"><img loading="lazy" decoding="async" width="723" height="1024" data-id="1383" src="http://www.musikverlag-nickel.eu/NEWS-BLOG/wp-content/uploads/2019/04/MVN-72_Bild-2-723x1024.jpg" alt="" class="wp-image-1383" srcset="http://www.musikverlag-nickel.eu/NEWS-BLOG/wp-content/uploads/2019/04/MVN-72_Bild-2-723x1024.jpg 723w, http://www.musikverlag-nickel.eu/NEWS-BLOG/wp-content/uploads/2019/04/MVN-72_Bild-2-600x849.jpg 600w, http://www.musikverlag-nickel.eu/NEWS-BLOG/wp-content/uploads/2019/04/MVN-72_Bild-2-212x300.jpg 212w, http://www.musikverlag-nickel.eu/NEWS-BLOG/wp-content/uploads/2019/04/MVN-72_Bild-2-768x1087.jpg 768w, http://www.musikverlag-nickel.eu/NEWS-BLOG/wp-content/uploads/2019/04/MVN-72_Bild-2-680x963.jpg 680w, http://www.musikverlag-nickel.eu/NEWS-BLOG/wp-content/uploads/2019/04/MVN-72_Bild-2-920x1302.jpg 920w, http://www.musikverlag-nickel.eu/NEWS-BLOG/wp-content/uploads/2019/04/MVN-72_Bild-2.jpg 1239w" sizes="auto, (max-width: 723px) 100vw, 723px" /></a></figure>
</figure>



<p>#Klarinette #Violoncello #Duo #Kammermusik</p>

<p>Die einzelnen Sätze der „Cassation in 4 Sätzen“ für Klarinette und Violoncello von 1996 entstanden ursprünglich als Zwischenstücke zu einer lyrischen Kammeroper. Sie sind Miniaturen, die sich in der Cassation [&hellip;]</p>
