{"id":1389,"date":"2019-04-08T09:56:06","date_gmt":"2019-04-08T07:56:06","guid":{"rendered":"http:\/\/www.musikverlag-nickel.eu\/NEWS-BLOG\/?page_id=1389"},"modified":"2025-04-30T20:17:50","modified_gmt":"2025-04-30T18:17:50","slug":"christian-dieck","status":"publish","type":"page","link":"http:\/\/www.musikverlag-nickel.eu\/NEWS-BLOG\/?page_id=1389","title":{"rendered":"Christian Dieck"},"content":{"rendered":"\n<figure class=\"wp-block-image is-resized\"><img loading=\"lazy\" decoding=\"async\" width=\"287\" height=\"430\" src=\"http:\/\/www.musikverlag-nickel.eu\/NEWS-BLOG\/wp-content\/uploads\/2019\/04\/Christian-Dieck-2.jpg\" alt=\"\" class=\"wp-image-1392\" srcset=\"http:\/\/www.musikverlag-nickel.eu\/NEWS-BLOG\/wp-content\/uploads\/2019\/04\/Christian-Dieck-2.jpg 287w, http:\/\/www.musikverlag-nickel.eu\/NEWS-BLOG\/wp-content\/uploads\/2019\/04\/Christian-Dieck-2-200x300.jpg 200w\" sizes=\"auto, (max-width: 287px) 100vw, 287px\" \/><figcaption class=\"wp-element-caption\">Foto: privat<\/figcaption><\/figure>\n\n\n\n<p>Christian Dieck, geboren 1982 in Trier, begann seine musikalische Ausbildung zun\u00e4chst am Klavier und an der Orgel. Intensiv wandte er sich schon damals der Lyrik zu, und suchte, als Dichter und Komponist, eine Verbindung zur Musik. Sp\u00e4ter ging Dieck nach M\u00fcnchen und studierte an der staatlichen Hochschule f\u00fcr Musik und Theater Komposition bei Hans-J\u00fcrgen von Bose und Jan M\u00fcller-Wieland. Weitere Studien folgten bei Pascal Dusapin, Isabel Mundry und Fr\u00e9d\u00e8ric Durieux.<br><\/p>\n\n\n\n<p>Seine Kompositionen wurden auf vielen Festivals Neuer Musik, so zum Beispiel in der Reihe &#8222;Junge Solisten&#8220; des Siemens-Arts-Program oder beim A.Devantgarde-Festival f\u00fcr zeitgen\u00f6ssische Musik, aufgef\u00fchrt. 2013 schrieb er einen kompositorischen Beitrag zur Live-Videoinstallation &#8222;Baudelaire-Prisma&#8220;, die in den Passagen Link\u00f6pings Konsthall in Schweden und in der Schwanenburg in Hannover aufgef\u00fchrt wurde. Die Auseinandersetzung mit der Literatur hat Christian Dieck immer wieder zum Thema seiner Arbeit gemacht. Auch als Stipendiat der Berliner Aribert-Reimann-Stiftung r\u00fcckte Dieck die eigene Lyrik in den Mittelpunkt seiner Arbeit und schrieb den beeindruckenden Liederzyklus &#8222;Im Schattenlicht&#8220;. Dar\u00fcber hinaus wurde er mit dem Management des INDEX Ensembles f\u00fcr zeitgen\u00f6ssische Musik betraut, mit dem er 2012 den Bayerischen Kunstf\u00f6rderpreises erhielt. Christian Dieck lebt und arbeitet in M\u00fcnchen.<\/p>\n\n\n\n<p><a href=\"http:\/\/www.christiandieck.com\/\">Homepage von Christian Dieck<\/a><\/p>\n\n\n\n<p><strong>Werke im Musikverlag V. Nickel<\/strong><\/p>\n\n\n\n<p id=\"block-cfdbdb47-db66-41c9-8459-c1db57112dee\">ENTR\u00dcCKUNGEN&nbsp;<br>f\u00fcr Violoncello und Klavier<br>ISMN 979-0-700344-15-3 \/&nbsp;MVN&nbsp;67 (Part.)<br>31,- EUR<\/p>\n\n\n\n<p id=\"block-c4cd582f-c785-4c31-931d-b7f76346d360\"><a href=\"https:\/\/www.musikverlag-nickel.eu\/NEWS-BLOG\/?page_id=2004\" data-type=\"link\" data-id=\"https:\/\/www.musikverlag-nickel.eu\/NEWS-BLOG\/?page_id=2004\">MEHR \u00dcBER DAS ST\u00dcCK&nbsp; NACHLESEN<\/a><\/p>\n\n\n\n<p>THRENOS&nbsp;<br> f\u00fcr Violoncello Solo<br> ISMN 979-0-700344-64-1 \/ MVN 16 (Part.)<br> 18,- EUR<\/p>\n\n\n\n<p><a href=\"http:\/\/www.musikverlag-nickel.eu\/NEWS-BLOG\/?page_id=1398\">MEHR \u00dcBER DAS ST\u00dcCK&nbsp; NACHLESEN<\/a><\/p>\n","protected":false},"excerpt":{"rendered":"<p>Christian Dieck, geboren 1982 in Trier, begann seine musikalische Ausbildung zun\u00e4chst am Klavier und an der Orgel. Intensiv wandte er sich schon damals der Lyrik zu, und suchte, als Dichter [&hellip;]<\/p>\n","protected":false},"author":1,"featured_media":0,"parent":25,"menu_order":0,"comment_status":"closed","ping_status":"closed","template":"","meta":{"footnotes":""},"class_list":["post-1389","page","type-page","status-publish","hentry"],"_links":{"self":[{"href":"http:\/\/www.musikverlag-nickel.eu\/NEWS-BLOG\/index.php?rest_route=\/wp\/v2\/pages\/1389","targetHints":{"allow":["GET"]}}],"collection":[{"href":"http:\/\/www.musikverlag-nickel.eu\/NEWS-BLOG\/index.php?rest_route=\/wp\/v2\/pages"}],"about":[{"href":"http:\/\/www.musikverlag-nickel.eu\/NEWS-BLOG\/index.php?rest_route=\/wp\/v2\/types\/page"}],"author":[{"embeddable":true,"href":"http:\/\/www.musikverlag-nickel.eu\/NEWS-BLOG\/index.php?rest_route=\/wp\/v2\/users\/1"}],"replies":[{"embeddable":true,"href":"http:\/\/www.musikverlag-nickel.eu\/NEWS-BLOG\/index.php?rest_route=%2Fwp%2Fv2%2Fcomments&post=1389"}],"version-history":[{"count":6,"href":"http:\/\/www.musikverlag-nickel.eu\/NEWS-BLOG\/index.php?rest_route=\/wp\/v2\/pages\/1389\/revisions"}],"predecessor-version":[{"id":2011,"href":"http:\/\/www.musikverlag-nickel.eu\/NEWS-BLOG\/index.php?rest_route=\/wp\/v2\/pages\/1389\/revisions\/2011"}],"up":[{"embeddable":true,"href":"http:\/\/www.musikverlag-nickel.eu\/NEWS-BLOG\/index.php?rest_route=\/wp\/v2\/pages\/25"}],"wp:attachment":[{"href":"http:\/\/www.musikverlag-nickel.eu\/NEWS-BLOG\/index.php?rest_route=%2Fwp%2Fv2%2Fmedia&parent=1389"}],"curies":[{"name":"wp","href":"https:\/\/api.w.org\/{rel}","templated":true}]}}

<figure class="wp-block-image is-resized"><img loading="lazy" decoding="async" width="287" height="430" src="http://www.musikverlag-nickel.eu/NEWS-BLOG/wp-content/uploads/2019/04/Christian-Dieck-2.jpg" alt="" class="wp-image-1392" srcset="http://www.musikverlag-nickel.eu/NEWS-BLOG/wp-content/uploads/2019/04/Christian-Dieck-2.jpg 287w, http://www.musikverlag-nickel.eu/NEWS-BLOG/wp-content/uploads/2019/04/Christian-Dieck-2-200x300.jpg 200w" sizes="auto, (max-width: 287px) 100vw, 287px" /><figcaption class="wp-element-caption">Foto: privat</figcaption></figure>



<p>Christian Dieck, geboren 1982 in Trier, begann seine musikalische Ausbildung zunächst am Klavier und an der Orgel. Intensiv wandte er sich schon damals der Lyrik zu, und suchte, als Dichter und Komponist, eine Verbindung zur Musik. Später ging Dieck nach München und studierte an der staatlichen Hochschule für Musik und Theater Komposition bei Hans-Jürgen von Bose und Jan Müller-Wieland. Weitere Studien folgten bei Pascal Dusapin, Isabel Mundry und Frédèric Durieux.<br></p>



<p>Seine Kompositionen wurden auf vielen Festivals Neuer Musik, so zum Beispiel in der Reihe &#8222;Junge Solisten&#8220; des Siemens-Arts-Program oder beim A.Devantgarde-Festival für zeitgenössische Musik, aufgeführt. 2013 schrieb er einen kompositorischen Beitrag zur Live-Videoinstallation &#8222;Baudelaire-Prisma&#8220;, die in den Passagen Linköpings Konsthall in Schweden und in der Schwanenburg in Hannover aufgeführt wurde. Die Auseinandersetzung mit der Literatur hat Christian Dieck immer wieder zum Thema seiner Arbeit gemacht. Auch als Stipendiat der Berliner Aribert-Reimann-Stiftung rückte Dieck die eigene Lyrik in den Mittelpunkt seiner Arbeit und schrieb den beeindruckenden Liederzyklus &#8222;Im Schattenlicht&#8220;. Darüber hinaus wurde er mit dem Management des INDEX Ensembles für zeitgenössische Musik betraut, mit dem er 2012 den Bayerischen Kunstförderpreises erhielt. Christian Dieck lebt und arbeitet in München.</p>



<p><a href="http://www.christiandieck.com/">Homepage von Christian Dieck</a></p>



<p><strong>Werke im Musikverlag V. Nickel</strong></p>



<p id="block-cfdbdb47-db66-41c9-8459-c1db57112dee">ENTRÜCKUNGEN&nbsp;<br>für Violoncello und Klavier<br>ISMN 979-0-700344-15-3 /&nbsp;MVN&nbsp;67 (Part.)<br>31,- EUR</p>



<p id="block-c4cd582f-c785-4c31-931d-b7f76346d360"><a href="https://www.musikverlag-nickel.eu/NEWS-BLOG/?page_id=2004" data-type="link" data-id="https://www.musikverlag-nickel.eu/NEWS-BLOG/?page_id=2004">MEHR ÜBER DAS STÜCK&nbsp; NACHLESEN</a></p>



<p>THRENOS&nbsp;<br> für Violoncello Solo<br> ISMN 979-0-700344-64-1 / MVN 16 (Part.)<br> 18,- EUR</p>



<p><a href="http://www.musikverlag-nickel.eu/NEWS-BLOG/?page_id=1398">MEHR ÜBER DAS STÜCK&nbsp; NACHLESEN</a></p>

<p>Christian Dieck, geboren 1982 in Trier, begann seine musikalische Ausbildung zunächst am Klavier und an der Orgel. Intensiv wandte er sich schon damals der Lyrik zu, und suchte, als Dichter [&hellip;]</p>
