{"id":1398,"date":"2019-04-08T10:07:09","date_gmt":"2019-04-08T08:07:09","guid":{"rendered":"http:\/\/www.musikverlag-nickel.eu\/NEWS-BLOG\/?page_id=1398"},"modified":"2025-04-27T09:43:53","modified_gmt":"2025-04-27T07:43:53","slug":"threnos","status":"publish","type":"page","link":"http:\/\/www.musikverlag-nickel.eu\/NEWS-BLOG\/?page_id=1398","title":{"rendered":"THRENOS"},"content":{"rendered":"\n<p>Threnos f\u00fcr Violoncello Solo entstand Ende 2007 und wurde von der Cellistin Mareike Kirchner in M\u00fcnchen uraufgef\u00fchrt. Zentrales Thema der Komposition ist das miteinander Verschmelzen von N\u00e4he und Distanz. Kleinste Partikel l\u00f6sen wie Initialen eine Entwicklung von Motiven und Linien aus, die mit anderen korrespondieren und sich immer wieder ann\u00e4hern und entfernen.<br><\/p>\n\n\n\n<p>Dieses Ann\u00e4hern und Entfernen \u00e4u\u00dfert sich in verschiedenen Klangfarben, Erweiterungen und Abspaltungen einzelner Motive. Ein lyrischer Moment kommt vor allem in der Verbindung der Motive zur Geltung, die verschmelzen und nicht mehr klar voneinander zu trennen sind. Wie viel Anteil ist dem einen eigen und wie viel nimmt er vom anderen an?&nbsp;<\/p>\n\n\n\n<p>Christian Dieck: THRENOS&nbsp;<br>f\u00fcr Violoncello Solo<br>ISMN 979-0-700344-64-1 \/ MVN 16 (Part.)<br>18,- EUR<br>(M\u00fcnchen, 2013)<\/p>\n\n\n\n<div class=\"wp-block-buttons is-layout-flex wp-block-buttons-is-layout-flex\">\n<div class=\"wp-block-button\"><a class=\"wp-block-button__link wp-element-button\" href=\"https:\/\/www.musikverlag-nickel.eu\/NEWS-BLOG\/?product=dieck-christian-threnos\">Bestellen<\/a><\/div>\n<\/div>\n\n\n\n<figure class=\"wp-block-gallery has-nested-images columns-default is-cropped wp-block-gallery-1 is-layout-flex wp-block-gallery-is-layout-flex\">\n<figure class=\"wp-block-image\"><a href=\"https:\/\/www.musikverlag-nickel.eu\/NEWS-BLOG\/wp-content\/uploads\/2019\/04\/MVN-16_Bild-1.jpg\"><img loading=\"lazy\" decoding=\"async\" width=\"724\" height=\"1024\" data-id=\"1399\" src=\"https:\/\/www.musikverlag-nickel.eu\/NEWS-BLOG\/wp-content\/uploads\/2019\/04\/MVN-16_Bild-1-724x1024.jpg\" alt=\"\" class=\"wp-image-1399\" srcset=\"http:\/\/www.musikverlag-nickel.eu\/NEWS-BLOG\/wp-content\/uploads\/2019\/04\/MVN-16_Bild-1-724x1024.jpg 724w, http:\/\/www.musikverlag-nickel.eu\/NEWS-BLOG\/wp-content\/uploads\/2019\/04\/MVN-16_Bild-1-600x848.jpg 600w, http:\/\/www.musikverlag-nickel.eu\/NEWS-BLOG\/wp-content\/uploads\/2019\/04\/MVN-16_Bild-1-212x300.jpg 212w, http:\/\/www.musikverlag-nickel.eu\/NEWS-BLOG\/wp-content\/uploads\/2019\/04\/MVN-16_Bild-1-768x1086.jpg 768w, http:\/\/www.musikverlag-nickel.eu\/NEWS-BLOG\/wp-content\/uploads\/2019\/04\/MVN-16_Bild-1-680x961.jpg 680w, http:\/\/www.musikverlag-nickel.eu\/NEWS-BLOG\/wp-content\/uploads\/2019\/04\/MVN-16_Bild-1-920x1301.jpg 920w, http:\/\/www.musikverlag-nickel.eu\/NEWS-BLOG\/wp-content\/uploads\/2019\/04\/MVN-16_Bild-1.jpg 1240w\" sizes=\"auto, (max-width: 724px) 100vw, 724px\" \/><\/a><\/figure>\n\n\n\n<figure class=\"wp-block-image\"><a href=\"https:\/\/www.musikverlag-nickel.eu\/NEWS-BLOG\/wp-content\/uploads\/2019\/04\/MVN-16_Bild-2.jpg\"><img loading=\"lazy\" decoding=\"async\" width=\"724\" height=\"1024\" data-id=\"1400\" src=\"https:\/\/www.musikverlag-nickel.eu\/NEWS-BLOG\/wp-content\/uploads\/2019\/04\/MVN-16_Bild-2-724x1024.jpg\" alt=\"\" class=\"wp-image-1400\" srcset=\"http:\/\/www.musikverlag-nickel.eu\/NEWS-BLOG\/wp-content\/uploads\/2019\/04\/MVN-16_Bild-2-724x1024.jpg 724w, http:\/\/www.musikverlag-nickel.eu\/NEWS-BLOG\/wp-content\/uploads\/2019\/04\/MVN-16_Bild-2-600x848.jpg 600w, http:\/\/www.musikverlag-nickel.eu\/NEWS-BLOG\/wp-content\/uploads\/2019\/04\/MVN-16_Bild-2-212x300.jpg 212w, http:\/\/www.musikverlag-nickel.eu\/NEWS-BLOG\/wp-content\/uploads\/2019\/04\/MVN-16_Bild-2-768x1086.jpg 768w, http:\/\/www.musikverlag-nickel.eu\/NEWS-BLOG\/wp-content\/uploads\/2019\/04\/MVN-16_Bild-2-680x961.jpg 680w, http:\/\/www.musikverlag-nickel.eu\/NEWS-BLOG\/wp-content\/uploads\/2019\/04\/MVN-16_Bild-2-920x1301.jpg 920w, http:\/\/www.musikverlag-nickel.eu\/NEWS-BLOG\/wp-content\/uploads\/2019\/04\/MVN-16_Bild-2.jpg 1240w\" sizes=\"auto, (max-width: 724px) 100vw, 724px\" \/><\/a><\/figure>\n<\/figure>\n\n\n\n<figure class=\"wp-block-embed is-type-video is-provider-youtube wp-block-embed-youtube wp-embed-aspect-16-9 wp-has-aspect-ratio\"><div class=\"wp-block-embed__wrapper\">\n<iframe loading=\"lazy\"  id=\"_ytid_65246\"  width=\"640\" height=\"360\"  data-origwidth=\"640\" data-origheight=\"360\" src=\"https:\/\/www.youtube.com\/embed\/a0rn5zWCyWA?enablejsapi=1&#038;autoplay=0&#038;cc_load_policy=0&#038;cc_lang_pref=&#038;iv_load_policy=1&#038;loop=0&#038;rel=1&#038;fs=1&#038;playsinline=0&#038;autohide=2&#038;theme=dark&#038;color=red&#038;controls=1&#038;disablekb=0&#038;\" class=\"__youtube_prefs__  epyt-is-override  no-lazyload\" title=\"YouTube player\"  allow=\"fullscreen; accelerometer; autoplay; clipboard-write; encrypted-media; gyroscope; picture-in-picture; web-share\" referrerpolicy=\"strict-origin-when-cross-origin\" allowfullscreen data-no-lazy=\"1\" data-skipgform_ajax_framebjll=\"\"><\/iframe>\n<\/div><\/figure>\n\n\n\n<p>#Violoncello #Kammermusik<\/p>\n","protected":false},"excerpt":{"rendered":"<p>Threnos f\u00fcr Violoncello Solo entstand Ende 2007 und wurde von der Cellistin Mareike Kirchner in M\u00fcnchen uraufgef\u00fchrt. Zentrales Thema der Komposition ist das miteinander Verschmelzen von N\u00e4he und Distanz. Kleinste [&hellip;]<\/p>\n","protected":false},"author":1,"featured_media":0,"parent":1389,"menu_order":0,"comment_status":"closed","ping_status":"closed","template":"","meta":{"footnotes":""},"class_list":["post-1398","page","type-page","status-publish","hentry"],"_links":{"self":[{"href":"http:\/\/www.musikverlag-nickel.eu\/NEWS-BLOG\/index.php?rest_route=\/wp\/v2\/pages\/1398","targetHints":{"allow":["GET"]}}],"collection":[{"href":"http:\/\/www.musikverlag-nickel.eu\/NEWS-BLOG\/index.php?rest_route=\/wp\/v2\/pages"}],"about":[{"href":"http:\/\/www.musikverlag-nickel.eu\/NEWS-BLOG\/index.php?rest_route=\/wp\/v2\/types\/page"}],"author":[{"embeddable":true,"href":"http:\/\/www.musikverlag-nickel.eu\/NEWS-BLOG\/index.php?rest_route=\/wp\/v2\/users\/1"}],"replies":[{"embeddable":true,"href":"http:\/\/www.musikverlag-nickel.eu\/NEWS-BLOG\/index.php?rest_route=%2Fwp%2Fv2%2Fcomments&post=1398"}],"version-history":[{"count":3,"href":"http:\/\/www.musikverlag-nickel.eu\/NEWS-BLOG\/index.php?rest_route=\/wp\/v2\/pages\/1398\/revisions"}],"predecessor-version":[{"id":1936,"href":"http:\/\/www.musikverlag-nickel.eu\/NEWS-BLOG\/index.php?rest_route=\/wp\/v2\/pages\/1398\/revisions\/1936"}],"up":[{"embeddable":true,"href":"http:\/\/www.musikverlag-nickel.eu\/NEWS-BLOG\/index.php?rest_route=\/wp\/v2\/pages\/1389"}],"wp:attachment":[{"href":"http:\/\/www.musikverlag-nickel.eu\/NEWS-BLOG\/index.php?rest_route=%2Fwp%2Fv2%2Fmedia&parent=1398"}],"curies":[{"name":"wp","href":"https:\/\/api.w.org\/{rel}","templated":true}]}}

<p>Threnos für Violoncello Solo entstand Ende 2007 und wurde von der Cellistin Mareike Kirchner in München uraufgeführt. Zentrales Thema der Komposition ist das miteinander Verschmelzen von Nähe und Distanz. Kleinste Partikel lösen wie Initialen eine Entwicklung von Motiven und Linien aus, die mit anderen korrespondieren und sich immer wieder annähern und entfernen.<br></p>



<p>Dieses Annähern und Entfernen äußert sich in verschiedenen Klangfarben, Erweiterungen und Abspaltungen einzelner Motive. Ein lyrischer Moment kommt vor allem in der Verbindung der Motive zur Geltung, die verschmelzen und nicht mehr klar voneinander zu trennen sind. Wie viel Anteil ist dem einen eigen und wie viel nimmt er vom anderen an?&nbsp;</p>



<p>Christian Dieck: THRENOS&nbsp;<br>für Violoncello Solo<br>ISMN 979-0-700344-64-1 / MVN 16 (Part.)<br>18,- EUR<br>(München, 2013)</p>



<div class="wp-block-buttons is-layout-flex wp-block-buttons-is-layout-flex">
<div class="wp-block-button"><a class="wp-block-button__link wp-element-button" href="https://www.musikverlag-nickel.eu/NEWS-BLOG/?product=dieck-christian-threnos">Bestellen</a></div>
</div>



<figure class="wp-block-gallery has-nested-images columns-default is-cropped wp-block-gallery-1 is-layout-flex wp-block-gallery-is-layout-flex">
<figure class="wp-block-image"><a href="https://www.musikverlag-nickel.eu/NEWS-BLOG/wp-content/uploads/2019/04/MVN-16_Bild-1.jpg"><img loading="lazy" decoding="async" width="724" height="1024" data-id="1399" src="https://www.musikverlag-nickel.eu/NEWS-BLOG/wp-content/uploads/2019/04/MVN-16_Bild-1-724x1024.jpg" alt="" class="wp-image-1399" srcset="http://www.musikverlag-nickel.eu/NEWS-BLOG/wp-content/uploads/2019/04/MVN-16_Bild-1-724x1024.jpg 724w, http://www.musikverlag-nickel.eu/NEWS-BLOG/wp-content/uploads/2019/04/MVN-16_Bild-1-600x848.jpg 600w, http://www.musikverlag-nickel.eu/NEWS-BLOG/wp-content/uploads/2019/04/MVN-16_Bild-1-212x300.jpg 212w, http://www.musikverlag-nickel.eu/NEWS-BLOG/wp-content/uploads/2019/04/MVN-16_Bild-1-768x1086.jpg 768w, http://www.musikverlag-nickel.eu/NEWS-BLOG/wp-content/uploads/2019/04/MVN-16_Bild-1-680x961.jpg 680w, http://www.musikverlag-nickel.eu/NEWS-BLOG/wp-content/uploads/2019/04/MVN-16_Bild-1-920x1301.jpg 920w, http://www.musikverlag-nickel.eu/NEWS-BLOG/wp-content/uploads/2019/04/MVN-16_Bild-1.jpg 1240w" sizes="auto, (max-width: 724px) 100vw, 724px" /></a></figure>



<figure class="wp-block-image"><a href="https://www.musikverlag-nickel.eu/NEWS-BLOG/wp-content/uploads/2019/04/MVN-16_Bild-2.jpg"><img loading="lazy" decoding="async" width="724" height="1024" data-id="1400" src="https://www.musikverlag-nickel.eu/NEWS-BLOG/wp-content/uploads/2019/04/MVN-16_Bild-2-724x1024.jpg" alt="" class="wp-image-1400" srcset="http://www.musikverlag-nickel.eu/NEWS-BLOG/wp-content/uploads/2019/04/MVN-16_Bild-2-724x1024.jpg 724w, http://www.musikverlag-nickel.eu/NEWS-BLOG/wp-content/uploads/2019/04/MVN-16_Bild-2-600x848.jpg 600w, http://www.musikverlag-nickel.eu/NEWS-BLOG/wp-content/uploads/2019/04/MVN-16_Bild-2-212x300.jpg 212w, http://www.musikverlag-nickel.eu/NEWS-BLOG/wp-content/uploads/2019/04/MVN-16_Bild-2-768x1086.jpg 768w, http://www.musikverlag-nickel.eu/NEWS-BLOG/wp-content/uploads/2019/04/MVN-16_Bild-2-680x961.jpg 680w, http://www.musikverlag-nickel.eu/NEWS-BLOG/wp-content/uploads/2019/04/MVN-16_Bild-2-920x1301.jpg 920w, http://www.musikverlag-nickel.eu/NEWS-BLOG/wp-content/uploads/2019/04/MVN-16_Bild-2.jpg 1240w" sizes="auto, (max-width: 724px) 100vw, 724px" /></a></figure>
</figure>



<figure class="wp-block-embed is-type-video is-provider-youtube wp-block-embed-youtube wp-embed-aspect-16-9 wp-has-aspect-ratio"><div class="wp-block-embed__wrapper">
<iframe loading="lazy"  id="_ytid_65246"  width="640" height="360"  data-origwidth="640" data-origheight="360" src="https://www.youtube.com/embed/a0rn5zWCyWA?enablejsapi=1&#038;autoplay=0&#038;cc_load_policy=0&#038;cc_lang_pref=&#038;iv_load_policy=1&#038;loop=0&#038;rel=1&#038;fs=1&#038;playsinline=0&#038;autohide=2&#038;theme=dark&#038;color=red&#038;controls=1&#038;disablekb=0&#038;" class="__youtube_prefs__  epyt-is-override  no-lazyload" title="YouTube player"  allow="fullscreen; accelerometer; autoplay; clipboard-write; encrypted-media; gyroscope; picture-in-picture; web-share" referrerpolicy="strict-origin-when-cross-origin" allowfullscreen data-no-lazy="1" data-skipgform_ajax_framebjll=""></iframe>
</div></figure>



<p>#Violoncello #Kammermusik</p>

<p>Threnos für Violoncello Solo entstand Ende 2007 und wurde von der Cellistin Mareike Kirchner in München uraufgeführt. Zentrales Thema der Komposition ist das miteinander Verschmelzen von Nähe und Distanz. Kleinste [&hellip;]</p>
