{"id":1491,"date":"2019-04-24T09:52:02","date_gmt":"2019-04-24T07:52:02","guid":{"rendered":"http:\/\/www.musikverlag-nickel.eu\/NEWS-BLOG\/?page_id=1491"},"modified":"2025-05-17T08:16:51","modified_gmt":"2025-05-17T06:16:51","slug":"wie-die-dinge-aus-ton","status":"publish","type":"page","link":"http:\/\/www.musikverlag-nickel.eu\/NEWS-BLOG\/?page_id=1491","title":{"rendered":"WIE DIE DINGE AUS TON"},"content":{"rendered":"\n<p>&#8222;wie die dinge aus ton&#8220; f\u00fcr Violine und Klavier ist ein Zyklus von \u201eLiedern ohne Worte\u201c nach Gedichten von Reiner Kunze (entstanden 1968-1970).<br> <br>Die S\u00e4tze sind in einem Bogen angeordnet, dessen H\u00f6hepunkt der 8. Satz ist. Alle St\u00fccke zeichnen sich durch eine gro\u00dfe Flexibilit\u00e4t in der Abfolge zeitlicher und bildhafter Ebenen aus und haben eine klare kontrapunktische Sprache. Dem Kontrapunkt folgt die Harmonik: sie ist ganz aus dem linearen Verlauf der Stimmen und ihren Beziehungen entwickelt.<br> <br>Die lyrischen und musikalischen &#8222;Bilder&#8220; in den 9 St\u00fccken liegen scheinbar lose nebeneinander, oft nur unvollst\u00e4ndig oder angedeutet, wie die bemalten Scherben einer zerbrochenen Vase in einer h\u00f6lzernen Kiste. Das Fragmentarische weiterzudenken bleibt Aufgabe des H\u00f6rers.&nbsp;<\/p>\n\n\n\n<p>Volker Nickel: WIE DIE DINGE AUS TON<br> f\u00fcr Violine und Klavier<br> ISMN 979-0-700344-78-8 \/ MVN 29 (Part.)<br> 28,- EUR<br>(M\u00fcnchen, 2014)<\/p>\n\n\n\n<div class=\"wp-block-buttons is-layout-flex wp-block-buttons-is-layout-flex\">\n<div class=\"wp-block-button\"><a class=\"wp-block-button__link wp-element-button\" href=\"https:\/\/www.musikverlag-nickel.eu\/NEWS-BLOG\/?product=nickel-volker-wie-die-dinge-aus-ton\">Bestellen<\/a><\/div>\n<\/div>\n\n\n\n<figure class=\"wp-block-gallery has-nested-images columns-default is-cropped wp-block-gallery-1 is-layout-flex wp-block-gallery-is-layout-flex\">\n<figure class=\"wp-block-image\"><a href=\"https:\/\/www.musikverlag-nickel.eu\/NEWS-BLOG\/wp-content\/uploads\/2019\/04\/MVN-29_Bild-1.jpg\"><img loading=\"lazy\" decoding=\"async\" width=\"724\" height=\"1024\" data-id=\"1492\" src=\"https:\/\/www.musikverlag-nickel.eu\/NEWS-BLOG\/wp-content\/uploads\/2019\/04\/MVN-29_Bild-1-724x1024.jpg\" alt=\"\" class=\"wp-image-1492\" srcset=\"http:\/\/www.musikverlag-nickel.eu\/NEWS-BLOG\/wp-content\/uploads\/2019\/04\/MVN-29_Bild-1-724x1024.jpg 724w, http:\/\/www.musikverlag-nickel.eu\/NEWS-BLOG\/wp-content\/uploads\/2019\/04\/MVN-29_Bild-1-600x848.jpg 600w, http:\/\/www.musikverlag-nickel.eu\/NEWS-BLOG\/wp-content\/uploads\/2019\/04\/MVN-29_Bild-1-212x300.jpg 212w, http:\/\/www.musikverlag-nickel.eu\/NEWS-BLOG\/wp-content\/uploads\/2019\/04\/MVN-29_Bild-1-768x1086.jpg 768w, http:\/\/www.musikverlag-nickel.eu\/NEWS-BLOG\/wp-content\/uploads\/2019\/04\/MVN-29_Bild-1-680x961.jpg 680w, http:\/\/www.musikverlag-nickel.eu\/NEWS-BLOG\/wp-content\/uploads\/2019\/04\/MVN-29_Bild-1-920x1301.jpg 920w, http:\/\/www.musikverlag-nickel.eu\/NEWS-BLOG\/wp-content\/uploads\/2019\/04\/MVN-29_Bild-1.jpg 1240w\" sizes=\"auto, (max-width: 724px) 100vw, 724px\" \/><\/a><\/figure>\n\n\n\n<figure class=\"wp-block-image\"><a href=\"https:\/\/www.musikverlag-nickel.eu\/NEWS-BLOG\/wp-content\/uploads\/2019\/04\/MVN-29_Bild-2.jpg\"><img loading=\"lazy\" decoding=\"async\" width=\"724\" height=\"1024\" data-id=\"1493\" src=\"https:\/\/www.musikverlag-nickel.eu\/NEWS-BLOG\/wp-content\/uploads\/2019\/04\/MVN-29_Bild-2-724x1024.jpg\" alt=\"\" class=\"wp-image-1493\" srcset=\"http:\/\/www.musikverlag-nickel.eu\/NEWS-BLOG\/wp-content\/uploads\/2019\/04\/MVN-29_Bild-2-724x1024.jpg 724w, http:\/\/www.musikverlag-nickel.eu\/NEWS-BLOG\/wp-content\/uploads\/2019\/04\/MVN-29_Bild-2-600x848.jpg 600w, http:\/\/www.musikverlag-nickel.eu\/NEWS-BLOG\/wp-content\/uploads\/2019\/04\/MVN-29_Bild-2-212x300.jpg 212w, http:\/\/www.musikverlag-nickel.eu\/NEWS-BLOG\/wp-content\/uploads\/2019\/04\/MVN-29_Bild-2-768x1086.jpg 768w, http:\/\/www.musikverlag-nickel.eu\/NEWS-BLOG\/wp-content\/uploads\/2019\/04\/MVN-29_Bild-2-680x961.jpg 680w, http:\/\/www.musikverlag-nickel.eu\/NEWS-BLOG\/wp-content\/uploads\/2019\/04\/MVN-29_Bild-2-920x1301.jpg 920w, http:\/\/www.musikverlag-nickel.eu\/NEWS-BLOG\/wp-content\/uploads\/2019\/04\/MVN-29_Bild-2.jpg 1240w\" sizes=\"auto, (max-width: 724px) 100vw, 724px\" \/><\/a><\/figure>\n<\/figure>\n\n\n\n<figure class=\"wp-block-embed is-type-video is-provider-youtube wp-block-embed-youtube wp-embed-aspect-16-9 wp-has-aspect-ratio\"><div class=\"wp-block-embed__wrapper\">\n<iframe loading=\"lazy\"  id=\"_ytid_64812\"  width=\"640\" height=\"360\"  data-origwidth=\"640\" data-origheight=\"360\" src=\"https:\/\/www.youtube.com\/embed\/6-EFhAbO8L8?enablejsapi=1&#038;autoplay=0&#038;cc_load_policy=0&#038;cc_lang_pref=&#038;iv_load_policy=1&#038;loop=0&#038;rel=1&#038;fs=1&#038;playsinline=0&#038;autohide=2&#038;theme=dark&#038;color=red&#038;controls=1&#038;disablekb=0&#038;\" class=\"__youtube_prefs__  epyt-is-override  no-lazyload\" title=\"YouTube player\"  allow=\"fullscreen; accelerometer; autoplay; clipboard-write; encrypted-media; gyroscope; picture-in-picture; web-share\" referrerpolicy=\"strict-origin-when-cross-origin\" allowfullscreen data-no-lazy=\"1\" data-skipgform_ajax_framebjll=\"\"><\/iframe>\n<\/div><\/figure>\n\n\n\n<p>#Klavier #Violine #Kammermusik #Duo<\/p>\n","protected":false},"excerpt":{"rendered":"<p>&#8222;wie die dinge aus ton&#8220; f\u00fcr Violine und Klavier ist ein Zyklus von \u201eLiedern ohne Worte\u201c nach Gedichten von Reiner Kunze (entstanden 1968-1970). Die S\u00e4tze sind in einem Bogen angeordnet, [&hellip;]<\/p>\n","protected":false},"author":1,"featured_media":0,"parent":1372,"menu_order":0,"comment_status":"closed","ping_status":"closed","template":"","meta":{"footnotes":""},"class_list":["post-1491","page","type-page","status-publish","hentry"],"_links":{"self":[{"href":"http:\/\/www.musikverlag-nickel.eu\/NEWS-BLOG\/index.php?rest_route=\/wp\/v2\/pages\/1491","targetHints":{"allow":["GET"]}}],"collection":[{"href":"http:\/\/www.musikverlag-nickel.eu\/NEWS-BLOG\/index.php?rest_route=\/wp\/v2\/pages"}],"about":[{"href":"http:\/\/www.musikverlag-nickel.eu\/NEWS-BLOG\/index.php?rest_route=\/wp\/v2\/types\/page"}],"author":[{"embeddable":true,"href":"http:\/\/www.musikverlag-nickel.eu\/NEWS-BLOG\/index.php?rest_route=\/wp\/v2\/users\/1"}],"replies":[{"embeddable":true,"href":"http:\/\/www.musikverlag-nickel.eu\/NEWS-BLOG\/index.php?rest_route=%2Fwp%2Fv2%2Fcomments&post=1491"}],"version-history":[{"count":3,"href":"http:\/\/www.musikverlag-nickel.eu\/NEWS-BLOG\/index.php?rest_route=\/wp\/v2\/pages\/1491\/revisions"}],"predecessor-version":[{"id":2159,"href":"http:\/\/www.musikverlag-nickel.eu\/NEWS-BLOG\/index.php?rest_route=\/wp\/v2\/pages\/1491\/revisions\/2159"}],"up":[{"embeddable":true,"href":"http:\/\/www.musikverlag-nickel.eu\/NEWS-BLOG\/index.php?rest_route=\/wp\/v2\/pages\/1372"}],"wp:attachment":[{"href":"http:\/\/www.musikverlag-nickel.eu\/NEWS-BLOG\/index.php?rest_route=%2Fwp%2Fv2%2Fmedia&parent=1491"}],"curies":[{"name":"wp","href":"https:\/\/api.w.org\/{rel}","templated":true}]}}

<p>&#8222;wie die dinge aus ton&#8220; für Violine und Klavier ist ein Zyklus von „Liedern ohne Worte“ nach Gedichten von Reiner Kunze (entstanden 1968-1970).<br> <br>Die Sätze sind in einem Bogen angeordnet, dessen Höhepunkt der 8. Satz ist. Alle Stücke zeichnen sich durch eine große Flexibilität in der Abfolge zeitlicher und bildhafter Ebenen aus und haben eine klare kontrapunktische Sprache. Dem Kontrapunkt folgt die Harmonik: sie ist ganz aus dem linearen Verlauf der Stimmen und ihren Beziehungen entwickelt.<br> <br>Die lyrischen und musikalischen &#8222;Bilder&#8220; in den 9 Stücken liegen scheinbar lose nebeneinander, oft nur unvollständig oder angedeutet, wie die bemalten Scherben einer zerbrochenen Vase in einer hölzernen Kiste. Das Fragmentarische weiterzudenken bleibt Aufgabe des Hörers.&nbsp;</p>



<p>Volker Nickel: WIE DIE DINGE AUS TON<br> für Violine und Klavier<br> ISMN 979-0-700344-78-8 / MVN 29 (Part.)<br> 28,- EUR<br>(München, 2014)</p>



<div class="wp-block-buttons is-layout-flex wp-block-buttons-is-layout-flex">
<div class="wp-block-button"><a class="wp-block-button__link wp-element-button" href="https://www.musikverlag-nickel.eu/NEWS-BLOG/?product=nickel-volker-wie-die-dinge-aus-ton">Bestellen</a></div>
</div>



<figure class="wp-block-gallery has-nested-images columns-default is-cropped wp-block-gallery-1 is-layout-flex wp-block-gallery-is-layout-flex">
<figure class="wp-block-image"><a href="https://www.musikverlag-nickel.eu/NEWS-BLOG/wp-content/uploads/2019/04/MVN-29_Bild-1.jpg"><img loading="lazy" decoding="async" width="724" height="1024" data-id="1492" src="https://www.musikverlag-nickel.eu/NEWS-BLOG/wp-content/uploads/2019/04/MVN-29_Bild-1-724x1024.jpg" alt="" class="wp-image-1492" srcset="http://www.musikverlag-nickel.eu/NEWS-BLOG/wp-content/uploads/2019/04/MVN-29_Bild-1-724x1024.jpg 724w, http://www.musikverlag-nickel.eu/NEWS-BLOG/wp-content/uploads/2019/04/MVN-29_Bild-1-600x848.jpg 600w, http://www.musikverlag-nickel.eu/NEWS-BLOG/wp-content/uploads/2019/04/MVN-29_Bild-1-212x300.jpg 212w, http://www.musikverlag-nickel.eu/NEWS-BLOG/wp-content/uploads/2019/04/MVN-29_Bild-1-768x1086.jpg 768w, http://www.musikverlag-nickel.eu/NEWS-BLOG/wp-content/uploads/2019/04/MVN-29_Bild-1-680x961.jpg 680w, http://www.musikverlag-nickel.eu/NEWS-BLOG/wp-content/uploads/2019/04/MVN-29_Bild-1-920x1301.jpg 920w, http://www.musikverlag-nickel.eu/NEWS-BLOG/wp-content/uploads/2019/04/MVN-29_Bild-1.jpg 1240w" sizes="auto, (max-width: 724px) 100vw, 724px" /></a></figure>



<figure class="wp-block-image"><a href="https://www.musikverlag-nickel.eu/NEWS-BLOG/wp-content/uploads/2019/04/MVN-29_Bild-2.jpg"><img loading="lazy" decoding="async" width="724" height="1024" data-id="1493" src="https://www.musikverlag-nickel.eu/NEWS-BLOG/wp-content/uploads/2019/04/MVN-29_Bild-2-724x1024.jpg" alt="" class="wp-image-1493" srcset="http://www.musikverlag-nickel.eu/NEWS-BLOG/wp-content/uploads/2019/04/MVN-29_Bild-2-724x1024.jpg 724w, http://www.musikverlag-nickel.eu/NEWS-BLOG/wp-content/uploads/2019/04/MVN-29_Bild-2-600x848.jpg 600w, http://www.musikverlag-nickel.eu/NEWS-BLOG/wp-content/uploads/2019/04/MVN-29_Bild-2-212x300.jpg 212w, http://www.musikverlag-nickel.eu/NEWS-BLOG/wp-content/uploads/2019/04/MVN-29_Bild-2-768x1086.jpg 768w, http://www.musikverlag-nickel.eu/NEWS-BLOG/wp-content/uploads/2019/04/MVN-29_Bild-2-680x961.jpg 680w, http://www.musikverlag-nickel.eu/NEWS-BLOG/wp-content/uploads/2019/04/MVN-29_Bild-2-920x1301.jpg 920w, http://www.musikverlag-nickel.eu/NEWS-BLOG/wp-content/uploads/2019/04/MVN-29_Bild-2.jpg 1240w" sizes="auto, (max-width: 724px) 100vw, 724px" /></a></figure>
</figure>



<figure class="wp-block-embed is-type-video is-provider-youtube wp-block-embed-youtube wp-embed-aspect-16-9 wp-has-aspect-ratio"><div class="wp-block-embed__wrapper">
<iframe loading="lazy"  id="_ytid_64812"  width="640" height="360"  data-origwidth="640" data-origheight="360" src="https://www.youtube.com/embed/6-EFhAbO8L8?enablejsapi=1&#038;autoplay=0&#038;cc_load_policy=0&#038;cc_lang_pref=&#038;iv_load_policy=1&#038;loop=0&#038;rel=1&#038;fs=1&#038;playsinline=0&#038;autohide=2&#038;theme=dark&#038;color=red&#038;controls=1&#038;disablekb=0&#038;" class="__youtube_prefs__  epyt-is-override  no-lazyload" title="YouTube player"  allow="fullscreen; accelerometer; autoplay; clipboard-write; encrypted-media; gyroscope; picture-in-picture; web-share" referrerpolicy="strict-origin-when-cross-origin" allowfullscreen data-no-lazy="1" data-skipgform_ajax_framebjll=""></iframe>
</div></figure>



<p>#Klavier #Violine #Kammermusik #Duo</p>

<p>&#8222;wie die dinge aus ton&#8220; für Violine und Klavier ist ein Zyklus von „Liedern ohne Worte“ nach Gedichten von Reiner Kunze (entstanden 1968-1970). Die Sätze sind in einem Bogen angeordnet, [&hellip;]</p>
