{"id":1555,"date":"2019-05-03T09:20:03","date_gmt":"2019-05-03T07:20:03","guid":{"rendered":"http:\/\/www.musikverlag-nickel.eu\/NEWS-BLOG\/?page_id=1555"},"modified":"2025-05-16T13:16:18","modified_gmt":"2025-05-16T11:16:18","slug":"credo","status":"publish","type":"page","link":"http:\/\/www.musikverlag-nickel.eu\/NEWS-BLOG\/?page_id=1555","title":{"rendered":"CREDO"},"content":{"rendered":"\n<p>Die Wahl der beiden Singstimmen des CREDO folgt einer alten kirchenmusikalischen Praxis, die dem Sopran die Rolle der Seele, dem Alt die des heiligen Geistes zuweist. Dabei sind die beiden Singstimmen allerdings in der Komposition insgesamt nach oben hin &#8222;verschoben&#8220;. Der lateinische Text, der auf das Konzil von Nic\u00e4a (325) zur\u00fcckgeht, hatte seinen Platz lange in der Liturgie der Taufe. Die Interpretation als \u201eGeist-Seele-Dialog\u201c mag vielleicht auch von daher sinnvoll erscheinen und kennzeichnet die Vertonung des lateinischen Textes hier als ein auf den einzelnen Menschen bezogenes Bekenntnis. Die Paarigkeit der Singstimmen wiederholt sich bei den beiden Orgeln, l\u00e4sst aber im unterschiedlichen Wesen und der Verwendung der beiden Instrumente auch einen Bruch im Gef\u00fcge erkennen. Musikalische Grundlage der Komposition sind zwei canti-firmi: der erste eine Folge aus 264 T\u00f6nen und der andere eine zweistimmige Intervallreihe (mit einem wiederkehrenden Muster in parallelen Quinten). Auf der Intervallreihe basieren die beiden Singstimmen, die in eine zuvor ausgearbeitete, eher \u201eerz\u00e4hlende\u201c musikalische Ebene, eingef\u00fcgt sind. Dieser Montage entspricht ein das h\u00e4ufig wechselnde Tempo, w\u00e4hrend die Harmonik durch die Intervallkombinationen von Tritoni und Quinten bestimmt ist. Bei der formalen Anlage stehen neben gro\u00dfen Abschnitten Momente und Passagen der Wiederholung &#8211; besonders in der zweiten H\u00e4lfte (z.B. bei \u201esepultus est\u201c, \u201ecum gloria\u201c, \u201econfiteor\u201c und \u201eet vitam venturi saeculi\u201c) und am Beginn des St\u00fcckes, dem ein von der Orgel vorgetragener CREDO-Ruf vorausgeht.<\/p>\n\n\n\n<p>Volker Nickel: CREDO&nbsp;<br>f\u00fcr 2 Singstimmen und 2 Orgeln<br>ISMN 979-0-700344-48-1 \/ MVN 12 (Part.)<br>32,- EUR<br>(M\u00fcnchen, 2013)<\/p>\n\n\n\n<div class=\"wp-block-buttons is-layout-flex wp-block-buttons-is-layout-flex\">\n<div class=\"wp-block-button\"><a class=\"wp-block-button__link wp-element-button\" href=\"https:\/\/www.musikverlag-nickel.eu\/NEWS-BLOG\/?product=nickel-volker-credo\">Bestellen<\/a><\/div>\n<\/div>\n\n\n\n<figure class=\"wp-block-gallery has-nested-images columns-default is-cropped wp-block-gallery-1 is-layout-flex wp-block-gallery-is-layout-flex\">\n<figure class=\"wp-block-image\"><a href=\"https:\/\/www.musikverlag-nickel.eu\/NEWS-BLOG\/wp-content\/uploads\/2019\/05\/MVN-12_Bild-1.jpg\"><img loading=\"lazy\" decoding=\"async\" width=\"724\" height=\"1024\" data-id=\"1556\" src=\"https:\/\/www.musikverlag-nickel.eu\/NEWS-BLOG\/wp-content\/uploads\/2019\/05\/MVN-12_Bild-1-724x1024.jpg\" alt=\"\" class=\"wp-image-1556\" srcset=\"http:\/\/www.musikverlag-nickel.eu\/NEWS-BLOG\/wp-content\/uploads\/2019\/05\/MVN-12_Bild-1-724x1024.jpg 724w, http:\/\/www.musikverlag-nickel.eu\/NEWS-BLOG\/wp-content\/uploads\/2019\/05\/MVN-12_Bild-1-600x848.jpg 600w, http:\/\/www.musikverlag-nickel.eu\/NEWS-BLOG\/wp-content\/uploads\/2019\/05\/MVN-12_Bild-1-212x300.jpg 212w, http:\/\/www.musikverlag-nickel.eu\/NEWS-BLOG\/wp-content\/uploads\/2019\/05\/MVN-12_Bild-1-768x1086.jpg 768w, http:\/\/www.musikverlag-nickel.eu\/NEWS-BLOG\/wp-content\/uploads\/2019\/05\/MVN-12_Bild-1-680x961.jpg 680w, http:\/\/www.musikverlag-nickel.eu\/NEWS-BLOG\/wp-content\/uploads\/2019\/05\/MVN-12_Bild-1-920x1301.jpg 920w, http:\/\/www.musikverlag-nickel.eu\/NEWS-BLOG\/wp-content\/uploads\/2019\/05\/MVN-12_Bild-1.jpg 1240w\" sizes=\"auto, (max-width: 724px) 100vw, 724px\" \/><\/a><\/figure>\n\n\n\n<figure class=\"wp-block-image\"><a href=\"https:\/\/www.musikverlag-nickel.eu\/NEWS-BLOG\/wp-content\/uploads\/2019\/05\/MVN-12_Bild-2-.jpg\"><img loading=\"lazy\" decoding=\"async\" width=\"724\" height=\"1024\" data-id=\"1557\" src=\"https:\/\/www.musikverlag-nickel.eu\/NEWS-BLOG\/wp-content\/uploads\/2019\/05\/MVN-12_Bild-2--724x1024.jpg\" alt=\"\" class=\"wp-image-1557\" srcset=\"http:\/\/www.musikverlag-nickel.eu\/NEWS-BLOG\/wp-content\/uploads\/2019\/05\/MVN-12_Bild-2--724x1024.jpg 724w, http:\/\/www.musikverlag-nickel.eu\/NEWS-BLOG\/wp-content\/uploads\/2019\/05\/MVN-12_Bild-2--600x848.jpg 600w, http:\/\/www.musikverlag-nickel.eu\/NEWS-BLOG\/wp-content\/uploads\/2019\/05\/MVN-12_Bild-2--212x300.jpg 212w, http:\/\/www.musikverlag-nickel.eu\/NEWS-BLOG\/wp-content\/uploads\/2019\/05\/MVN-12_Bild-2--768x1086.jpg 768w, http:\/\/www.musikverlag-nickel.eu\/NEWS-BLOG\/wp-content\/uploads\/2019\/05\/MVN-12_Bild-2--680x961.jpg 680w, http:\/\/www.musikverlag-nickel.eu\/NEWS-BLOG\/wp-content\/uploads\/2019\/05\/MVN-12_Bild-2--920x1301.jpg 920w, http:\/\/www.musikverlag-nickel.eu\/NEWS-BLOG\/wp-content\/uploads\/2019\/05\/MVN-12_Bild-2-.jpg 1240w\" sizes=\"auto, (max-width: 724px) 100vw, 724px\" \/><\/a><\/figure>\n<\/figure>\n\n\n\n<p>#Orgel #Sopran #Kammermusik #GeistlicheMusik #Kirchenmusik #Messe<\/p>\n","protected":false},"excerpt":{"rendered":"<p>Die Wahl der beiden Singstimmen des CREDO folgt einer alten kirchenmusikalischen Praxis, die dem Sopran die Rolle der Seele, dem Alt die des heiligen Geistes zuweist. Dabei sind die beiden [&hellip;]<\/p>\n","protected":false},"author":1,"featured_media":0,"parent":1372,"menu_order":0,"comment_status":"closed","ping_status":"closed","template":"","meta":{"footnotes":""},"class_list":["post-1555","page","type-page","status-publish","hentry"],"_links":{"self":[{"href":"http:\/\/www.musikverlag-nickel.eu\/NEWS-BLOG\/index.php?rest_route=\/wp\/v2\/pages\/1555","targetHints":{"allow":["GET"]}}],"collection":[{"href":"http:\/\/www.musikverlag-nickel.eu\/NEWS-BLOG\/index.php?rest_route=\/wp\/v2\/pages"}],"about":[{"href":"http:\/\/www.musikverlag-nickel.eu\/NEWS-BLOG\/index.php?rest_route=\/wp\/v2\/types\/page"}],"author":[{"embeddable":true,"href":"http:\/\/www.musikverlag-nickel.eu\/NEWS-BLOG\/index.php?rest_route=\/wp\/v2\/users\/1"}],"replies":[{"embeddable":true,"href":"http:\/\/www.musikverlag-nickel.eu\/NEWS-BLOG\/index.php?rest_route=%2Fwp%2Fv2%2Fcomments&post=1555"}],"version-history":[{"count":2,"href":"http:\/\/www.musikverlag-nickel.eu\/NEWS-BLOG\/index.php?rest_route=\/wp\/v2\/pages\/1555\/revisions"}],"predecessor-version":[{"id":2144,"href":"http:\/\/www.musikverlag-nickel.eu\/NEWS-BLOG\/index.php?rest_route=\/wp\/v2\/pages\/1555\/revisions\/2144"}],"up":[{"embeddable":true,"href":"http:\/\/www.musikverlag-nickel.eu\/NEWS-BLOG\/index.php?rest_route=\/wp\/v2\/pages\/1372"}],"wp:attachment":[{"href":"http:\/\/www.musikverlag-nickel.eu\/NEWS-BLOG\/index.php?rest_route=%2Fwp%2Fv2%2Fmedia&parent=1555"}],"curies":[{"name":"wp","href":"https:\/\/api.w.org\/{rel}","templated":true}]}}

<p>Die Wahl der beiden Singstimmen des CREDO folgt einer alten kirchenmusikalischen Praxis, die dem Sopran die Rolle der Seele, dem Alt die des heiligen Geistes zuweist. Dabei sind die beiden Singstimmen allerdings in der Komposition insgesamt nach oben hin &#8222;verschoben&#8220;. Der lateinische Text, der auf das Konzil von Nicäa (325) zurückgeht, hatte seinen Platz lange in der Liturgie der Taufe. Die Interpretation als „Geist-Seele-Dialog“ mag vielleicht auch von daher sinnvoll erscheinen und kennzeichnet die Vertonung des lateinischen Textes hier als ein auf den einzelnen Menschen bezogenes Bekenntnis. Die Paarigkeit der Singstimmen wiederholt sich bei den beiden Orgeln, lässt aber im unterschiedlichen Wesen und der Verwendung der beiden Instrumente auch einen Bruch im Gefüge erkennen. Musikalische Grundlage der Komposition sind zwei canti-firmi: der erste eine Folge aus 264 Tönen und der andere eine zweistimmige Intervallreihe (mit einem wiederkehrenden Muster in parallelen Quinten). Auf der Intervallreihe basieren die beiden Singstimmen, die in eine zuvor ausgearbeitete, eher „erzählende“ musikalische Ebene, eingefügt sind. Dieser Montage entspricht ein das häufig wechselnde Tempo, während die Harmonik durch die Intervallkombinationen von Tritoni und Quinten bestimmt ist. Bei der formalen Anlage stehen neben großen Abschnitten Momente und Passagen der Wiederholung &#8211; besonders in der zweiten Hälfte (z.B. bei „sepultus est“, „cum gloria“, „confiteor“ und „et vitam venturi saeculi“) und am Beginn des Stückes, dem ein von der Orgel vorgetragener CREDO-Ruf vorausgeht.</p>



<p>Volker Nickel: CREDO&nbsp;<br>für 2 Singstimmen und 2 Orgeln<br>ISMN 979-0-700344-48-1 / MVN 12 (Part.)<br>32,- EUR<br>(München, 2013)</p>



<div class="wp-block-buttons is-layout-flex wp-block-buttons-is-layout-flex">
<div class="wp-block-button"><a class="wp-block-button__link wp-element-button" href="https://www.musikverlag-nickel.eu/NEWS-BLOG/?product=nickel-volker-credo">Bestellen</a></div>
</div>



<figure class="wp-block-gallery has-nested-images columns-default is-cropped wp-block-gallery-1 is-layout-flex wp-block-gallery-is-layout-flex">
<figure class="wp-block-image"><a href="https://www.musikverlag-nickel.eu/NEWS-BLOG/wp-content/uploads/2019/05/MVN-12_Bild-1.jpg"><img loading="lazy" decoding="async" width="724" height="1024" data-id="1556" src="https://www.musikverlag-nickel.eu/NEWS-BLOG/wp-content/uploads/2019/05/MVN-12_Bild-1-724x1024.jpg" alt="" class="wp-image-1556" srcset="http://www.musikverlag-nickel.eu/NEWS-BLOG/wp-content/uploads/2019/05/MVN-12_Bild-1-724x1024.jpg 724w, http://www.musikverlag-nickel.eu/NEWS-BLOG/wp-content/uploads/2019/05/MVN-12_Bild-1-600x848.jpg 600w, http://www.musikverlag-nickel.eu/NEWS-BLOG/wp-content/uploads/2019/05/MVN-12_Bild-1-212x300.jpg 212w, http://www.musikverlag-nickel.eu/NEWS-BLOG/wp-content/uploads/2019/05/MVN-12_Bild-1-768x1086.jpg 768w, http://www.musikverlag-nickel.eu/NEWS-BLOG/wp-content/uploads/2019/05/MVN-12_Bild-1-680x961.jpg 680w, http://www.musikverlag-nickel.eu/NEWS-BLOG/wp-content/uploads/2019/05/MVN-12_Bild-1-920x1301.jpg 920w, http://www.musikverlag-nickel.eu/NEWS-BLOG/wp-content/uploads/2019/05/MVN-12_Bild-1.jpg 1240w" sizes="auto, (max-width: 724px) 100vw, 724px" /></a></figure>



<figure class="wp-block-image"><a href="https://www.musikverlag-nickel.eu/NEWS-BLOG/wp-content/uploads/2019/05/MVN-12_Bild-2-.jpg"><img loading="lazy" decoding="async" width="724" height="1024" data-id="1557" src="https://www.musikverlag-nickel.eu/NEWS-BLOG/wp-content/uploads/2019/05/MVN-12_Bild-2--724x1024.jpg" alt="" class="wp-image-1557" srcset="http://www.musikverlag-nickel.eu/NEWS-BLOG/wp-content/uploads/2019/05/MVN-12_Bild-2--724x1024.jpg 724w, http://www.musikverlag-nickel.eu/NEWS-BLOG/wp-content/uploads/2019/05/MVN-12_Bild-2--600x848.jpg 600w, http://www.musikverlag-nickel.eu/NEWS-BLOG/wp-content/uploads/2019/05/MVN-12_Bild-2--212x300.jpg 212w, http://www.musikverlag-nickel.eu/NEWS-BLOG/wp-content/uploads/2019/05/MVN-12_Bild-2--768x1086.jpg 768w, http://www.musikverlag-nickel.eu/NEWS-BLOG/wp-content/uploads/2019/05/MVN-12_Bild-2--680x961.jpg 680w, http://www.musikverlag-nickel.eu/NEWS-BLOG/wp-content/uploads/2019/05/MVN-12_Bild-2--920x1301.jpg 920w, http://www.musikverlag-nickel.eu/NEWS-BLOG/wp-content/uploads/2019/05/MVN-12_Bild-2-.jpg 1240w" sizes="auto, (max-width: 724px) 100vw, 724px" /></a></figure>
</figure>



<p>#Orgel #Sopran #Kammermusik #GeistlicheMusik #Kirchenmusik #Messe</p>
