{"id":1575,"date":"2020-09-11T08:56:25","date_gmt":"2020-09-11T06:56:25","guid":{"rendered":"http:\/\/www.musikverlag-nickel.eu\/NEWS-BLOG\/?page_id=1575"},"modified":"2025-04-26T16:48:37","modified_gmt":"2025-04-26T14:48:37","slug":"ein-grosses-rotes-telefon","status":"publish","type":"page","link":"http:\/\/www.musikverlag-nickel.eu\/NEWS-BLOG\/?page_id=1575","title":{"rendered":"EIN GROSSES ROTES TELEFON"},"content":{"rendered":"\n<p>Vorw\u00f6rtlich<br><br>&#8230;eigentlich wollte ich das schon immer tun, das Moritz-Gedicht meines Freundes Otto Winzen vertonen. Er hatte es f\u00fcr meinen damals einj\u00e4hrigen Sohn Moritz Anfang der 80ger Jahre verfasst. Jetzt 2018 hatte es mich schlie\u00dflich gepackt und es sollte nicht bei einem Chorst\u00fcck bleiben.&nbsp;<br><br>Moon man, ein eigener Text, ist aus diesem Schwung heraus entstanden. Die Geschichte vom Mann im Mond ist f\u00fcr mich ein St\u00fcck Kindheitserinnerung. \u201ePeterchens Mondfahrt\u201c im Theater gesehen, unverge\u00dflich.<br><br>Phantastische Tiere, warum soll es keine Schildkr\u00f6te geben, die Opern singt, oder eine tonnenschwere Heuschrecke, die trotzdem wie eine Feder fliegt, oder gar eine Stachelmaus, die einen Karren mit pl\u00e4rrenden Wildkatzen spazieren f\u00e4hrt?&nbsp;<br><br>Und die traurige Geschichte von Igel und Agel von Christian Morgenstern, eine Geschichte von Liebe und einem leider ungl\u00fccklichen Ende. Wigula wagula waguleia w\u00fc&#8230;t\u00fc t\u00fc&#8230;&nbsp;<\/p>\n\n\n\n<p>Volker Blumenthaler: EIN GROSSES ROTES TELEFON&nbsp;<br>f\u00fcr zweistimmigen Chor (Sopran \/ Sopran) und Klavier<br>ISMN 979-0-700344-40-5 \/ MVN 92 (Part.)<br>24,- EUR<br>(M\u00fcnchen, 2018)<\/p>\n\n\n\n<div class=\"wp-block-buttons is-layout-flex wp-block-buttons-is-layout-flex\">\n<div class=\"wp-block-button\"><a class=\"wp-block-button__link wp-element-button\" href=\"https:\/\/www.musikverlag-nickel.eu\/NEWS-BLOG\/?product=blumenthaler-volker-ein-grosses-rotes-telefon\">Bestellen<\/a><\/div>\n<\/div>\n\n\n\n<figure class=\"wp-block-gallery has-nested-images columns-default is-cropped wp-block-gallery-1 is-layout-flex wp-block-gallery-is-layout-flex\">\n<figure class=\"wp-block-image size-large\"><img loading=\"lazy\" decoding=\"async\" width=\"595\" height=\"841\" data-id=\"1577\" src=\"https:\/\/www.musikverlag-nickel.eu\/NEWS-BLOG\/wp-content\/uploads\/2020\/09\/MVN-92_Bild-1-1.jpg\" alt=\"\" class=\"wp-image-1577\" srcset=\"http:\/\/www.musikverlag-nickel.eu\/NEWS-BLOG\/wp-content\/uploads\/2020\/09\/MVN-92_Bild-1-1.jpg 595w, http:\/\/www.musikverlag-nickel.eu\/NEWS-BLOG\/wp-content\/uploads\/2020\/09\/MVN-92_Bild-1-1-212x300.jpg 212w\" sizes=\"auto, (max-width: 595px) 100vw, 595px\" \/><\/figure>\n\n\n\n<figure class=\"wp-block-image size-large\"><img loading=\"lazy\" decoding=\"async\" width=\"595\" height=\"842\" data-id=\"1578\" src=\"https:\/\/www.musikverlag-nickel.eu\/NEWS-BLOG\/wp-content\/uploads\/2020\/09\/MVN-92_Bild-2.jpg\" alt=\"\" class=\"wp-image-1578\" srcset=\"http:\/\/www.musikverlag-nickel.eu\/NEWS-BLOG\/wp-content\/uploads\/2020\/09\/MVN-92_Bild-2.jpg 595w, http:\/\/www.musikverlag-nickel.eu\/NEWS-BLOG\/wp-content\/uploads\/2020\/09\/MVN-92_Bild-2-212x300.jpg 212w\" sizes=\"auto, (max-width: 595px) 100vw, 595px\" \/><\/figure>\n<\/figure>\n\n\n\n#Chor #Klavier\n","protected":false},"excerpt":{"rendered":"<p>Vorw\u00f6rtlich &#8230;eigentlich wollte ich das schon immer tun, das Moritz-Gedicht meines Freundes Otto Winzen vertonen. Er hatte es f\u00fcr meinen damals einj\u00e4hrigen Sohn Moritz Anfang der 80ger Jahre verfasst. Jetzt [&hellip;]<\/p>\n","protected":false},"author":1,"featured_media":0,"parent":1258,"menu_order":0,"comment_status":"closed","ping_status":"closed","template":"","meta":{"footnotes":""},"class_list":["post-1575","page","type-page","status-publish","hentry"],"_links":{"self":[{"href":"http:\/\/www.musikverlag-nickel.eu\/NEWS-BLOG\/index.php?rest_route=\/wp\/v2\/pages\/1575","targetHints":{"allow":["GET"]}}],"collection":[{"href":"http:\/\/www.musikverlag-nickel.eu\/NEWS-BLOG\/index.php?rest_route=\/wp\/v2\/pages"}],"about":[{"href":"http:\/\/www.musikverlag-nickel.eu\/NEWS-BLOG\/index.php?rest_route=\/wp\/v2\/types\/page"}],"author":[{"embeddable":true,"href":"http:\/\/www.musikverlag-nickel.eu\/NEWS-BLOG\/index.php?rest_route=\/wp\/v2\/users\/1"}],"replies":[{"embeddable":true,"href":"http:\/\/www.musikverlag-nickel.eu\/NEWS-BLOG\/index.php?rest_route=%2Fwp%2Fv2%2Fcomments&post=1575"}],"version-history":[{"count":4,"href":"http:\/\/www.musikverlag-nickel.eu\/NEWS-BLOG\/index.php?rest_route=\/wp\/v2\/pages\/1575\/revisions"}],"predecessor-version":[{"id":1920,"href":"http:\/\/www.musikverlag-nickel.eu\/NEWS-BLOG\/index.php?rest_route=\/wp\/v2\/pages\/1575\/revisions\/1920"}],"up":[{"embeddable":true,"href":"http:\/\/www.musikverlag-nickel.eu\/NEWS-BLOG\/index.php?rest_route=\/wp\/v2\/pages\/1258"}],"wp:attachment":[{"href":"http:\/\/www.musikverlag-nickel.eu\/NEWS-BLOG\/index.php?rest_route=%2Fwp%2Fv2%2Fmedia&parent=1575"}],"curies":[{"name":"wp","href":"https:\/\/api.w.org\/{rel}","templated":true}]}}

<p>Vorwörtlich<br><br>&#8230;eigentlich wollte ich das schon immer tun, das Moritz-Gedicht meines Freundes Otto Winzen vertonen. Er hatte es für meinen damals einjährigen Sohn Moritz Anfang der 80ger Jahre verfasst. Jetzt 2018 hatte es mich schließlich gepackt und es sollte nicht bei einem Chorstück bleiben.&nbsp;<br><br>Moon man, ein eigener Text, ist aus diesem Schwung heraus entstanden. Die Geschichte vom Mann im Mond ist für mich ein Stück Kindheitserinnerung. „Peterchens Mondfahrt“ im Theater gesehen, unvergeßlich.<br><br>Phantastische Tiere, warum soll es keine Schildkröte geben, die Opern singt, oder eine tonnenschwere Heuschrecke, die trotzdem wie eine Feder fliegt, oder gar eine Stachelmaus, die einen Karren mit plärrenden Wildkatzen spazieren fährt?&nbsp;<br><br>Und die traurige Geschichte von Igel und Agel von Christian Morgenstern, eine Geschichte von Liebe und einem leider unglücklichen Ende. Wigula wagula waguleia wü&#8230;tü tü&#8230;&nbsp;</p>



<p>Volker Blumenthaler: EIN GROSSES ROTES TELEFON&nbsp;<br>für zweistimmigen Chor (Sopran / Sopran) und Klavier<br>ISMN 979-0-700344-40-5 / MVN 92 (Part.)<br>24,- EUR<br>(München, 2018)</p>



<div class="wp-block-buttons is-layout-flex wp-block-buttons-is-layout-flex">
<div class="wp-block-button"><a class="wp-block-button__link wp-element-button" href="https://www.musikverlag-nickel.eu/NEWS-BLOG/?product=blumenthaler-volker-ein-grosses-rotes-telefon">Bestellen</a></div>
</div>



<figure class="wp-block-gallery has-nested-images columns-default is-cropped wp-block-gallery-1 is-layout-flex wp-block-gallery-is-layout-flex">
<figure class="wp-block-image size-large"><img loading="lazy" decoding="async" width="595" height="841" data-id="1577" src="https://www.musikverlag-nickel.eu/NEWS-BLOG/wp-content/uploads/2020/09/MVN-92_Bild-1-1.jpg" alt="" class="wp-image-1577" srcset="http://www.musikverlag-nickel.eu/NEWS-BLOG/wp-content/uploads/2020/09/MVN-92_Bild-1-1.jpg 595w, http://www.musikverlag-nickel.eu/NEWS-BLOG/wp-content/uploads/2020/09/MVN-92_Bild-1-1-212x300.jpg 212w" sizes="auto, (max-width: 595px) 100vw, 595px" /></figure>



<figure class="wp-block-image size-large"><img loading="lazy" decoding="async" width="595" height="842" data-id="1578" src="https://www.musikverlag-nickel.eu/NEWS-BLOG/wp-content/uploads/2020/09/MVN-92_Bild-2.jpg" alt="" class="wp-image-1578" srcset="http://www.musikverlag-nickel.eu/NEWS-BLOG/wp-content/uploads/2020/09/MVN-92_Bild-2.jpg 595w, http://www.musikverlag-nickel.eu/NEWS-BLOG/wp-content/uploads/2020/09/MVN-92_Bild-2-212x300.jpg 212w" sizes="auto, (max-width: 595px) 100vw, 595px" /></figure>
</figure>



#Chor #Klavier

<p>Vorwörtlich &#8230;eigentlich wollte ich das schon immer tun, das Moritz-Gedicht meines Freundes Otto Winzen vertonen. Er hatte es für meinen damals einjährigen Sohn Moritz Anfang der 80ger Jahre verfasst. Jetzt [&hellip;]</p>
