{"id":1749,"date":"2024-03-07T09:39:53","date_gmt":"2024-03-07T07:39:53","guid":{"rendered":"http:\/\/www.musikverlag-nickel.eu\/NEWS-BLOG\/?page_id=1749"},"modified":"2025-04-26T16:56:36","modified_gmt":"2025-04-26T14:56:36","slug":"jelek-2","status":"publish","type":"page","link":"http:\/\/www.musikverlag-nickel.eu\/NEWS-BLOG\/?page_id=1749","title":{"rendered":"Jelek (Akk.)"},"content":{"rendered":"\n<p>Bearbeitet f\u00fcr Akkordeon von Hugo Noth.<\/p>\n\n\n\n<p>Andr\u00e1s Hamary: JELEK<br>7 St\u00fccke f\u00fcr Akkordeon nach den Klavierst\u00fccken \u201eJelek\u201c (1999), bearbeitet von Hugo Noth (2022\/23) <br>ISMN 979-0-700344-47-4 \/ MVN 100 (Part.)<br>29 ,- EUR<br>(M\u00fcnchen, 2023)<\/p>\n\n\n\n<p><strong>Inhalt<\/strong><\/p>\n\n\n\n<p>1. Flamme&nbsp;&nbsp;&nbsp; &nbsp;&nbsp;&nbsp; &nbsp;&nbsp;&nbsp; &nbsp; &nbsp;&nbsp;&nbsp; &nbsp;&nbsp;&nbsp; &nbsp;&nbsp;&nbsp;&nbsp;<br>2. Tastenbrecher<br>3. Licht und Schatten &nbsp;&nbsp;&nbsp; &nbsp;&nbsp;&nbsp; &nbsp;&nbsp;&nbsp; &nbsp;&nbsp;&nbsp; &nbsp;&nbsp;&nbsp;&nbsp;<br>4. Die grosse Maschine &nbsp;&nbsp;&nbsp; &nbsp;&nbsp;&nbsp; &nbsp;&nbsp;<br>5. Sternenklang&nbsp;&nbsp;&nbsp; &nbsp;&nbsp;&nbsp; &nbsp;&nbsp;&nbsp; &nbsp; &nbsp;&nbsp;&nbsp; &nbsp;&nbsp;&nbsp; &nbsp;&nbsp;&nbsp;&nbsp;<br>6. Gewaltmarsch<br>7. Galaxie &nbsp;&nbsp;&nbsp; &nbsp;&nbsp;&nbsp; &nbsp;&nbsp;&nbsp; &nbsp;&nbsp;<\/p>\n\n\n\n<div class=\"wp-block-buttons is-layout-flex wp-block-buttons-is-layout-flex\">\n<div class=\"wp-block-button\"><a class=\"wp-block-button__link wp-element-button\" href=\"https:\/\/www.musikverlag-nickel.eu\/NEWS-BLOG\/?product=andras-hamary-jelek-fassung-fuer-akkordeon\">Bestellen<\/a><\/div>\n<\/div>\n\n\n\n<figure class=\"wp-block-gallery has-nested-images columns-default is-cropped wp-block-gallery-1 is-layout-flex wp-block-gallery-is-layout-flex\">\n<figure class=\"wp-block-image size-large\"><a href=\"http:\/\/www.musikverlag-nickel.eu\/NEWS-BLOG\/wp-content\/uploads\/2024\/03\/MVN-100_Bild-1.jpg\"><img loading=\"lazy\" decoding=\"async\" width=\"595\" height=\"841\" data-id=\"1746\" src=\"http:\/\/www.musikverlag-nickel.eu\/NEWS-BLOG\/wp-content\/uploads\/2024\/03\/MVN-100_Bild-1.jpg\" alt=\"\" class=\"wp-image-1746\" srcset=\"http:\/\/www.musikverlag-nickel.eu\/NEWS-BLOG\/wp-content\/uploads\/2024\/03\/MVN-100_Bild-1.jpg 595w, http:\/\/www.musikverlag-nickel.eu\/NEWS-BLOG\/wp-content\/uploads\/2024\/03\/MVN-100_Bild-1-212x300.jpg 212w\" sizes=\"auto, (max-width: 595px) 100vw, 595px\" \/><\/a><\/figure>\n\n\n\n<figure class=\"wp-block-image size-large\"><a href=\"http:\/\/www.musikverlag-nickel.eu\/NEWS-BLOG\/wp-content\/uploads\/2024\/03\/MVN-100_Bild-2.jpg\"><img loading=\"lazy\" decoding=\"async\" width=\"595\" height=\"842\" data-id=\"1747\" src=\"http:\/\/www.musikverlag-nickel.eu\/NEWS-BLOG\/wp-content\/uploads\/2024\/03\/MVN-100_Bild-2.jpg\" alt=\"\" class=\"wp-image-1747\" srcset=\"http:\/\/www.musikverlag-nickel.eu\/NEWS-BLOG\/wp-content\/uploads\/2024\/03\/MVN-100_Bild-2.jpg 595w, http:\/\/www.musikverlag-nickel.eu\/NEWS-BLOG\/wp-content\/uploads\/2024\/03\/MVN-100_Bild-2-212x300.jpg 212w\" sizes=\"auto, (max-width: 595px) 100vw, 595px\" \/><\/a><\/figure>\n<\/figure>\n\n\n\n<p>#Akkordeon<\/p>\n\n\n\n<p><\/p>\n\n\n\n<p><\/p>\n\n\n\n<p><\/p>\n\n\n\n<p><\/p>\n\n\n\n<p><\/p>\n","protected":false},"excerpt":{"rendered":"<p>Bearbeitet f\u00fcr Akkordeon von Hugo Noth. Andr\u00e1s Hamary: JELEK7 St\u00fccke f\u00fcr Akkordeon nach den Klavierst\u00fccken \u201eJelek\u201c (1999), bearbeitet von Hugo Noth (2022\/23) ISMN 979-0-700344-47-4 \/ MVN 100 (Part.)29 ,- EUR(M\u00fcnchen, [&hellip;]<\/p>\n","protected":false},"author":1,"featured_media":0,"parent":1181,"menu_order":0,"comment_status":"closed","ping_status":"closed","template":"","meta":{"footnotes":""},"class_list":["post-1749","page","type-page","status-publish","hentry"],"_links":{"self":[{"href":"http:\/\/www.musikverlag-nickel.eu\/NEWS-BLOG\/index.php?rest_route=\/wp\/v2\/pages\/1749","targetHints":{"allow":["GET"]}}],"collection":[{"href":"http:\/\/www.musikverlag-nickel.eu\/NEWS-BLOG\/index.php?rest_route=\/wp\/v2\/pages"}],"about":[{"href":"http:\/\/www.musikverlag-nickel.eu\/NEWS-BLOG\/index.php?rest_route=\/wp\/v2\/types\/page"}],"author":[{"embeddable":true,"href":"http:\/\/www.musikverlag-nickel.eu\/NEWS-BLOG\/index.php?rest_route=\/wp\/v2\/users\/1"}],"replies":[{"embeddable":true,"href":"http:\/\/www.musikverlag-nickel.eu\/NEWS-BLOG\/index.php?rest_route=%2Fwp%2Fv2%2Fcomments&post=1749"}],"version-history":[{"count":6,"href":"http:\/\/www.musikverlag-nickel.eu\/NEWS-BLOG\/index.php?rest_route=\/wp\/v2\/pages\/1749\/revisions"}],"predecessor-version":[{"id":1926,"href":"http:\/\/www.musikverlag-nickel.eu\/NEWS-BLOG\/index.php?rest_route=\/wp\/v2\/pages\/1749\/revisions\/1926"}],"up":[{"embeddable":true,"href":"http:\/\/www.musikverlag-nickel.eu\/NEWS-BLOG\/index.php?rest_route=\/wp\/v2\/pages\/1181"}],"wp:attachment":[{"href":"http:\/\/www.musikverlag-nickel.eu\/NEWS-BLOG\/index.php?rest_route=%2Fwp%2Fv2%2Fmedia&parent=1749"}],"curies":[{"name":"wp","href":"https:\/\/api.w.org\/{rel}","templated":true}]}}

<p>Bearbeitet für Akkordeon von Hugo Noth.</p>



<p>András Hamary: JELEK<br>7 Stücke für Akkordeon nach den Klavierstücken „Jelek“ (1999), bearbeitet von Hugo Noth (2022/23) <br>ISMN 979-0-700344-47-4 / MVN 100 (Part.)<br>29 ,- EUR<br>(München, 2023)</p>



<p><strong>Inhalt</strong></p>



<p>1. Flamme&nbsp;&nbsp;&nbsp; &nbsp;&nbsp;&nbsp; &nbsp;&nbsp;&nbsp; &nbsp; &nbsp;&nbsp;&nbsp; &nbsp;&nbsp;&nbsp; &nbsp;&nbsp;&nbsp;&nbsp;<br>2. Tastenbrecher<br>3. Licht und Schatten &nbsp;&nbsp;&nbsp; &nbsp;&nbsp;&nbsp; &nbsp;&nbsp;&nbsp; &nbsp;&nbsp;&nbsp; &nbsp;&nbsp;&nbsp;&nbsp;<br>4. Die grosse Maschine &nbsp;&nbsp;&nbsp; &nbsp;&nbsp;&nbsp; &nbsp;&nbsp;<br>5. Sternenklang&nbsp;&nbsp;&nbsp; &nbsp;&nbsp;&nbsp; &nbsp;&nbsp;&nbsp; &nbsp; &nbsp;&nbsp;&nbsp; &nbsp;&nbsp;&nbsp; &nbsp;&nbsp;&nbsp;&nbsp;<br>6. Gewaltmarsch<br>7. Galaxie &nbsp;&nbsp;&nbsp; &nbsp;&nbsp;&nbsp; &nbsp;&nbsp;&nbsp; &nbsp;&nbsp;</p>



<div class="wp-block-buttons is-layout-flex wp-block-buttons-is-layout-flex">
<div class="wp-block-button"><a class="wp-block-button__link wp-element-button" href="https://www.musikverlag-nickel.eu/NEWS-BLOG/?product=andras-hamary-jelek-fassung-fuer-akkordeon">Bestellen</a></div>
</div>



<figure class="wp-block-gallery has-nested-images columns-default is-cropped wp-block-gallery-1 is-layout-flex wp-block-gallery-is-layout-flex">
<figure class="wp-block-image size-large"><a href="http://www.musikverlag-nickel.eu/NEWS-BLOG/wp-content/uploads/2024/03/MVN-100_Bild-1.jpg"><img loading="lazy" decoding="async" width="595" height="841" data-id="1746" src="http://www.musikverlag-nickel.eu/NEWS-BLOG/wp-content/uploads/2024/03/MVN-100_Bild-1.jpg" alt="" class="wp-image-1746" srcset="http://www.musikverlag-nickel.eu/NEWS-BLOG/wp-content/uploads/2024/03/MVN-100_Bild-1.jpg 595w, http://www.musikverlag-nickel.eu/NEWS-BLOG/wp-content/uploads/2024/03/MVN-100_Bild-1-212x300.jpg 212w" sizes="auto, (max-width: 595px) 100vw, 595px" /></a></figure>



<figure class="wp-block-image size-large"><a href="http://www.musikverlag-nickel.eu/NEWS-BLOG/wp-content/uploads/2024/03/MVN-100_Bild-2.jpg"><img loading="lazy" decoding="async" width="595" height="842" data-id="1747" src="http://www.musikverlag-nickel.eu/NEWS-BLOG/wp-content/uploads/2024/03/MVN-100_Bild-2.jpg" alt="" class="wp-image-1747" srcset="http://www.musikverlag-nickel.eu/NEWS-BLOG/wp-content/uploads/2024/03/MVN-100_Bild-2.jpg 595w, http://www.musikverlag-nickel.eu/NEWS-BLOG/wp-content/uploads/2024/03/MVN-100_Bild-2-212x300.jpg 212w" sizes="auto, (max-width: 595px) 100vw, 595px" /></a></figure>
</figure>



<p>#Akkordeon</p>



<p></p>



<p></p>



<p></p>



<p></p>



<p></p>

<p>Bearbeitet für Akkordeon von Hugo Noth. András Hamary: JELEK7 Stücke für Akkordeon nach den Klavierstücken „Jelek“ (1999), bearbeitet von Hugo Noth (2022/23) ISMN 979-0-700344-47-4 / MVN 100 (Part.)29 ,- EUR(München, [&hellip;]</p>
