{"id":1511,"date":"2019-04-25T08:52:29","date_gmt":"2019-04-25T06:52:29","guid":{"rendered":"http:\/\/www.musikverlag-nickel.eu\/NEWS-BLOG\/?post_type=tribe_events&#038;p=1511"},"modified":"2019-05-12T12:06:35","modified_gmt":"2019-05-12T10:06:35","slug":"ot-stuecke-fuer-klavier","status":"publish","type":"tribe_events","link":"http:\/\/www.musikverlag-nickel.eu\/NEWS-BLOG\/?tribe_events=ot-stuecke-fuer-klavier","title":{"rendered":"OT &#8211; St\u00fccke f\u00fcr Klavier"},"content":{"rendered":"<p>Volker Blumenthaler:\u00a0OT &#8211; St\u00fccke f\u00fcr Klavier<\/p>\n<p>Uta Walther, Klavier<\/p>\n<p>12.05.2019, 15 Uhr Villa Teepe &#8211; Heisterstra\u00dfe 41, 90441 N\u00fcrnberg<\/p>\n","protected":false},"excerpt":{"rendered":"<p>Volker Blumenthaler:\u00a0OT &#8211; St\u00fccke f\u00fcr Klavier Uta Walther, Klavier 12.05.2019, 15 Uhr Villa Teepe &#8211; Heisterstra\u00dfe 41, 90441 N\u00fcrnberg<\/p>\n","protected":false},"author":1,"featured_media":0,"template":"","meta":{"_tribe_events_status":"","_tribe_events_status_reason":"","footnotes":""},"tags":[],"tribe_events_cat":[],"class_list":["post-1511","tribe_events","type-tribe_events","status-publish","hentry"],"_links":{"self":[{"href":"http:\/\/www.musikverlag-nickel.eu\/NEWS-BLOG\/index.php?rest_route=\/wp\/v2\/tribe_events\/1511","targetHints":{"allow":["GET"]}}],"collection":[{"href":"http:\/\/www.musikverlag-nickel.eu\/NEWS-BLOG\/index.php?rest_route=\/wp\/v2\/tribe_events"}],"about":[{"href":"http:\/\/www.musikverlag-nickel.eu\/NEWS-BLOG\/index.php?rest_route=\/wp\/v2\/types\/tribe_events"}],"author":[{"embeddable":true,"href":"http:\/\/www.musikverlag-nickel.eu\/NEWS-BLOG\/index.php?rest_route=\/wp\/v2\/users\/1"}],"version-history":[{"count":2,"href":"http:\/\/www.musikverlag-nickel.eu\/NEWS-BLOG\/index.php?rest_route=\/wp\/v2\/tribe_events\/1511\/revisions"}],"predecessor-version":[{"id":1562,"href":"http:\/\/www.musikverlag-nickel.eu\/NEWS-BLOG\/index.php?rest_route=\/wp\/v2\/tribe_events\/1511\/revisions\/1562"}],"wp:attachment":[{"href":"http:\/\/www.musikverlag-nickel.eu\/NEWS-BLOG\/index.php?rest_route=%2Fwp%2Fv2%2Fmedia&parent=1511"}],"wp:term":[{"taxonomy":"post_tag","embeddable":true,"href":"http:\/\/www.musikverlag-nickel.eu\/NEWS-BLOG\/index.php?rest_route=%2Fwp%2Fv2%2Ftags&post=1511"},{"taxonomy":"tribe_events_cat","embeddable":true,"href":"http:\/\/www.musikverlag-nickel.eu\/NEWS-BLOG\/index.php?rest_route=%2Fwp%2Fv2%2Ftribe_events_cat&post=1511"}],"curies":[{"name":"wp","href":"https:\/\/api.w.org\/{rel}","templated":true}]}}

OT &#8211; Stücke für Klavier

<p>Volker Blumenthaler: OT &#8211; Stücke für Klavier</p>
<p>Uta Walther, Klavier</p>
<p>12.05.2019, 15 Uhr Villa Teepe &#8211; Heisterstraße 41, 90441 Nürnberg</p>

<p>Volker Blumenthaler: OT &#8211; Stücke für Klavier Uta Walther, Klavier 12.05.2019, 15 Uhr Villa Teepe &#8211; Heisterstraße 41, 90441 Nürnberg</p>
