{"id":1980,"date":"2025-04-28T16:08:20","date_gmt":"2025-04-28T14:08:20","guid":{"rendered":"https:\/\/www.musikverlag-nickel.eu\/NEWS-BLOG\/?page_id=1980"},"modified":"2025-04-28T16:28:56","modified_gmt":"2025-04-28T14:28:56","slug":"alpluft","status":"publish","type":"page","link":"https:\/\/www.musikverlag-nickel.eu\/NEWS-BLOG\/?page_id=1980","title":{"rendered":"ALPLUFT"},"content":{"rendered":"\n<p>\u201eAlpluft\u201c f\u00fcr Klarinette f\u00fchrt die 2014 mit \u201eDrei Jodler\u201c f\u00fcr Violoncello begonnene Serie kurzer Solost\u00fccke fort, deren Klanglandschaften insbesondere alpine Topographien spiegeln. Der alpenl\u00e4ndische Jodler, mit seiner weitr\u00e4umigen Melodik ein treffliches Pendant zur alpinen Berglandschaft, ist jedoch nicht der einzige Inspirationsquell dieser St\u00fccke. Jodeltechniken etwa der Hirten Lapplands und Schwedens und ganz besonders der Pygm\u00e4en Zentralafrikas spielen in der melodischen Faktur der St\u00fccke eine nicht minder wichtige Rolle.<\/p>\n\n\n\n<p>Markus Schmitt: ALPLUFT<br>Jodler und Juchetzer<br>f\u00fcr Klarinette solo<br>ISMN 979-0-700344-21-4 \/ MVN 74 (Part.)<br>22,- EUR<br>(M\u00fcnchen 2016)<\/p>\n\n\n\n<div class=\"wp-block-buttons is-layout-flex wp-block-buttons-is-layout-flex\">\n<div class=\"wp-block-button\"><a class=\"wp-block-button__link wp-element-button\" href=\"https:\/\/www.musikverlag-nickel.eu\/NEWS-BLOG\/?product=schmitt-markus-alpluft\">Bestellen<\/a><\/div>\n<\/div>\n\n\n\n<figure class=\"wp-block-gallery has-nested-images columns-default is-cropped wp-block-gallery-1 is-layout-flex wp-block-gallery-is-layout-flex\">\n<figure class=\"wp-block-image size-large\"><a href=\"https:\/\/www.musikverlag-nickel.eu\/NEWS-BLOG\/wp-content\/uploads\/2015\/05\/MVN-74_Bild-1.jpg\"><img loading=\"lazy\" decoding=\"async\" width=\"724\" height=\"1024\" data-id=\"615\" src=\"https:\/\/www.musikverlag-nickel.eu\/NEWS-BLOG\/wp-content\/uploads\/2015\/05\/MVN-74_Bild-1-724x1024.jpg\" alt=\"\" class=\"wp-image-615\" srcset=\"https:\/\/www.musikverlag-nickel.eu\/NEWS-BLOG\/wp-content\/uploads\/2015\/05\/MVN-74_Bild-1-724x1024.jpg 724w, https:\/\/www.musikverlag-nickel.eu\/NEWS-BLOG\/wp-content\/uploads\/2015\/05\/MVN-74_Bild-1-600x848.jpg 600w, https:\/\/www.musikverlag-nickel.eu\/NEWS-BLOG\/wp-content\/uploads\/2015\/05\/MVN-74_Bild-1-212x300.jpg 212w, https:\/\/www.musikverlag-nickel.eu\/NEWS-BLOG\/wp-content\/uploads\/2015\/05\/MVN-74_Bild-1-680x961.jpg 680w, https:\/\/www.musikverlag-nickel.eu\/NEWS-BLOG\/wp-content\/uploads\/2015\/05\/MVN-74_Bild-1-920x1301.jpg 920w, https:\/\/www.musikverlag-nickel.eu\/NEWS-BLOG\/wp-content\/uploads\/2015\/05\/MVN-74_Bild-1.jpg 1240w\" sizes=\"auto, (max-width: 724px) 100vw, 724px\" \/><\/a><\/figure>\n\n\n\n<figure class=\"wp-block-image size-large\"><a href=\"https:\/\/www.musikverlag-nickel.eu\/NEWS-BLOG\/wp-content\/uploads\/2025\/04\/MVN-74_Bild-2.jpg\"><img loading=\"lazy\" decoding=\"async\" width=\"595\" height=\"841\" data-id=\"1981\" src=\"https:\/\/www.musikverlag-nickel.eu\/NEWS-BLOG\/wp-content\/uploads\/2025\/04\/MVN-74_Bild-2.jpg\" alt=\"\" class=\"wp-image-1981\" srcset=\"https:\/\/www.musikverlag-nickel.eu\/NEWS-BLOG\/wp-content\/uploads\/2025\/04\/MVN-74_Bild-2.jpg 595w, https:\/\/www.musikverlag-nickel.eu\/NEWS-BLOG\/wp-content\/uploads\/2025\/04\/MVN-74_Bild-2-212x300.jpg 212w\" sizes=\"auto, (max-width: 595px) 100vw, 595px\" \/><\/a><\/figure>\n<\/figure>\n\n\n\n<p>#Klarinette<\/p>\n","protected":false},"excerpt":{"rendered":"<p>\u201eAlpluft\u201c f\u00fcr Klarinette f\u00fchrt die 2014 mit \u201eDrei Jodler\u201c f\u00fcr Violoncello begonnene Serie kurzer Solost\u00fccke fort, deren Klanglandschaften insbesondere alpine Topographien spiegeln. Der alpenl\u00e4ndische Jodler, mit seiner weitr\u00e4umigen Melodik ein [&hellip;]<\/p>\n","protected":false},"author":1,"featured_media":0,"parent":1128,"menu_order":0,"comment_status":"closed","ping_status":"closed","template":"","meta":{"footnotes":""},"class_list":["post-1980","page","type-page","status-publish","hentry"],"_links":{"self":[{"href":"https:\/\/www.musikverlag-nickel.eu\/NEWS-BLOG\/index.php?rest_route=\/wp\/v2\/pages\/1980","targetHints":{"allow":["GET"]}}],"collection":[{"href":"https:\/\/www.musikverlag-nickel.eu\/NEWS-BLOG\/index.php?rest_route=\/wp\/v2\/pages"}],"about":[{"href":"https:\/\/www.musikverlag-nickel.eu\/NEWS-BLOG\/index.php?rest_route=\/wp\/v2\/types\/page"}],"author":[{"embeddable":true,"href":"https:\/\/www.musikverlag-nickel.eu\/NEWS-BLOG\/index.php?rest_route=\/wp\/v2\/users\/1"}],"replies":[{"embeddable":true,"href":"https:\/\/www.musikverlag-nickel.eu\/NEWS-BLOG\/index.php?rest_route=%2Fwp%2Fv2%2Fcomments&post=1980"}],"version-history":[{"count":5,"href":"https:\/\/www.musikverlag-nickel.eu\/NEWS-BLOG\/index.php?rest_route=\/wp\/v2\/pages\/1980\/revisions"}],"predecessor-version":[{"id":1996,"href":"https:\/\/www.musikverlag-nickel.eu\/NEWS-BLOG\/index.php?rest_route=\/wp\/v2\/pages\/1980\/revisions\/1996"}],"up":[{"embeddable":true,"href":"https:\/\/www.musikverlag-nickel.eu\/NEWS-BLOG\/index.php?rest_route=\/wp\/v2\/pages\/1128"}],"wp:attachment":[{"href":"https:\/\/www.musikverlag-nickel.eu\/NEWS-BLOG\/index.php?rest_route=%2Fwp%2Fv2%2Fmedia&parent=1980"}],"curies":[{"name":"wp","href":"https:\/\/api.w.org\/{rel}","templated":true}]}}

<p>„Alpluft“ für Klarinette führt die 2014 mit „Drei Jodler“ für Violoncello begonnene Serie kurzer Solostücke fort, deren Klanglandschaften insbesondere alpine Topographien spiegeln. Der alpenländische Jodler, mit seiner weiträumigen Melodik ein treffliches Pendant zur alpinen Berglandschaft, ist jedoch nicht der einzige Inspirationsquell dieser Stücke. Jodeltechniken etwa der Hirten Lapplands und Schwedens und ganz besonders der Pygmäen Zentralafrikas spielen in der melodischen Faktur der Stücke eine nicht minder wichtige Rolle.</p>



<p>Markus Schmitt: ALPLUFT<br>Jodler und Juchetzer<br>für Klarinette solo<br>ISMN 979-0-700344-21-4 / MVN 74 (Part.)<br>22,- EUR<br>(München 2016)</p>



<div class="wp-block-buttons is-layout-flex wp-block-buttons-is-layout-flex">
<div class="wp-block-button"><a class="wp-block-button__link wp-element-button" href="https://www.musikverlag-nickel.eu/NEWS-BLOG/?product=schmitt-markus-alpluft">Bestellen</a></div>
</div>



<figure class="wp-block-gallery has-nested-images columns-default is-cropped wp-block-gallery-1 is-layout-flex wp-block-gallery-is-layout-flex">
<figure class="wp-block-image size-large"><a href="https://www.musikverlag-nickel.eu/NEWS-BLOG/wp-content/uploads/2015/05/MVN-74_Bild-1.jpg"><img loading="lazy" decoding="async" width="724" height="1024" data-id="615" src="https://www.musikverlag-nickel.eu/NEWS-BLOG/wp-content/uploads/2015/05/MVN-74_Bild-1-724x1024.jpg" alt="" class="wp-image-615" srcset="https://www.musikverlag-nickel.eu/NEWS-BLOG/wp-content/uploads/2015/05/MVN-74_Bild-1-724x1024.jpg 724w, https://www.musikverlag-nickel.eu/NEWS-BLOG/wp-content/uploads/2015/05/MVN-74_Bild-1-600x848.jpg 600w, https://www.musikverlag-nickel.eu/NEWS-BLOG/wp-content/uploads/2015/05/MVN-74_Bild-1-212x300.jpg 212w, https://www.musikverlag-nickel.eu/NEWS-BLOG/wp-content/uploads/2015/05/MVN-74_Bild-1-680x961.jpg 680w, https://www.musikverlag-nickel.eu/NEWS-BLOG/wp-content/uploads/2015/05/MVN-74_Bild-1-920x1301.jpg 920w, https://www.musikverlag-nickel.eu/NEWS-BLOG/wp-content/uploads/2015/05/MVN-74_Bild-1.jpg 1240w" sizes="auto, (max-width: 724px) 100vw, 724px" /></a></figure>



<figure class="wp-block-image size-large"><a href="https://www.musikverlag-nickel.eu/NEWS-BLOG/wp-content/uploads/2025/04/MVN-74_Bild-2.jpg"><img loading="lazy" decoding="async" width="595" height="841" data-id="1981" src="https://www.musikverlag-nickel.eu/NEWS-BLOG/wp-content/uploads/2025/04/MVN-74_Bild-2.jpg" alt="" class="wp-image-1981" srcset="https://www.musikverlag-nickel.eu/NEWS-BLOG/wp-content/uploads/2025/04/MVN-74_Bild-2.jpg 595w, https://www.musikverlag-nickel.eu/NEWS-BLOG/wp-content/uploads/2025/04/MVN-74_Bild-2-212x300.jpg 212w" sizes="auto, (max-width: 595px) 100vw, 595px" /></a></figure>
</figure>



<p>#Klarinette</p>

<p>„Alpluft“ für Klarinette führt die 2014 mit „Drei Jodler“ für Violoncello begonnene Serie kurzer Solostücke fort, deren Klanglandschaften insbesondere alpine Topographien spiegeln. Der alpenländische Jodler, mit seiner weiträumigen Melodik ein [&hellip;]</p>
