{"id":2046,"date":"2025-05-09T10:29:02","date_gmt":"2025-05-09T08:29:02","guid":{"rendered":"https:\/\/www.musikverlag-nickel.eu\/NEWS-BLOG\/?page_id=2046"},"modified":"2025-05-09T10:52:52","modified_gmt":"2025-05-09T08:52:52","slug":"jean-paulsche-bagatellen","status":"publish","type":"page","link":"https:\/\/www.musikverlag-nickel.eu\/NEWS-BLOG\/?page_id=2046","title":{"rendered":"JEAN-PAULSCHE BAGATELLEN"},"content":{"rendered":"\n<p>Eine erste Fassung der Jean-Paulschen Bagatellen entstand im Sp\u00e4tsommer 1992 als Nachrede zum eben vollendeten Klaviertrio Siebenk\u00e4s-Musik und als Geburtstagsgru\u00df f\u00fcr meinen langj\u00e4hrigen Kompositionslehrer Wilhelm Killmayer. Mein Plan war, eine der schillernden, verwickelten, beziehungs- und anspielungsreichen Prosa Jean Pauls \u00e4hnlich geartete musikalische Prosa gegen\u00fcber zu stellen und dabei mit H\u00f6rerwartungen zu spielen: Scheinbar Vertrautes sollte sich als befremdlich entpuppen, Vision\u00e4res und N\u00fcchternes, Groteskes und Erbauliches, Empfindsames und Grobschl\u00e4chtiges unmittelbar aufeinandertreffen oder ineinander gehen.&nbsp;<\/p>\n\n\n\n<p>Da ich nicht glaube, dass musikalisches \u201eMaterial\u201c sich per se abnutzt, sondern allenfalls die Art und Weise eines bestimmten (historischen) Umgangs mit ihm, entlieh ich aus der Musiksprache komponierender Wesensverwandter Jean Pauls &#8211; etwa dem sp\u00e4ten Beethoven, auch Schubert und insbesondere Schumann &#8211; das an Vokabular und Grammatik, was mir noch immer frisch und unverbraucht erschien, um es mit meiner eigenen musikalischen Rhetorik zu verschmelzen.&nbsp;<\/p>\n\n\n\n<p>Mehr noch als die Siebenk\u00e4s-Musik verlangen die Jean-Paulschen Bagatellen den raschen, unvermittelten Wechsel in der Musizierhaltung von ihren Interpreten. Der nerv\u00f6s-flatterhafte, unstete Charakter, das Ausscheren, Umbiegen, Innehalten und Entfliehen der Musik ist hier gewisserma\u00dfen das Thema selbst. Bei der Arbeit an der hier vorliegenden Fassung stellte ich erstaunt fest, dass in den ersten acht Takten &#8211; trotz ihres rhapsodischen Charakters &#8211; bereits all die motivischen Elemente in nuce enthalten sind, die im weiteren Verlauf des St\u00fcckes den unberechenbaren Wandlungen eines sanguinischen Temperamentes unterworfen werden.<\/p>\n\n\n\n<p>Markus Schmitt: JEAN-PAULSCHE BAGATELLEN<br>f\u00fcr Wilhelm Killmayer zum 65. Geburtstag<br>Fassung f\u00fcr Violoncello und Harfe<br>ISMN 979-0-700344-68-9 \/\u00a0MVN 18 (Part.)<br>26,- EUR<br>(M\u00fcnchen, 2014)<\/p>\n\n\n\n<div class=\"wp-block-buttons is-layout-flex wp-block-buttons-is-layout-flex\">\n<div class=\"wp-block-button\"><a class=\"wp-block-button__link wp-element-button\" href=\"https:\/\/www.musikverlag-nickel.eu\/NEWS-BLOG\/?product=schmitt-markus-jean-paulsche-bagatellen-vcl-hrf\">Bestellen<\/a><\/div>\n<\/div>\n\n\n\n<figure class=\"wp-block-gallery has-nested-images columns-default is-cropped wp-block-gallery-1 is-layout-flex wp-block-gallery-is-layout-flex\">\n<figure class=\"wp-block-image size-large\"><a href=\"https:\/\/www.musikverlag-nickel.eu\/NEWS-BLOG\/wp-content\/uploads\/2025\/05\/MVN-18_Bild-1.jpg\"><img loading=\"lazy\" decoding=\"async\" width=\"724\" height=\"1024\" data-id=\"2047\" src=\"https:\/\/www.musikverlag-nickel.eu\/NEWS-BLOG\/wp-content\/uploads\/2025\/05\/MVN-18_Bild-1-724x1024.jpg\" alt=\"\" class=\"wp-image-2047\" srcset=\"https:\/\/www.musikverlag-nickel.eu\/NEWS-BLOG\/wp-content\/uploads\/2025\/05\/MVN-18_Bild-1-724x1024.jpg 724w, https:\/\/www.musikverlag-nickel.eu\/NEWS-BLOG\/wp-content\/uploads\/2025\/05\/MVN-18_Bild-1-212x300.jpg 212w, https:\/\/www.musikverlag-nickel.eu\/NEWS-BLOG\/wp-content\/uploads\/2025\/05\/MVN-18_Bild-1-768x1086.jpg 768w, https:\/\/www.musikverlag-nickel.eu\/NEWS-BLOG\/wp-content\/uploads\/2025\/05\/MVN-18_Bild-1-1087x1536.jpg 1087w, https:\/\/www.musikverlag-nickel.eu\/NEWS-BLOG\/wp-content\/uploads\/2025\/05\/MVN-18_Bild-1-680x961.jpg 680w, https:\/\/www.musikverlag-nickel.eu\/NEWS-BLOG\/wp-content\/uploads\/2025\/05\/MVN-18_Bild-1-920x1301.jpg 920w, https:\/\/www.musikverlag-nickel.eu\/NEWS-BLOG\/wp-content\/uploads\/2025\/05\/MVN-18_Bild-1-600x848.jpg 600w, https:\/\/www.musikverlag-nickel.eu\/NEWS-BLOG\/wp-content\/uploads\/2025\/05\/MVN-18_Bild-1.jpg 1240w\" sizes=\"auto, (max-width: 724px) 100vw, 724px\" \/><\/a><\/figure>\n\n\n\n<figure class=\"wp-block-image size-large\"><a href=\"https:\/\/www.musikverlag-nickel.eu\/NEWS-BLOG\/wp-content\/uploads\/2025\/05\/MVN-18_Bild-2.jpg\"><img loading=\"lazy\" decoding=\"async\" width=\"723\" height=\"1024\" data-id=\"2048\" src=\"https:\/\/www.musikverlag-nickel.eu\/NEWS-BLOG\/wp-content\/uploads\/2025\/05\/MVN-18_Bild-2-723x1024.jpg\" alt=\"\" class=\"wp-image-2048\" srcset=\"https:\/\/www.musikverlag-nickel.eu\/NEWS-BLOG\/wp-content\/uploads\/2025\/05\/MVN-18_Bild-2-723x1024.jpg 723w, https:\/\/www.musikverlag-nickel.eu\/NEWS-BLOG\/wp-content\/uploads\/2025\/05\/MVN-18_Bild-2-212x300.jpg 212w, https:\/\/www.musikverlag-nickel.eu\/NEWS-BLOG\/wp-content\/uploads\/2025\/05\/MVN-18_Bild-2-768x1087.jpg 768w, https:\/\/www.musikverlag-nickel.eu\/NEWS-BLOG\/wp-content\/uploads\/2025\/05\/MVN-18_Bild-2-1085x1536.jpg 1085w, https:\/\/www.musikverlag-nickel.eu\/NEWS-BLOG\/wp-content\/uploads\/2025\/05\/MVN-18_Bild-2-680x963.jpg 680w, https:\/\/www.musikverlag-nickel.eu\/NEWS-BLOG\/wp-content\/uploads\/2025\/05\/MVN-18_Bild-2-920x1302.jpg 920w, https:\/\/www.musikverlag-nickel.eu\/NEWS-BLOG\/wp-content\/uploads\/2025\/05\/MVN-18_Bild-2-600x849.jpg 600w, https:\/\/www.musikverlag-nickel.eu\/NEWS-BLOG\/wp-content\/uploads\/2025\/05\/MVN-18_Bild-2.jpg 1239w\" sizes=\"auto, (max-width: 723px) 100vw, 723px\" \/><\/a><\/figure>\n<\/figure>\n\n\n\n<p>Markus Schmitt: JEAN-PAULSCHE BAGATELLEN<br>f\u00fcr Wilhelm Killmayer zum 65. Geburtstag<br>Fassung f\u00fcr Viola und Harfe<br>ISMN 979-0-700344-93-1 \/\u00a0MVN 46 (Part.)<br>26,- EUR<br>(M\u00fcnchen, 2014)<\/p>\n\n\n\n<div class=\"wp-block-buttons is-layout-flex wp-block-buttons-is-layout-flex\">\n<div class=\"wp-block-button\"><a class=\"wp-block-button__link wp-element-button\" href=\"https:\/\/www.musikverlag-nickel.eu\/NEWS-BLOG\/?product=schmitt-markus-jean-paulsche-bagatellen-vla-hrf\">Bestellen<\/a><\/div>\n<\/div>\n\n\n\n<figure class=\"wp-block-gallery has-nested-images columns-default is-cropped wp-block-gallery-2 is-layout-flex wp-block-gallery-is-layout-flex\">\n<figure class=\"wp-block-image size-large\"><a href=\"https:\/\/www.musikverlag-nickel.eu\/NEWS-BLOG\/wp-content\/uploads\/2025\/05\/MVN-46_Bild-1.jpg\"><img loading=\"lazy\" decoding=\"async\" width=\"724\" height=\"1024\" data-id=\"2049\" src=\"https:\/\/www.musikverlag-nickel.eu\/NEWS-BLOG\/wp-content\/uploads\/2025\/05\/MVN-46_Bild-1-724x1024.jpg\" alt=\"\" class=\"wp-image-2049\" srcset=\"https:\/\/www.musikverlag-nickel.eu\/NEWS-BLOG\/wp-content\/uploads\/2025\/05\/MVN-46_Bild-1-724x1024.jpg 724w, https:\/\/www.musikverlag-nickel.eu\/NEWS-BLOG\/wp-content\/uploads\/2025\/05\/MVN-46_Bild-1-212x300.jpg 212w, https:\/\/www.musikverlag-nickel.eu\/NEWS-BLOG\/wp-content\/uploads\/2025\/05\/MVN-46_Bild-1-768x1086.jpg 768w, https:\/\/www.musikverlag-nickel.eu\/NEWS-BLOG\/wp-content\/uploads\/2025\/05\/MVN-46_Bild-1-1087x1536.jpg 1087w, https:\/\/www.musikverlag-nickel.eu\/NEWS-BLOG\/wp-content\/uploads\/2025\/05\/MVN-46_Bild-1-680x961.jpg 680w, https:\/\/www.musikverlag-nickel.eu\/NEWS-BLOG\/wp-content\/uploads\/2025\/05\/MVN-46_Bild-1-920x1301.jpg 920w, https:\/\/www.musikverlag-nickel.eu\/NEWS-BLOG\/wp-content\/uploads\/2025\/05\/MVN-46_Bild-1-600x848.jpg 600w, https:\/\/www.musikverlag-nickel.eu\/NEWS-BLOG\/wp-content\/uploads\/2025\/05\/MVN-46_Bild-1.jpg 1240w\" sizes=\"auto, (max-width: 724px) 100vw, 724px\" \/><\/a><\/figure>\n\n\n\n<figure class=\"wp-block-image size-large\"><a href=\"https:\/\/www.musikverlag-nickel.eu\/NEWS-BLOG\/wp-content\/uploads\/2025\/05\/MVN-46_Bild-2.jpg\"><img loading=\"lazy\" decoding=\"async\" width=\"723\" height=\"1024\" data-id=\"2050\" src=\"https:\/\/www.musikverlag-nickel.eu\/NEWS-BLOG\/wp-content\/uploads\/2025\/05\/MVN-46_Bild-2-723x1024.jpg\" alt=\"\" class=\"wp-image-2050\" srcset=\"https:\/\/www.musikverlag-nickel.eu\/NEWS-BLOG\/wp-content\/uploads\/2025\/05\/MVN-46_Bild-2-723x1024.jpg 723w, https:\/\/www.musikverlag-nickel.eu\/NEWS-BLOG\/wp-content\/uploads\/2025\/05\/MVN-46_Bild-2-212x300.jpg 212w, https:\/\/www.musikverlag-nickel.eu\/NEWS-BLOG\/wp-content\/uploads\/2025\/05\/MVN-46_Bild-2-768x1087.jpg 768w, https:\/\/www.musikverlag-nickel.eu\/NEWS-BLOG\/wp-content\/uploads\/2025\/05\/MVN-46_Bild-2-1085x1536.jpg 1085w, https:\/\/www.musikverlag-nickel.eu\/NEWS-BLOG\/wp-content\/uploads\/2025\/05\/MVN-46_Bild-2-680x963.jpg 680w, https:\/\/www.musikverlag-nickel.eu\/NEWS-BLOG\/wp-content\/uploads\/2025\/05\/MVN-46_Bild-2-920x1302.jpg 920w, https:\/\/www.musikverlag-nickel.eu\/NEWS-BLOG\/wp-content\/uploads\/2025\/05\/MVN-46_Bild-2-600x849.jpg 600w, https:\/\/www.musikverlag-nickel.eu\/NEWS-BLOG\/wp-content\/uploads\/2025\/05\/MVN-46_Bild-2.jpg 1239w\" sizes=\"auto, (max-width: 723px) 100vw, 723px\" \/><\/a><\/figure>\n<\/figure>\n\n\n\n<p>#Viola #Violoncello #Harfe<\/p>\n","protected":false},"excerpt":{"rendered":"<p>Eine erste Fassung der Jean-Paulschen Bagatellen entstand im Sp\u00e4tsommer 1992 als Nachrede zum eben vollendeten Klaviertrio Siebenk\u00e4s-Musik und als Geburtstagsgru\u00df f\u00fcr meinen langj\u00e4hrigen Kompositionslehrer Wilhelm Killmayer. Mein Plan war, eine [&hellip;]<\/p>\n","protected":false},"author":1,"featured_media":0,"parent":1128,"menu_order":0,"comment_status":"closed","ping_status":"closed","template":"","meta":{"footnotes":""},"class_list":["post-2046","page","type-page","status-publish","hentry"],"_links":{"self":[{"href":"https:\/\/www.musikverlag-nickel.eu\/NEWS-BLOG\/index.php?rest_route=\/wp\/v2\/pages\/2046","targetHints":{"allow":["GET"]}}],"collection":[{"href":"https:\/\/www.musikverlag-nickel.eu\/NEWS-BLOG\/index.php?rest_route=\/wp\/v2\/pages"}],"about":[{"href":"https:\/\/www.musikverlag-nickel.eu\/NEWS-BLOG\/index.php?rest_route=\/wp\/v2\/types\/page"}],"author":[{"embeddable":true,"href":"https:\/\/www.musikverlag-nickel.eu\/NEWS-BLOG\/index.php?rest_route=\/wp\/v2\/users\/1"}],"replies":[{"embeddable":true,"href":"https:\/\/www.musikverlag-nickel.eu\/NEWS-BLOG\/index.php?rest_route=%2Fwp%2Fv2%2Fcomments&post=2046"}],"version-history":[{"count":6,"href":"https:\/\/www.musikverlag-nickel.eu\/NEWS-BLOG\/index.php?rest_route=\/wp\/v2\/pages\/2046\/revisions"}],"predecessor-version":[{"id":2060,"href":"https:\/\/www.musikverlag-nickel.eu\/NEWS-BLOG\/index.php?rest_route=\/wp\/v2\/pages\/2046\/revisions\/2060"}],"up":[{"embeddable":true,"href":"https:\/\/www.musikverlag-nickel.eu\/NEWS-BLOG\/index.php?rest_route=\/wp\/v2\/pages\/1128"}],"wp:attachment":[{"href":"https:\/\/www.musikverlag-nickel.eu\/NEWS-BLOG\/index.php?rest_route=%2Fwp%2Fv2%2Fmedia&parent=2046"}],"curies":[{"name":"wp","href":"https:\/\/api.w.org\/{rel}","templated":true}]}}

<p>Eine erste Fassung der Jean-Paulschen Bagatellen entstand im Spätsommer 1992 als Nachrede zum eben vollendeten Klaviertrio Siebenkäs-Musik und als Geburtstagsgruß für meinen langjährigen Kompositionslehrer Wilhelm Killmayer. Mein Plan war, eine der schillernden, verwickelten, beziehungs- und anspielungsreichen Prosa Jean Pauls ähnlich geartete musikalische Prosa gegenüber zu stellen und dabei mit Hörerwartungen zu spielen: Scheinbar Vertrautes sollte sich als befremdlich entpuppen, Visionäres und Nüchternes, Groteskes und Erbauliches, Empfindsames und Grobschlächtiges unmittelbar aufeinandertreffen oder ineinander gehen.&nbsp;</p>



<p>Da ich nicht glaube, dass musikalisches „Material“ sich per se abnutzt, sondern allenfalls die Art und Weise eines bestimmten (historischen) Umgangs mit ihm, entlieh ich aus der Musiksprache komponierender Wesensverwandter Jean Pauls &#8211; etwa dem späten Beethoven, auch Schubert und insbesondere Schumann &#8211; das an Vokabular und Grammatik, was mir noch immer frisch und unverbraucht erschien, um es mit meiner eigenen musikalischen Rhetorik zu verschmelzen.&nbsp;</p>



<p>Mehr noch als die Siebenkäs-Musik verlangen die Jean-Paulschen Bagatellen den raschen, unvermittelten Wechsel in der Musizierhaltung von ihren Interpreten. Der nervös-flatterhafte, unstete Charakter, das Ausscheren, Umbiegen, Innehalten und Entfliehen der Musik ist hier gewissermaßen das Thema selbst. Bei der Arbeit an der hier vorliegenden Fassung stellte ich erstaunt fest, dass in den ersten acht Takten &#8211; trotz ihres rhapsodischen Charakters &#8211; bereits all die motivischen Elemente in nuce enthalten sind, die im weiteren Verlauf des Stückes den unberechenbaren Wandlungen eines sanguinischen Temperamentes unterworfen werden.</p>



<p>Markus Schmitt: JEAN-PAULSCHE BAGATELLEN<br>für Wilhelm Killmayer zum 65. Geburtstag<br>Fassung für Violoncello und Harfe<br>ISMN 979-0-700344-68-9 / MVN 18 (Part.)<br>26,- EUR<br>(München, 2014)</p>



<div class="wp-block-buttons is-layout-flex wp-block-buttons-is-layout-flex">
<div class="wp-block-button"><a class="wp-block-button__link wp-element-button" href="https://www.musikverlag-nickel.eu/NEWS-BLOG/?product=schmitt-markus-jean-paulsche-bagatellen-vcl-hrf">Bestellen</a></div>
</div>



<figure class="wp-block-gallery has-nested-images columns-default is-cropped wp-block-gallery-1 is-layout-flex wp-block-gallery-is-layout-flex">
<figure class="wp-block-image size-large"><a href="https://www.musikverlag-nickel.eu/NEWS-BLOG/wp-content/uploads/2025/05/MVN-18_Bild-1.jpg"><img loading="lazy" decoding="async" width="724" height="1024" data-id="2047" src="https://www.musikverlag-nickel.eu/NEWS-BLOG/wp-content/uploads/2025/05/MVN-18_Bild-1-724x1024.jpg" alt="" class="wp-image-2047" srcset="https://www.musikverlag-nickel.eu/NEWS-BLOG/wp-content/uploads/2025/05/MVN-18_Bild-1-724x1024.jpg 724w, https://www.musikverlag-nickel.eu/NEWS-BLOG/wp-content/uploads/2025/05/MVN-18_Bild-1-212x300.jpg 212w, https://www.musikverlag-nickel.eu/NEWS-BLOG/wp-content/uploads/2025/05/MVN-18_Bild-1-768x1086.jpg 768w, https://www.musikverlag-nickel.eu/NEWS-BLOG/wp-content/uploads/2025/05/MVN-18_Bild-1-1087x1536.jpg 1087w, https://www.musikverlag-nickel.eu/NEWS-BLOG/wp-content/uploads/2025/05/MVN-18_Bild-1-680x961.jpg 680w, https://www.musikverlag-nickel.eu/NEWS-BLOG/wp-content/uploads/2025/05/MVN-18_Bild-1-920x1301.jpg 920w, https://www.musikverlag-nickel.eu/NEWS-BLOG/wp-content/uploads/2025/05/MVN-18_Bild-1-600x848.jpg 600w, https://www.musikverlag-nickel.eu/NEWS-BLOG/wp-content/uploads/2025/05/MVN-18_Bild-1.jpg 1240w" sizes="auto, (max-width: 724px) 100vw, 724px" /></a></figure>



<figure class="wp-block-image size-large"><a href="https://www.musikverlag-nickel.eu/NEWS-BLOG/wp-content/uploads/2025/05/MVN-18_Bild-2.jpg"><img loading="lazy" decoding="async" width="723" height="1024" data-id="2048" src="https://www.musikverlag-nickel.eu/NEWS-BLOG/wp-content/uploads/2025/05/MVN-18_Bild-2-723x1024.jpg" alt="" class="wp-image-2048" srcset="https://www.musikverlag-nickel.eu/NEWS-BLOG/wp-content/uploads/2025/05/MVN-18_Bild-2-723x1024.jpg 723w, https://www.musikverlag-nickel.eu/NEWS-BLOG/wp-content/uploads/2025/05/MVN-18_Bild-2-212x300.jpg 212w, https://www.musikverlag-nickel.eu/NEWS-BLOG/wp-content/uploads/2025/05/MVN-18_Bild-2-768x1087.jpg 768w, https://www.musikverlag-nickel.eu/NEWS-BLOG/wp-content/uploads/2025/05/MVN-18_Bild-2-1085x1536.jpg 1085w, https://www.musikverlag-nickel.eu/NEWS-BLOG/wp-content/uploads/2025/05/MVN-18_Bild-2-680x963.jpg 680w, https://www.musikverlag-nickel.eu/NEWS-BLOG/wp-content/uploads/2025/05/MVN-18_Bild-2-920x1302.jpg 920w, https://www.musikverlag-nickel.eu/NEWS-BLOG/wp-content/uploads/2025/05/MVN-18_Bild-2-600x849.jpg 600w, https://www.musikverlag-nickel.eu/NEWS-BLOG/wp-content/uploads/2025/05/MVN-18_Bild-2.jpg 1239w" sizes="auto, (max-width: 723px) 100vw, 723px" /></a></figure>
</figure>



<p>Markus Schmitt: JEAN-PAULSCHE BAGATELLEN<br>für Wilhelm Killmayer zum 65. Geburtstag<br>Fassung für Viola und Harfe<br>ISMN 979-0-700344-93-1 / MVN 46 (Part.)<br>26,- EUR<br>(München, 2014)</p>



<div class="wp-block-buttons is-layout-flex wp-block-buttons-is-layout-flex">
<div class="wp-block-button"><a class="wp-block-button__link wp-element-button" href="https://www.musikverlag-nickel.eu/NEWS-BLOG/?product=schmitt-markus-jean-paulsche-bagatellen-vla-hrf">Bestellen</a></div>
</div>



<figure class="wp-block-gallery has-nested-images columns-default is-cropped wp-block-gallery-2 is-layout-flex wp-block-gallery-is-layout-flex">
<figure class="wp-block-image size-large"><a href="https://www.musikverlag-nickel.eu/NEWS-BLOG/wp-content/uploads/2025/05/MVN-46_Bild-1.jpg"><img loading="lazy" decoding="async" width="724" height="1024" data-id="2049" src="https://www.musikverlag-nickel.eu/NEWS-BLOG/wp-content/uploads/2025/05/MVN-46_Bild-1-724x1024.jpg" alt="" class="wp-image-2049" srcset="https://www.musikverlag-nickel.eu/NEWS-BLOG/wp-content/uploads/2025/05/MVN-46_Bild-1-724x1024.jpg 724w, https://www.musikverlag-nickel.eu/NEWS-BLOG/wp-content/uploads/2025/05/MVN-46_Bild-1-212x300.jpg 212w, https://www.musikverlag-nickel.eu/NEWS-BLOG/wp-content/uploads/2025/05/MVN-46_Bild-1-768x1086.jpg 768w, https://www.musikverlag-nickel.eu/NEWS-BLOG/wp-content/uploads/2025/05/MVN-46_Bild-1-1087x1536.jpg 1087w, https://www.musikverlag-nickel.eu/NEWS-BLOG/wp-content/uploads/2025/05/MVN-46_Bild-1-680x961.jpg 680w, https://www.musikverlag-nickel.eu/NEWS-BLOG/wp-content/uploads/2025/05/MVN-46_Bild-1-920x1301.jpg 920w, https://www.musikverlag-nickel.eu/NEWS-BLOG/wp-content/uploads/2025/05/MVN-46_Bild-1-600x848.jpg 600w, https://www.musikverlag-nickel.eu/NEWS-BLOG/wp-content/uploads/2025/05/MVN-46_Bild-1.jpg 1240w" sizes="auto, (max-width: 724px) 100vw, 724px" /></a></figure>



<figure class="wp-block-image size-large"><a href="https://www.musikverlag-nickel.eu/NEWS-BLOG/wp-content/uploads/2025/05/MVN-46_Bild-2.jpg"><img loading="lazy" decoding="async" width="723" height="1024" data-id="2050" src="https://www.musikverlag-nickel.eu/NEWS-BLOG/wp-content/uploads/2025/05/MVN-46_Bild-2-723x1024.jpg" alt="" class="wp-image-2050" srcset="https://www.musikverlag-nickel.eu/NEWS-BLOG/wp-content/uploads/2025/05/MVN-46_Bild-2-723x1024.jpg 723w, https://www.musikverlag-nickel.eu/NEWS-BLOG/wp-content/uploads/2025/05/MVN-46_Bild-2-212x300.jpg 212w, https://www.musikverlag-nickel.eu/NEWS-BLOG/wp-content/uploads/2025/05/MVN-46_Bild-2-768x1087.jpg 768w, https://www.musikverlag-nickel.eu/NEWS-BLOG/wp-content/uploads/2025/05/MVN-46_Bild-2-1085x1536.jpg 1085w, https://www.musikverlag-nickel.eu/NEWS-BLOG/wp-content/uploads/2025/05/MVN-46_Bild-2-680x963.jpg 680w, https://www.musikverlag-nickel.eu/NEWS-BLOG/wp-content/uploads/2025/05/MVN-46_Bild-2-920x1302.jpg 920w, https://www.musikverlag-nickel.eu/NEWS-BLOG/wp-content/uploads/2025/05/MVN-46_Bild-2-600x849.jpg 600w, https://www.musikverlag-nickel.eu/NEWS-BLOG/wp-content/uploads/2025/05/MVN-46_Bild-2.jpg 1239w" sizes="auto, (max-width: 723px) 100vw, 723px" /></a></figure>
</figure>



<p>#Viola #Violoncello #Harfe</p>

<p>Eine erste Fassung der Jean-Paulschen Bagatellen entstand im Spätsommer 1992 als Nachrede zum eben vollendeten Klaviertrio Siebenkäs-Musik und als Geburtstagsgruß für meinen langjährigen Kompositionslehrer Wilhelm Killmayer. Mein Plan war, eine [&hellip;]</p>
