{"id":2061,"date":"2025-05-09T12:58:18","date_gmt":"2025-05-09T10:58:18","guid":{"rendered":"https:\/\/www.musikverlag-nickel.eu\/NEWS-BLOG\/?page_id=2061"},"modified":"2025-05-09T13:03:07","modified_gmt":"2025-05-09T11:03:07","slug":"jodler-und-juchetzer","status":"publish","type":"page","link":"https:\/\/www.musikverlag-nickel.eu\/NEWS-BLOG\/?page_id=2061","title":{"rendered":"JODLER UND JUCHETZER"},"content":{"rendered":"\n<p>Die \u201eJodler und Juchetzer\u201c in der vorliegenden Fassung erg\u00e4nzen und erweitern die 2014 mit \u201eDrei Jodler\u201c f\u00fcr Violoncello begonnene, und mit \u201eAlpluft\u201c f\u00fcr Klarinette solo fortgef\u00fchrte Serie k\u00fcrzerer Solost\u00fccke, deren Klanglandschaften insbesondere alpine Topographien spiegeln.&nbsp;<\/p>\n\n\n\n<p>Der alpenl\u00e4ndische Jodler, mit seiner weitr\u00e4umigen Melodik ein treffliches Pendant zur alpinen Berglandschaft, ist jedoch nicht der einzige Inspirationsquell dieser St\u00fccke. Jodeltechniken etwa der Hirten Lapplands und Schwedens und ganz besonders der Pygm\u00e4en Zentralafrikas spielen in der melodischen Faktur der St\u00fccke eine nicht minder wichtige Rolle.&nbsp;<\/p>\n\n\n\n<p>Markus Schmitt: JODLER UND JUCHETZER <br>f\u00fcr Violine solo<br>ISMN 979-0-700344-24-5 \/&nbsp;MVN 77 (Part.)<br>24,- EUR<br>(M\u00fcnchen 2016)<\/p>\n\n\n\n<div class=\"wp-block-buttons is-layout-flex wp-block-buttons-is-layout-flex\">\n<div class=\"wp-block-button\"><a class=\"wp-block-button__link wp-element-button\" href=\"https:\/\/www.musikverlag-nickel.eu\/NEWS-BLOG\/?product=schmitt-markus-jodler-und-juchetzer-vl\">Bestellen<\/a><\/div>\n<\/div>\n\n\n\n<figure class=\"wp-block-gallery has-nested-images columns-default is-cropped wp-block-gallery-1 is-layout-flex wp-block-gallery-is-layout-flex\">\n<figure class=\"wp-block-image size-full\"><a href=\"https:\/\/www.musikverlag-nickel.eu\/NEWS-BLOG\/wp-content\/uploads\/2025\/05\/MVN-77_Bild-1.jpg\"><img loading=\"lazy\" decoding=\"async\" width=\"595\" height=\"841\" data-id=\"2063\" src=\"https:\/\/www.musikverlag-nickel.eu\/NEWS-BLOG\/wp-content\/uploads\/2025\/05\/MVN-77_Bild-1.jpg\" alt=\"\" class=\"wp-image-2063\" srcset=\"https:\/\/www.musikverlag-nickel.eu\/NEWS-BLOG\/wp-content\/uploads\/2025\/05\/MVN-77_Bild-1.jpg 595w, https:\/\/www.musikverlag-nickel.eu\/NEWS-BLOG\/wp-content\/uploads\/2025\/05\/MVN-77_Bild-1-212x300.jpg 212w\" sizes=\"auto, (max-width: 595px) 100vw, 595px\" \/><\/a><\/figure>\n\n\n\n<figure class=\"wp-block-image size-full\"><a href=\"https:\/\/www.musikverlag-nickel.eu\/NEWS-BLOG\/wp-content\/uploads\/2025\/05\/MVN-77_Bild-2.jpg\"><img loading=\"lazy\" decoding=\"async\" width=\"595\" height=\"841\" data-id=\"2064\" src=\"https:\/\/www.musikverlag-nickel.eu\/NEWS-BLOG\/wp-content\/uploads\/2025\/05\/MVN-77_Bild-2.jpg\" alt=\"\" class=\"wp-image-2064\" srcset=\"https:\/\/www.musikverlag-nickel.eu\/NEWS-BLOG\/wp-content\/uploads\/2025\/05\/MVN-77_Bild-2.jpg 595w, https:\/\/www.musikverlag-nickel.eu\/NEWS-BLOG\/wp-content\/uploads\/2025\/05\/MVN-77_Bild-2-212x300.jpg 212w\" sizes=\"auto, (max-width: 595px) 100vw, 595px\" \/><\/a><\/figure>\n<\/figure>\n\n\n\n<p>#Violine<\/p>\n","protected":false},"excerpt":{"rendered":"<p>Die \u201eJodler und Juchetzer\u201c in der vorliegenden Fassung erg\u00e4nzen und erweitern die 2014 mit \u201eDrei Jodler\u201c f\u00fcr Violoncello begonnene, und mit \u201eAlpluft\u201c f\u00fcr Klarinette solo fortgef\u00fchrte Serie k\u00fcrzerer Solost\u00fccke, deren [&hellip;]<\/p>\n","protected":false},"author":1,"featured_media":0,"parent":1128,"menu_order":0,"comment_status":"closed","ping_status":"closed","template":"","meta":{"footnotes":""},"class_list":["post-2061","page","type-page","status-publish","hentry"],"_links":{"self":[{"href":"https:\/\/www.musikverlag-nickel.eu\/NEWS-BLOG\/index.php?rest_route=\/wp\/v2\/pages\/2061","targetHints":{"allow":["GET"]}}],"collection":[{"href":"https:\/\/www.musikverlag-nickel.eu\/NEWS-BLOG\/index.php?rest_route=\/wp\/v2\/pages"}],"about":[{"href":"https:\/\/www.musikverlag-nickel.eu\/NEWS-BLOG\/index.php?rest_route=\/wp\/v2\/types\/page"}],"author":[{"embeddable":true,"href":"https:\/\/www.musikverlag-nickel.eu\/NEWS-BLOG\/index.php?rest_route=\/wp\/v2\/users\/1"}],"replies":[{"embeddable":true,"href":"https:\/\/www.musikverlag-nickel.eu\/NEWS-BLOG\/index.php?rest_route=%2Fwp%2Fv2%2Fcomments&post=2061"}],"version-history":[{"count":2,"href":"https:\/\/www.musikverlag-nickel.eu\/NEWS-BLOG\/index.php?rest_route=\/wp\/v2\/pages\/2061\/revisions"}],"predecessor-version":[{"id":2068,"href":"https:\/\/www.musikverlag-nickel.eu\/NEWS-BLOG\/index.php?rest_route=\/wp\/v2\/pages\/2061\/revisions\/2068"}],"up":[{"embeddable":true,"href":"https:\/\/www.musikverlag-nickel.eu\/NEWS-BLOG\/index.php?rest_route=\/wp\/v2\/pages\/1128"}],"wp:attachment":[{"href":"https:\/\/www.musikverlag-nickel.eu\/NEWS-BLOG\/index.php?rest_route=%2Fwp%2Fv2%2Fmedia&parent=2061"}],"curies":[{"name":"wp","href":"https:\/\/api.w.org\/{rel}","templated":true}]}}