{"id":2160,"date":"2025-05-17T14:16:31","date_gmt":"2025-05-17T12:16:31","guid":{"rendered":"https:\/\/www.musikverlag-nickel.eu\/NEWS-BLOG\/?page_id=2160"},"modified":"2025-05-17T14:25:19","modified_gmt":"2025-05-17T12:25:19","slug":"sonatine","status":"publish","type":"page","link":"https:\/\/www.musikverlag-nickel.eu\/NEWS-BLOG\/?page_id=2160","title":{"rendered":"SONATINE"},"content":{"rendered":"\n<p>Die Sonatine entstand von Sommer 2015 bis Fr\u00fchjahr 2016 f\u00fcr Richard Stanzel, von dem auch die Idee stammt, der Komposition Tageszeitengedichte Joseph von Eichendorffs zu Grunde zu legen. Bei der kompositorischen Arbeit entfaltete sich dann ein St\u00fcck, das vom Eichendorff Gedicht \u201eDer Morgen\u201c seinen Ausgang nimmt und es immer wieder aufgreift, dann aber \u00fcber k\u00fcrzere und l\u00e4ngere Abschnitte hinweg auch ganz anderen Wegen folgt.&nbsp;<\/p>\n\n\n\n<p>\u00dcber dem ersten Abschnitt steht mottohaft das Wort \u201eMorgen\u201c. An die erste Strophe, die noch im ganzen (ohne Gesang) vertont ist, schlie\u00dft sich dann ein Kontrapunkt an, der als Ausschnitt bereits an fr\u00fcher Stelle auf die Musik des Endes der Sonatine verweist. Dieser und die folgenden kontrapunktischen Abschnitte sind nach satztechnischen Regeln des sp\u00e4ten 15. und fr\u00fchen 16. Jahrhunderts komponiert, allerdings mit vielen Vorschl\u00e4gen versehen, die aus den T\u00f6nen eines imagin\u00e4ren Kanons im Tritonus-Abstand bestehen. Manchmal sind die T\u00f6ne dieses \u201eSchattenkanons\u201c auch mit den \u201erichtigen\u201c vertauscht, also in einer Art Cambiata-Manier umgestellt, wodurch Abweichungen und Verfremdungen entstehen.&nbsp;<\/p>\n\n\n\n<p>Die \u00dcberschrift \u201eMorgen\u201c \u00fcber dem ersten Abschnitt nimmt weniger Bezug auf Eichendorffs Gedicht, sondern bezeichnet mottohaft diesen ersten musikalischen Abschnitt. Denn noch bevor sich die Musik textlich der zweiten Strophe zuwendet, beginnt ein mit \u201eMittag\u201c \u00fcberschriebener Teil, der mit \u201equasi improvisando\u201c bezeichnet und klanglich durch den Wechsel der zweiten Fl\u00f6te zur Bassfl\u00f6te abgesetzt ist. Erst am Ende dieses \u201eMittag\u201c-Abschnittes taucht erneut Eichendorffs Text in der Partitur auf und die Musik erinnert wieder st\u00e4rker an den Anfang.&nbsp;<\/p>\n\n\n\n<p>Bevor der \u201eAbend\u201c beginnt, ist wiederum ein kurzer kontrapunktischer Abschnitt eingeschoben, diesmal ebenfalls mit Eichendorff-Text versehen, n\u00e4mlich mit der vorletzten Zeile der ersten Strophe (die damit gedoppelt wird). Der \u201eAbend\u201c ist als Rondino mit zwei Couplets gestaltet. Die Bassfl\u00f6te wird mit der Altfl\u00f6te vertauscht. W\u00e4hrend das erste Couplet nur eine kurze, aus dem Refrain heraus entwickelte Episode ist, begegnet uns im zweiten Couplet erneut der Kontrapunkt, auch hier wieder mit Text unterlegt, diesmal mit der letzten Zeile der ersten Strophe. Die R\u00fcckkehr zum Refrain erinnert dann an die wie improvisiert klingende Musik des vorangegangenen \u201eMittag\u201c.&nbsp;<\/p>\n\n\n\n<p>Am Ende folgen dem Rondino drei Takte, die erneut auf den Schluss der Sonatine voraus weisen. Der anschlie\u00dfende letzte Teil \u201eNacht\u201c verstetigt dann den mehrfach vorauszitierten Kontrapunkt, und nimmt in gro\u00dfen B\u00f6gen den Text Eichendorffs wieder auf und f\u00fchrt ihn zu Ende. Der Kontrapunkt, der anfangs nur eine Z\u00e4sur markierte, tr\u00e4gt den Text also, musikalisch ans Ende.&nbsp;<\/p>\n\n\n\n<p>Alle Tageszeiten sind im Ganzen im Morgen verh\u00fcllt; ihn durchzieht der Puls aller anderen Zeiten immer schon als Idee. Ausdruck dessen ist der sich durch das St\u00fcck ziehende Kontrapunkt, aus dem heraus sich am Ende die \u201eNacht\u201c entfaltet.&nbsp;<\/p>\n\n\n\n<p>Der Spur dieses fernen Pulses, dem Hinh\u00f6ren auf den eigenen Herzschlag am Morgen, auf die vergangenen Nacht und die zuk\u00fcnftigen Zeiten lauschend, folgen auch die im Notentext zitierten Ausschnitte aus Arno Schmidts Roman \u201eDas steinerne Herz\u201c.&nbsp; Das poetisch verdichtete Bild davon, die Zeit in sich hinein zu falten, und den Tag wie in einer kleinen Schachtel ablegen und aufbewahren zu k\u00f6nnen, ist die Grundidee dieser Komposition.&nbsp;<\/p>\n\n\n\n<p>Volker Nickel: SONATINE<br>f\u00fcr zwei Fl\u00f6ten<br>ISMN 979-0-700344-32-0 \/ MVN 84 (Part)<br>24,- EUR<br>(M\u00fcnchen, 2017)<\/p>\n\n\n\n<div class=\"wp-block-buttons is-layout-flex wp-block-buttons-is-layout-flex\">\n<div class=\"wp-block-button\"><a class=\"wp-block-button__link wp-element-button\" href=\"https:\/\/www.musikverlag-nickel.eu\/NEWS-BLOG\/?product=nickel-volker-sonatine\">Bestellen<\/a><\/div>\n<\/div>\n\n\n\n<figure class=\"wp-block-gallery has-nested-images columns-default is-cropped wp-block-gallery-1 is-layout-flex wp-block-gallery-is-layout-flex\">\n<figure class=\"wp-block-image size-full\"><a href=\"https:\/\/www.musikverlag-nickel.eu\/NEWS-BLOG\/wp-content\/uploads\/2025\/05\/MVN-84_Bild-1.jpg\"><img loading=\"lazy\" decoding=\"async\" width=\"595\" height=\"841\" data-id=\"2161\" src=\"https:\/\/www.musikverlag-nickel.eu\/NEWS-BLOG\/wp-content\/uploads\/2025\/05\/MVN-84_Bild-1.jpg\" alt=\"\" class=\"wp-image-2161\" srcset=\"https:\/\/www.musikverlag-nickel.eu\/NEWS-BLOG\/wp-content\/uploads\/2025\/05\/MVN-84_Bild-1.jpg 595w, https:\/\/www.musikverlag-nickel.eu\/NEWS-BLOG\/wp-content\/uploads\/2025\/05\/MVN-84_Bild-1-212x300.jpg 212w\" sizes=\"auto, (max-width: 595px) 100vw, 595px\" \/><\/a><\/figure>\n\n\n\n<figure class=\"wp-block-image size-full\"><a href=\"https:\/\/www.musikverlag-nickel.eu\/NEWS-BLOG\/wp-content\/uploads\/2025\/05\/MVN-84_Bild-2.jpg\"><img loading=\"lazy\" decoding=\"async\" width=\"595\" height=\"841\" data-id=\"2162\" src=\"https:\/\/www.musikverlag-nickel.eu\/NEWS-BLOG\/wp-content\/uploads\/2025\/05\/MVN-84_Bild-2.jpg\" alt=\"\" class=\"wp-image-2162\" srcset=\"https:\/\/www.musikverlag-nickel.eu\/NEWS-BLOG\/wp-content\/uploads\/2025\/05\/MVN-84_Bild-2.jpg 595w, https:\/\/www.musikverlag-nickel.eu\/NEWS-BLOG\/wp-content\/uploads\/2025\/05\/MVN-84_Bild-2-212x300.jpg 212w\" sizes=\"auto, (max-width: 595px) 100vw, 595px\" \/><\/a><\/figure>\n<\/figure>\n\n\n\n<p>#Fl\u00f6te #Duo #Kammermusik<\/p>\n","protected":false},"excerpt":{"rendered":"<p>Die Sonatine entstand von Sommer 2015 bis Fr\u00fchjahr 2016 f\u00fcr Richard Stanzel, von dem auch die Idee stammt, der Komposition Tageszeitengedichte Joseph von Eichendorffs zu Grunde zu legen. Bei der [&hellip;]<\/p>\n","protected":false},"author":1,"featured_media":0,"parent":1372,"menu_order":0,"comment_status":"closed","ping_status":"closed","template":"","meta":{"footnotes":""},"class_list":["post-2160","page","type-page","status-publish","hentry"],"_links":{"self":[{"href":"https:\/\/www.musikverlag-nickel.eu\/NEWS-BLOG\/index.php?rest_route=\/wp\/v2\/pages\/2160","targetHints":{"allow":["GET"]}}],"collection":[{"href":"https:\/\/www.musikverlag-nickel.eu\/NEWS-BLOG\/index.php?rest_route=\/wp\/v2\/pages"}],"about":[{"href":"https:\/\/www.musikverlag-nickel.eu\/NEWS-BLOG\/index.php?rest_route=\/wp\/v2\/types\/page"}],"author":[{"embeddable":true,"href":"https:\/\/www.musikverlag-nickel.eu\/NEWS-BLOG\/index.php?rest_route=\/wp\/v2\/users\/1"}],"replies":[{"embeddable":true,"href":"https:\/\/www.musikverlag-nickel.eu\/NEWS-BLOG\/index.php?rest_route=%2Fwp%2Fv2%2Fcomments&post=2160"}],"version-history":[{"count":2,"href":"https:\/\/www.musikverlag-nickel.eu\/NEWS-BLOG\/index.php?rest_route=\/wp\/v2\/pages\/2160\/revisions"}],"predecessor-version":[{"id":2166,"href":"https:\/\/www.musikverlag-nickel.eu\/NEWS-BLOG\/index.php?rest_route=\/wp\/v2\/pages\/2160\/revisions\/2166"}],"up":[{"embeddable":true,"href":"https:\/\/www.musikverlag-nickel.eu\/NEWS-BLOG\/index.php?rest_route=\/wp\/v2\/pages\/1372"}],"wp:attachment":[{"href":"https:\/\/www.musikverlag-nickel.eu\/NEWS-BLOG\/index.php?rest_route=%2Fwp%2Fv2%2Fmedia&parent=2160"}],"curies":[{"name":"wp","href":"https:\/\/api.w.org\/{rel}","templated":true}]}}

<p>Die Sonatine entstand von Sommer 2015 bis Frühjahr 2016 für Richard Stanzel, von dem auch die Idee stammt, der Komposition Tageszeitengedichte Joseph von Eichendorffs zu Grunde zu legen. Bei der kompositorischen Arbeit entfaltete sich dann ein Stück, das vom Eichendorff Gedicht „Der Morgen“ seinen Ausgang nimmt und es immer wieder aufgreift, dann aber über kürzere und längere Abschnitte hinweg auch ganz anderen Wegen folgt.&nbsp;</p>



<p>Über dem ersten Abschnitt steht mottohaft das Wort „Morgen“. An die erste Strophe, die noch im ganzen (ohne Gesang) vertont ist, schließt sich dann ein Kontrapunkt an, der als Ausschnitt bereits an früher Stelle auf die Musik des Endes der Sonatine verweist. Dieser und die folgenden kontrapunktischen Abschnitte sind nach satztechnischen Regeln des späten 15. und frühen 16. Jahrhunderts komponiert, allerdings mit vielen Vorschlägen versehen, die aus den Tönen eines imaginären Kanons im Tritonus-Abstand bestehen. Manchmal sind die Töne dieses „Schattenkanons“ auch mit den „richtigen“ vertauscht, also in einer Art Cambiata-Manier umgestellt, wodurch Abweichungen und Verfremdungen entstehen.&nbsp;</p>



<p>Die Überschrift „Morgen“ über dem ersten Abschnitt nimmt weniger Bezug auf Eichendorffs Gedicht, sondern bezeichnet mottohaft diesen ersten musikalischen Abschnitt. Denn noch bevor sich die Musik textlich der zweiten Strophe zuwendet, beginnt ein mit „Mittag“ überschriebener Teil, der mit „quasi improvisando“ bezeichnet und klanglich durch den Wechsel der zweiten Flöte zur Bassflöte abgesetzt ist. Erst am Ende dieses „Mittag“-Abschnittes taucht erneut Eichendorffs Text in der Partitur auf und die Musik erinnert wieder stärker an den Anfang.&nbsp;</p>



<p>Bevor der „Abend“ beginnt, ist wiederum ein kurzer kontrapunktischer Abschnitt eingeschoben, diesmal ebenfalls mit Eichendorff-Text versehen, nämlich mit der vorletzten Zeile der ersten Strophe (die damit gedoppelt wird). Der „Abend“ ist als Rondino mit zwei Couplets gestaltet. Die Bassflöte wird mit der Altflöte vertauscht. Während das erste Couplet nur eine kurze, aus dem Refrain heraus entwickelte Episode ist, begegnet uns im zweiten Couplet erneut der Kontrapunkt, auch hier wieder mit Text unterlegt, diesmal mit der letzten Zeile der ersten Strophe. Die Rückkehr zum Refrain erinnert dann an die wie improvisiert klingende Musik des vorangegangenen „Mittag“.&nbsp;</p>



<p>Am Ende folgen dem Rondino drei Takte, die erneut auf den Schluss der Sonatine voraus weisen. Der anschließende letzte Teil „Nacht“ verstetigt dann den mehrfach vorauszitierten Kontrapunkt, und nimmt in großen Bögen den Text Eichendorffs wieder auf und führt ihn zu Ende. Der Kontrapunkt, der anfangs nur eine Zäsur markierte, trägt den Text also, musikalisch ans Ende.&nbsp;</p>



<p>Alle Tageszeiten sind im Ganzen im Morgen verhüllt; ihn durchzieht der Puls aller anderen Zeiten immer schon als Idee. Ausdruck dessen ist der sich durch das Stück ziehende Kontrapunkt, aus dem heraus sich am Ende die „Nacht“ entfaltet.&nbsp;</p>



<p>Der Spur dieses fernen Pulses, dem Hinhören auf den eigenen Herzschlag am Morgen, auf die vergangenen Nacht und die zukünftigen Zeiten lauschend, folgen auch die im Notentext zitierten Ausschnitte aus Arno Schmidts Roman „Das steinerne Herz“.&nbsp; Das poetisch verdichtete Bild davon, die Zeit in sich hinein zu falten, und den Tag wie in einer kleinen Schachtel ablegen und aufbewahren zu können, ist die Grundidee dieser Komposition.&nbsp;</p>



<p>Volker Nickel: SONATINE<br>für zwei Flöten<br>ISMN 979-0-700344-32-0 / MVN 84 (Part)<br>24,- EUR<br>(München, 2017)</p>



<div class="wp-block-buttons is-layout-flex wp-block-buttons-is-layout-flex">
<div class="wp-block-button"><a class="wp-block-button__link wp-element-button" href="https://www.musikverlag-nickel.eu/NEWS-BLOG/?product=nickel-volker-sonatine">Bestellen</a></div>
</div>



<figure class="wp-block-gallery has-nested-images columns-default is-cropped wp-block-gallery-1 is-layout-flex wp-block-gallery-is-layout-flex">
<figure class="wp-block-image size-full"><a href="https://www.musikverlag-nickel.eu/NEWS-BLOG/wp-content/uploads/2025/05/MVN-84_Bild-1.jpg"><img loading="lazy" decoding="async" width="595" height="841" data-id="2161" src="https://www.musikverlag-nickel.eu/NEWS-BLOG/wp-content/uploads/2025/05/MVN-84_Bild-1.jpg" alt="" class="wp-image-2161" srcset="https://www.musikverlag-nickel.eu/NEWS-BLOG/wp-content/uploads/2025/05/MVN-84_Bild-1.jpg 595w, https://www.musikverlag-nickel.eu/NEWS-BLOG/wp-content/uploads/2025/05/MVN-84_Bild-1-212x300.jpg 212w" sizes="auto, (max-width: 595px) 100vw, 595px" /></a></figure>



<figure class="wp-block-image size-full"><a href="https://www.musikverlag-nickel.eu/NEWS-BLOG/wp-content/uploads/2025/05/MVN-84_Bild-2.jpg"><img loading="lazy" decoding="async" width="595" height="841" data-id="2162" src="https://www.musikverlag-nickel.eu/NEWS-BLOG/wp-content/uploads/2025/05/MVN-84_Bild-2.jpg" alt="" class="wp-image-2162" srcset="https://www.musikverlag-nickel.eu/NEWS-BLOG/wp-content/uploads/2025/05/MVN-84_Bild-2.jpg 595w, https://www.musikverlag-nickel.eu/NEWS-BLOG/wp-content/uploads/2025/05/MVN-84_Bild-2-212x300.jpg 212w" sizes="auto, (max-width: 595px) 100vw, 595px" /></a></figure>
</figure>



<p>#Flöte #Duo #Kammermusik</p>

<p>Die Sonatine entstand von Sommer 2015 bis Frühjahr 2016 für Richard Stanzel, von dem auch die Idee stammt, der Komposition Tageszeitengedichte Joseph von Eichendorffs zu Grunde zu legen. Bei der [&hellip;]</p>
