{"id":2177,"date":"2025-05-31T11:03:55","date_gmt":"2025-05-31T09:03:55","guid":{"rendered":"https:\/\/www.musikverlag-nickel.eu\/NEWS-BLOG\/?page_id=2177"},"modified":"2025-05-31T11:12:01","modified_gmt":"2025-05-31T09:12:01","slug":"abendlied","status":"publish","type":"page","link":"https:\/\/www.musikverlag-nickel.eu\/NEWS-BLOG\/?page_id=2177","title":{"rendered":"ABENDLIED"},"content":{"rendered":"\n<p>Das<em> Abendlied <\/em>f\u00fcr Violine und Klavier entstand im Jahr 2014 zum 300. Geburtstag von&nbsp;Carl Philipp Emanuel Bach. Als Bezugspunkt w\u00e4hlt es Bachs seinerzeit ber\u00fchmte Gellert-Oden von 1758. Den Texten Gellerts ist auch der Untertitel entnommen: \u201eIm Geist den Himmel offen\u201c. In diesen Worten klingt jener umwerfende Optimismus an, von dem die aufgekl\u00e4rte Religiosit\u00e4t und der k\u00fcnstlerisch-philosophische Geist der Epoche gepr\u00e4gt sind.&nbsp;<\/p>\n\n\n\n<p>Musikalisch zeigen die Gellert-Oden zugleich einen Carl Philipp Emanuel Bach der musikalischen Besinnlichkeit und religi\u00f6sen Praxis, nicht den Avantgardisten und vormodernen Postmodernen, den manchmal verst\u00f6renden Experimentator und Virtuosen, der er freilich auch war. Zwar findet man in \u201eHerrn Professor Gellerts geistliche Oden und Lieder mit Melodien\u201c, so der Titel der Sammlung,&nbsp; auch die ein oder andere harmonische K\u00fchnheit, doch ist die Diktion ansonsten schlicht gehalten und liedhaft. Das eigentlich Neue ist hier das Einfache, und damit eine Facette, die mehr auf Mozarts Lieder als auf den Sturm und Drang Haydns verweist.&nbsp;<\/p>\n\n\n\n<p>Zwei der Lieder Bachs sind mit \u201eAbendlied\u201c \u00fcberschrieben, und beide finden hier Eingang in die Komposition. Wobei das eine Abendlied in den ersten, langsamen Teil, als verborgener cantus firmus geflochten ist, w\u00e4hrend das andere Abendlied &#8211; eines der bekanntesten St\u00fccke aus dem Zyklus \u00fcberhaupt &#8211; unmittelbar als Zitat erscheint.&nbsp;<\/p>\n\n\n\n<p>Volker Nickel: ABENDLIED<br>zum 300. Geburtstag von CPE Bach<br>f\u00fcr Violine und Klavier<br>ISMN 979-0-700344-69-2 \/\u00a0MVN 49 (Part.)<br>24,- EUR<br>(M\u00fcnchen 2015)<\/p>\n\n\n\n<div class=\"wp-block-buttons is-layout-flex wp-block-buttons-is-layout-flex\">\n<div class=\"wp-block-button\"><a class=\"wp-block-button__link wp-element-button\" href=\"https:\/\/www.musikverlag-nickel.eu\/NEWS-BLOG\/?product=nickel-volker-abendlied\">Bestellen<\/a><\/div>\n<\/div>\n\n\n\n<figure class=\"wp-block-gallery has-nested-images columns-default is-cropped wp-block-gallery-1 is-layout-flex wp-block-gallery-is-layout-flex\">\n<figure class=\"wp-block-image size-large\"><img loading=\"lazy\" decoding=\"async\" width=\"724\" height=\"1024\" data-id=\"391\" src=\"http:\/\/www.musikverlag-nickel.eu\/NEWS-BLOG\/wp-content\/uploads\/2015\/02\/MVN-49_Bild-1-klein-724x1024.jpg\" alt=\"\" class=\"wp-image-391\" srcset=\"https:\/\/www.musikverlag-nickel.eu\/NEWS-BLOG\/wp-content\/uploads\/2015\/02\/MVN-49_Bild-1-klein-724x1024.jpg 724w, https:\/\/www.musikverlag-nickel.eu\/NEWS-BLOG\/wp-content\/uploads\/2015\/02\/MVN-49_Bild-1-klein-600x848.jpg 600w, https:\/\/www.musikverlag-nickel.eu\/NEWS-BLOG\/wp-content\/uploads\/2015\/02\/MVN-49_Bild-1-klein-212x300.jpg 212w, https:\/\/www.musikverlag-nickel.eu\/NEWS-BLOG\/wp-content\/uploads\/2015\/02\/MVN-49_Bild-1-klein-680x961.jpg 680w, https:\/\/www.musikverlag-nickel.eu\/NEWS-BLOG\/wp-content\/uploads\/2015\/02\/MVN-49_Bild-1-klein.jpg 800w\" sizes=\"auto, (max-width: 724px) 100vw, 724px\" \/><\/figure>\n\n\n\n<figure class=\"wp-block-image size-large\"><img loading=\"lazy\" decoding=\"async\" width=\"724\" height=\"1024\" data-id=\"2178\" src=\"https:\/\/www.musikverlag-nickel.eu\/NEWS-BLOG\/wp-content\/uploads\/2025\/05\/MVN-49_Bild-2-724x1024.jpg\" alt=\"\" class=\"wp-image-2178\" srcset=\"https:\/\/www.musikverlag-nickel.eu\/NEWS-BLOG\/wp-content\/uploads\/2025\/05\/MVN-49_Bild-2-724x1024.jpg 724w, https:\/\/www.musikverlag-nickel.eu\/NEWS-BLOG\/wp-content\/uploads\/2025\/05\/MVN-49_Bild-2-212x300.jpg 212w, https:\/\/www.musikverlag-nickel.eu\/NEWS-BLOG\/wp-content\/uploads\/2025\/05\/MVN-49_Bild-2-768x1086.jpg 768w, https:\/\/www.musikverlag-nickel.eu\/NEWS-BLOG\/wp-content\/uploads\/2025\/05\/MVN-49_Bild-2-1087x1536.jpg 1087w, https:\/\/www.musikverlag-nickel.eu\/NEWS-BLOG\/wp-content\/uploads\/2025\/05\/MVN-49_Bild-2-680x961.jpg 680w, https:\/\/www.musikverlag-nickel.eu\/NEWS-BLOG\/wp-content\/uploads\/2025\/05\/MVN-49_Bild-2-920x1301.jpg 920w, https:\/\/www.musikverlag-nickel.eu\/NEWS-BLOG\/wp-content\/uploads\/2025\/05\/MVN-49_Bild-2-600x848.jpg 600w, https:\/\/www.musikverlag-nickel.eu\/NEWS-BLOG\/wp-content\/uploads\/2025\/05\/MVN-49_Bild-2.jpg 1240w\" sizes=\"auto, (max-width: 724px) 100vw, 724px\" \/><\/figure>\n<\/figure>\n\n\n\n<p>#Violine #Klavier <\/p>\n\n\n\n<p><\/p>\n","protected":false},"excerpt":{"rendered":"<p>Das Abendlied f\u00fcr Violine und Klavier entstand im Jahr 2014 zum 300. Geburtstag von&nbsp;Carl Philipp Emanuel Bach. Als Bezugspunkt w\u00e4hlt es Bachs seinerzeit ber\u00fchmte Gellert-Oden von 1758. Den Texten Gellerts [&hellip;]<\/p>\n","protected":false},"author":1,"featured_media":0,"parent":1372,"menu_order":0,"comment_status":"closed","ping_status":"closed","template":"","meta":{"footnotes":""},"class_list":["post-2177","page","type-page","status-publish","hentry"],"_links":{"self":[{"href":"https:\/\/www.musikverlag-nickel.eu\/NEWS-BLOG\/index.php?rest_route=\/wp\/v2\/pages\/2177","targetHints":{"allow":["GET"]}}],"collection":[{"href":"https:\/\/www.musikverlag-nickel.eu\/NEWS-BLOG\/index.php?rest_route=\/wp\/v2\/pages"}],"about":[{"href":"https:\/\/www.musikverlag-nickel.eu\/NEWS-BLOG\/index.php?rest_route=\/wp\/v2\/types\/page"}],"author":[{"embeddable":true,"href":"https:\/\/www.musikverlag-nickel.eu\/NEWS-BLOG\/index.php?rest_route=\/wp\/v2\/users\/1"}],"replies":[{"embeddable":true,"href":"https:\/\/www.musikverlag-nickel.eu\/NEWS-BLOG\/index.php?rest_route=%2Fwp%2Fv2%2Fcomments&post=2177"}],"version-history":[{"count":3,"href":"https:\/\/www.musikverlag-nickel.eu\/NEWS-BLOG\/index.php?rest_route=\/wp\/v2\/pages\/2177\/revisions"}],"predecessor-version":[{"id":2185,"href":"https:\/\/www.musikverlag-nickel.eu\/NEWS-BLOG\/index.php?rest_route=\/wp\/v2\/pages\/2177\/revisions\/2185"}],"up":[{"embeddable":true,"href":"https:\/\/www.musikverlag-nickel.eu\/NEWS-BLOG\/index.php?rest_route=\/wp\/v2\/pages\/1372"}],"wp:attachment":[{"href":"https:\/\/www.musikverlag-nickel.eu\/NEWS-BLOG\/index.php?rest_route=%2Fwp%2Fv2%2Fmedia&parent=2177"}],"curies":[{"name":"wp","href":"https:\/\/api.w.org\/{rel}","templated":true}]}}

<p>Das<em> Abendlied </em>für Violine und Klavier entstand im Jahr 2014 zum 300. Geburtstag von&nbsp;Carl Philipp Emanuel Bach. Als Bezugspunkt wählt es Bachs seinerzeit berühmte Gellert-Oden von 1758. Den Texten Gellerts ist auch der Untertitel entnommen: „Im Geist den Himmel offen“. In diesen Worten klingt jener umwerfende Optimismus an, von dem die aufgeklärte Religiosität und der künstlerisch-philosophische Geist der Epoche geprägt sind.&nbsp;</p>



<p>Musikalisch zeigen die Gellert-Oden zugleich einen Carl Philipp Emanuel Bach der musikalischen Besinnlichkeit und religiösen Praxis, nicht den Avantgardisten und vormodernen Postmodernen, den manchmal verstörenden Experimentator und Virtuosen, der er freilich auch war. Zwar findet man in „Herrn Professor Gellerts geistliche Oden und Lieder mit Melodien“, so der Titel der Sammlung,&nbsp; auch die ein oder andere harmonische Kühnheit, doch ist die Diktion ansonsten schlicht gehalten und liedhaft. Das eigentlich Neue ist hier das Einfache, und damit eine Facette, die mehr auf Mozarts Lieder als auf den Sturm und Drang Haydns verweist.&nbsp;</p>



<p>Zwei der Lieder Bachs sind mit „Abendlied“ überschrieben, und beide finden hier Eingang in die Komposition. Wobei das eine Abendlied in den ersten, langsamen Teil, als verborgener cantus firmus geflochten ist, während das andere Abendlied &#8211; eines der bekanntesten Stücke aus dem Zyklus überhaupt &#8211; unmittelbar als Zitat erscheint.&nbsp;</p>



<p>Volker Nickel: ABENDLIED<br>zum 300. Geburtstag von CPE Bach<br>für Violine und Klavier<br>ISMN 979-0-700344-69-2 / MVN 49 (Part.)<br>24,- EUR<br>(München 2015)</p>



<div class="wp-block-buttons is-layout-flex wp-block-buttons-is-layout-flex">
<div class="wp-block-button"><a class="wp-block-button__link wp-element-button" href="https://www.musikverlag-nickel.eu/NEWS-BLOG/?product=nickel-volker-abendlied">Bestellen</a></div>
</div>



<figure class="wp-block-gallery has-nested-images columns-default is-cropped wp-block-gallery-1 is-layout-flex wp-block-gallery-is-layout-flex">
<figure class="wp-block-image size-large"><img loading="lazy" decoding="async" width="724" height="1024" data-id="391" src="http://www.musikverlag-nickel.eu/NEWS-BLOG/wp-content/uploads/2015/02/MVN-49_Bild-1-klein-724x1024.jpg" alt="" class="wp-image-391" srcset="https://www.musikverlag-nickel.eu/NEWS-BLOG/wp-content/uploads/2015/02/MVN-49_Bild-1-klein-724x1024.jpg 724w, https://www.musikverlag-nickel.eu/NEWS-BLOG/wp-content/uploads/2015/02/MVN-49_Bild-1-klein-600x848.jpg 600w, https://www.musikverlag-nickel.eu/NEWS-BLOG/wp-content/uploads/2015/02/MVN-49_Bild-1-klein-212x300.jpg 212w, https://www.musikverlag-nickel.eu/NEWS-BLOG/wp-content/uploads/2015/02/MVN-49_Bild-1-klein-680x961.jpg 680w, https://www.musikverlag-nickel.eu/NEWS-BLOG/wp-content/uploads/2015/02/MVN-49_Bild-1-klein.jpg 800w" sizes="auto, (max-width: 724px) 100vw, 724px" /></figure>



<figure class="wp-block-image size-large"><img loading="lazy" decoding="async" width="724" height="1024" data-id="2178" src="https://www.musikverlag-nickel.eu/NEWS-BLOG/wp-content/uploads/2025/05/MVN-49_Bild-2-724x1024.jpg" alt="" class="wp-image-2178" srcset="https://www.musikverlag-nickel.eu/NEWS-BLOG/wp-content/uploads/2025/05/MVN-49_Bild-2-724x1024.jpg 724w, https://www.musikverlag-nickel.eu/NEWS-BLOG/wp-content/uploads/2025/05/MVN-49_Bild-2-212x300.jpg 212w, https://www.musikverlag-nickel.eu/NEWS-BLOG/wp-content/uploads/2025/05/MVN-49_Bild-2-768x1086.jpg 768w, https://www.musikverlag-nickel.eu/NEWS-BLOG/wp-content/uploads/2025/05/MVN-49_Bild-2-1087x1536.jpg 1087w, https://www.musikverlag-nickel.eu/NEWS-BLOG/wp-content/uploads/2025/05/MVN-49_Bild-2-680x961.jpg 680w, https://www.musikverlag-nickel.eu/NEWS-BLOG/wp-content/uploads/2025/05/MVN-49_Bild-2-920x1301.jpg 920w, https://www.musikverlag-nickel.eu/NEWS-BLOG/wp-content/uploads/2025/05/MVN-49_Bild-2-600x848.jpg 600w, https://www.musikverlag-nickel.eu/NEWS-BLOG/wp-content/uploads/2025/05/MVN-49_Bild-2.jpg 1240w" sizes="auto, (max-width: 724px) 100vw, 724px" /></figure>
</figure>



<p>#Violine #Klavier </p>



<p></p>

<p>Das Abendlied für Violine und Klavier entstand im Jahr 2014 zum 300. Geburtstag von&nbsp;Carl Philipp Emanuel Bach. Als Bezugspunkt wählt es Bachs seinerzeit berühmte Gellert-Oden von 1758. Den Texten Gellerts [&hellip;]</p>
