{"id":2195,"date":"2025-05-31T16:19:31","date_gmt":"2025-05-31T14:19:31","guid":{"rendered":"https:\/\/www.musikverlag-nickel.eu\/NEWS-BLOG\/?page_id=2195"},"modified":"2025-05-31T16:26:57","modified_gmt":"2025-05-31T14:26:57","slug":"3-kurze-szenen","status":"publish","type":"page","link":"https:\/\/www.musikverlag-nickel.eu\/NEWS-BLOG\/?page_id=2195","title":{"rendered":"3 KURZE SZENEN"},"content":{"rendered":"\n<p>Die \u201e3 kurzen Szenen\u201c f\u00fcr Streichquartett entstanden 2012 nach Textpassagen aus dem Roman \u201eDas steinerne Herz\u201c von Arno Schmidt. Ich habe dieses Buch mit seiner \u00fcberw\u00e4ltigenden und funkelnden Sprache \u00fcber Jahre hinweg immer wieder gelesen, Karten und Fotos seiner Schaupl\u00e4tze betrachtet, bin der seltsamen und tragischen Geschichte in der Geschichte (Sofie Dorothea \u2013 die gefangene Prinzessin) nachgegangen und habe mir die Bilderwelt dieses sonderbaren Buches erschlossen und das Auftauchen der Bilder und Zeichen nach Schlagworten sortiert und geordnet. Die Auseinandersetzung mit dem Text in einer Komposition ist dabei gleichzeitig die Erweiterung des Lesens mit anderen Mitteln, bietet aber auch die M\u00f6glichkeit eines eigenen Kommentars. Musikalisch geht die Komposition dabei nicht einfach nur dem Text nach, sondern verarbeitet einen <em>cantus firmus<\/em> aus 264 teils mikrotonalen T\u00f6nen, der parallel zu dem am Text orientierten musikalischen Geschehen eingeflochten wird und \u2013 stellenweise sich selbst \u00fcberlagernd &#8211; mehrmals wiederkehrt. Schlie\u00dflich werden Teile der Partitur selbst als neue <em>cantus firmi<\/em> verwendet, so dass neben der freien (szenischen) und der konstruktiven (cantus firmus) auch eine assoziative Ebene (Reflexion) entsteht.<\/p>\n\n\n\n<p>Volker Nickel: 3 KURZE SZENEN<br>f\u00fcr Streichquartett<br>ISMN 979-0-700344-50-4 \/&nbsp;MVN 6 (Part.)<br>26,- EUR<br>(M\u00fcnchen, 2013)<\/p>\n\n\n\n<div class=\"wp-block-buttons is-layout-flex wp-block-buttons-is-layout-flex\">\n<div class=\"wp-block-button\"><a class=\"wp-block-button__link wp-element-button\" href=\"https:\/\/www.musikverlag-nickel.eu\/NEWS-BLOG\/?product=nickel-volker-3-kurze-szenen\">Bestellen<\/a><\/div>\n<\/div>\n\n\n\n<figure class=\"wp-block-gallery has-nested-images columns-default is-cropped wp-block-gallery-1 is-layout-flex wp-block-gallery-is-layout-flex\">\n<figure class=\"wp-block-image size-large\"><img loading=\"lazy\" decoding=\"async\" width=\"724\" height=\"1024\" data-id=\"2197\" src=\"https:\/\/www.musikverlag-nickel.eu\/NEWS-BLOG\/wp-content\/uploads\/2025\/05\/MVN-6_Bild-1-724x1024.jpg\" alt=\"\" class=\"wp-image-2197\" srcset=\"https:\/\/www.musikverlag-nickel.eu\/NEWS-BLOG\/wp-content\/uploads\/2025\/05\/MVN-6_Bild-1-724x1024.jpg 724w, https:\/\/www.musikverlag-nickel.eu\/NEWS-BLOG\/wp-content\/uploads\/2025\/05\/MVN-6_Bild-1-212x300.jpg 212w, https:\/\/www.musikverlag-nickel.eu\/NEWS-BLOG\/wp-content\/uploads\/2025\/05\/MVN-6_Bild-1-768x1086.jpg 768w, https:\/\/www.musikverlag-nickel.eu\/NEWS-BLOG\/wp-content\/uploads\/2025\/05\/MVN-6_Bild-1-1087x1536.jpg 1087w, https:\/\/www.musikverlag-nickel.eu\/NEWS-BLOG\/wp-content\/uploads\/2025\/05\/MVN-6_Bild-1-680x961.jpg 680w, https:\/\/www.musikverlag-nickel.eu\/NEWS-BLOG\/wp-content\/uploads\/2025\/05\/MVN-6_Bild-1-920x1301.jpg 920w, https:\/\/www.musikverlag-nickel.eu\/NEWS-BLOG\/wp-content\/uploads\/2025\/05\/MVN-6_Bild-1-600x848.jpg 600w, https:\/\/www.musikverlag-nickel.eu\/NEWS-BLOG\/wp-content\/uploads\/2025\/05\/MVN-6_Bild-1.jpg 1240w\" sizes=\"auto, (max-width: 724px) 100vw, 724px\" \/><\/figure>\n\n\n\n<figure class=\"wp-block-image size-large\"><img loading=\"lazy\" decoding=\"async\" width=\"724\" height=\"1024\" data-id=\"2198\" src=\"https:\/\/www.musikverlag-nickel.eu\/NEWS-BLOG\/wp-content\/uploads\/2025\/05\/MVN-6_Bild-2-724x1024.jpg\" alt=\"\" class=\"wp-image-2198\" srcset=\"https:\/\/www.musikverlag-nickel.eu\/NEWS-BLOG\/wp-content\/uploads\/2025\/05\/MVN-6_Bild-2-724x1024.jpg 724w, https:\/\/www.musikverlag-nickel.eu\/NEWS-BLOG\/wp-content\/uploads\/2025\/05\/MVN-6_Bild-2-212x300.jpg 212w, https:\/\/www.musikverlag-nickel.eu\/NEWS-BLOG\/wp-content\/uploads\/2025\/05\/MVN-6_Bild-2-768x1087.jpg 768w, https:\/\/www.musikverlag-nickel.eu\/NEWS-BLOG\/wp-content\/uploads\/2025\/05\/MVN-6_Bild-2-1086x1536.jpg 1086w, https:\/\/www.musikverlag-nickel.eu\/NEWS-BLOG\/wp-content\/uploads\/2025\/05\/MVN-6_Bild-2-1448x2048.jpg 1448w, https:\/\/www.musikverlag-nickel.eu\/NEWS-BLOG\/wp-content\/uploads\/2025\/05\/MVN-6_Bild-2-680x962.jpg 680w, https:\/\/www.musikverlag-nickel.eu\/NEWS-BLOG\/wp-content\/uploads\/2025\/05\/MVN-6_Bild-2-920x1302.jpg 920w, https:\/\/www.musikverlag-nickel.eu\/NEWS-BLOG\/wp-content\/uploads\/2025\/05\/MVN-6_Bild-2-600x849.jpg 600w, https:\/\/www.musikverlag-nickel.eu\/NEWS-BLOG\/wp-content\/uploads\/2025\/05\/MVN-6_Bild-2-scaled.jpg 1810w\" sizes=\"auto, (max-width: 724px) 100vw, 724px\" \/><\/figure>\n\n\n\n<figure class=\"wp-block-image size-large\"><a href=\"http:\/\/www.musikverlag-nickel.eu\/NEWS-BLOG\/wp-content\/uploads\/2025\/05\/MVN-6_Bild-3-scaled.jpg\"><img loading=\"lazy\" decoding=\"async\" width=\"724\" height=\"1024\" data-id=\"2203\" src=\"http:\/\/www.musikverlag-nickel.eu\/NEWS-BLOG\/wp-content\/uploads\/2025\/05\/MVN-6_Bild-3-724x1024.jpg\" alt=\"\" class=\"wp-image-2203\" srcset=\"https:\/\/www.musikverlag-nickel.eu\/NEWS-BLOG\/wp-content\/uploads\/2025\/05\/MVN-6_Bild-3-724x1024.jpg 724w, https:\/\/www.musikverlag-nickel.eu\/NEWS-BLOG\/wp-content\/uploads\/2025\/05\/MVN-6_Bild-3-212x300.jpg 212w, https:\/\/www.musikverlag-nickel.eu\/NEWS-BLOG\/wp-content\/uploads\/2025\/05\/MVN-6_Bild-3-768x1087.jpg 768w, https:\/\/www.musikverlag-nickel.eu\/NEWS-BLOG\/wp-content\/uploads\/2025\/05\/MVN-6_Bild-3-1086x1536.jpg 1086w, https:\/\/www.musikverlag-nickel.eu\/NEWS-BLOG\/wp-content\/uploads\/2025\/05\/MVN-6_Bild-3-1448x2048.jpg 1448w, https:\/\/www.musikverlag-nickel.eu\/NEWS-BLOG\/wp-content\/uploads\/2025\/05\/MVN-6_Bild-3-680x962.jpg 680w, https:\/\/www.musikverlag-nickel.eu\/NEWS-BLOG\/wp-content\/uploads\/2025\/05\/MVN-6_Bild-3-920x1302.jpg 920w, https:\/\/www.musikverlag-nickel.eu\/NEWS-BLOG\/wp-content\/uploads\/2025\/05\/MVN-6_Bild-3-600x849.jpg 600w, https:\/\/www.musikverlag-nickel.eu\/NEWS-BLOG\/wp-content\/uploads\/2025\/05\/MVN-6_Bild-3-scaled.jpg 1810w\" sizes=\"auto, (max-width: 724px) 100vw, 724px\" \/><\/a><\/figure>\n<\/figure>\n\n\n\n<p>#Streichquartett #Violine #Viola #Violoncello #Kammermusik<\/p>\n","protected":false},"excerpt":{"rendered":"<p>Die \u201e3 kurzen Szenen\u201c f\u00fcr Streichquartett entstanden 2012 nach Textpassagen aus dem Roman \u201eDas steinerne Herz\u201c von Arno Schmidt. Ich habe dieses Buch mit seiner \u00fcberw\u00e4ltigenden und funkelnden Sprache \u00fcber [&hellip;]<\/p>\n","protected":false},"author":1,"featured_media":0,"parent":1372,"menu_order":0,"comment_status":"closed","ping_status":"closed","template":"","meta":{"footnotes":""},"class_list":["post-2195","page","type-page","status-publish","hentry"],"_links":{"self":[{"href":"https:\/\/www.musikverlag-nickel.eu\/NEWS-BLOG\/index.php?rest_route=\/wp\/v2\/pages\/2195","targetHints":{"allow":["GET"]}}],"collection":[{"href":"https:\/\/www.musikverlag-nickel.eu\/NEWS-BLOG\/index.php?rest_route=\/wp\/v2\/pages"}],"about":[{"href":"https:\/\/www.musikverlag-nickel.eu\/NEWS-BLOG\/index.php?rest_route=\/wp\/v2\/types\/page"}],"author":[{"embeddable":true,"href":"https:\/\/www.musikverlag-nickel.eu\/NEWS-BLOG\/index.php?rest_route=\/wp\/v2\/users\/1"}],"replies":[{"embeddable":true,"href":"https:\/\/www.musikverlag-nickel.eu\/NEWS-BLOG\/index.php?rest_route=%2Fwp%2Fv2%2Fcomments&post=2195"}],"version-history":[{"count":4,"href":"https:\/\/www.musikverlag-nickel.eu\/NEWS-BLOG\/index.php?rest_route=\/wp\/v2\/pages\/2195\/revisions"}],"predecessor-version":[{"id":2205,"href":"https:\/\/www.musikverlag-nickel.eu\/NEWS-BLOG\/index.php?rest_route=\/wp\/v2\/pages\/2195\/revisions\/2205"}],"up":[{"embeddable":true,"href":"https:\/\/www.musikverlag-nickel.eu\/NEWS-BLOG\/index.php?rest_route=\/wp\/v2\/pages\/1372"}],"wp:attachment":[{"href":"https:\/\/www.musikverlag-nickel.eu\/NEWS-BLOG\/index.php?rest_route=%2Fwp%2Fv2%2Fmedia&parent=2195"}],"curies":[{"name":"wp","href":"https:\/\/api.w.org\/{rel}","templated":true}]}}

<p>Die „3 kurzen Szenen“ für Streichquartett entstanden 2012 nach Textpassagen aus dem Roman „Das steinerne Herz“ von Arno Schmidt. Ich habe dieses Buch mit seiner überwältigenden und funkelnden Sprache über Jahre hinweg immer wieder gelesen, Karten und Fotos seiner Schauplätze betrachtet, bin der seltsamen und tragischen Geschichte in der Geschichte (Sofie Dorothea – die gefangene Prinzessin) nachgegangen und habe mir die Bilderwelt dieses sonderbaren Buches erschlossen und das Auftauchen der Bilder und Zeichen nach Schlagworten sortiert und geordnet. Die Auseinandersetzung mit dem Text in einer Komposition ist dabei gleichzeitig die Erweiterung des Lesens mit anderen Mitteln, bietet aber auch die Möglichkeit eines eigenen Kommentars. Musikalisch geht die Komposition dabei nicht einfach nur dem Text nach, sondern verarbeitet einen <em>cantus firmus</em> aus 264 teils mikrotonalen Tönen, der parallel zu dem am Text orientierten musikalischen Geschehen eingeflochten wird und – stellenweise sich selbst überlagernd &#8211; mehrmals wiederkehrt. Schließlich werden Teile der Partitur selbst als neue <em>cantus firmi</em> verwendet, so dass neben der freien (szenischen) und der konstruktiven (cantus firmus) auch eine assoziative Ebene (Reflexion) entsteht.</p>



<p>Volker Nickel: 3 KURZE SZENEN<br>für Streichquartett<br>ISMN 979-0-700344-50-4 /&nbsp;MVN 6 (Part.)<br>26,- EUR<br>(München, 2013)</p>



<div class="wp-block-buttons is-layout-flex wp-block-buttons-is-layout-flex">
<div class="wp-block-button"><a class="wp-block-button__link wp-element-button" href="https://www.musikverlag-nickel.eu/NEWS-BLOG/?product=nickel-volker-3-kurze-szenen">Bestellen</a></div>
</div>



<figure class="wp-block-gallery has-nested-images columns-default is-cropped wp-block-gallery-1 is-layout-flex wp-block-gallery-is-layout-flex">
<figure class="wp-block-image size-large"><img loading="lazy" decoding="async" width="724" height="1024" data-id="2197" src="https://www.musikverlag-nickel.eu/NEWS-BLOG/wp-content/uploads/2025/05/MVN-6_Bild-1-724x1024.jpg" alt="" class="wp-image-2197" srcset="https://www.musikverlag-nickel.eu/NEWS-BLOG/wp-content/uploads/2025/05/MVN-6_Bild-1-724x1024.jpg 724w, https://www.musikverlag-nickel.eu/NEWS-BLOG/wp-content/uploads/2025/05/MVN-6_Bild-1-212x300.jpg 212w, https://www.musikverlag-nickel.eu/NEWS-BLOG/wp-content/uploads/2025/05/MVN-6_Bild-1-768x1086.jpg 768w, https://www.musikverlag-nickel.eu/NEWS-BLOG/wp-content/uploads/2025/05/MVN-6_Bild-1-1087x1536.jpg 1087w, https://www.musikverlag-nickel.eu/NEWS-BLOG/wp-content/uploads/2025/05/MVN-6_Bild-1-680x961.jpg 680w, https://www.musikverlag-nickel.eu/NEWS-BLOG/wp-content/uploads/2025/05/MVN-6_Bild-1-920x1301.jpg 920w, https://www.musikverlag-nickel.eu/NEWS-BLOG/wp-content/uploads/2025/05/MVN-6_Bild-1-600x848.jpg 600w, https://www.musikverlag-nickel.eu/NEWS-BLOG/wp-content/uploads/2025/05/MVN-6_Bild-1.jpg 1240w" sizes="auto, (max-width: 724px) 100vw, 724px" /></figure>



<figure class="wp-block-image size-large"><img loading="lazy" decoding="async" width="724" height="1024" data-id="2198" src="https://www.musikverlag-nickel.eu/NEWS-BLOG/wp-content/uploads/2025/05/MVN-6_Bild-2-724x1024.jpg" alt="" class="wp-image-2198" srcset="https://www.musikverlag-nickel.eu/NEWS-BLOG/wp-content/uploads/2025/05/MVN-6_Bild-2-724x1024.jpg 724w, https://www.musikverlag-nickel.eu/NEWS-BLOG/wp-content/uploads/2025/05/MVN-6_Bild-2-212x300.jpg 212w, https://www.musikverlag-nickel.eu/NEWS-BLOG/wp-content/uploads/2025/05/MVN-6_Bild-2-768x1087.jpg 768w, https://www.musikverlag-nickel.eu/NEWS-BLOG/wp-content/uploads/2025/05/MVN-6_Bild-2-1086x1536.jpg 1086w, https://www.musikverlag-nickel.eu/NEWS-BLOG/wp-content/uploads/2025/05/MVN-6_Bild-2-1448x2048.jpg 1448w, https://www.musikverlag-nickel.eu/NEWS-BLOG/wp-content/uploads/2025/05/MVN-6_Bild-2-680x962.jpg 680w, https://www.musikverlag-nickel.eu/NEWS-BLOG/wp-content/uploads/2025/05/MVN-6_Bild-2-920x1302.jpg 920w, https://www.musikverlag-nickel.eu/NEWS-BLOG/wp-content/uploads/2025/05/MVN-6_Bild-2-600x849.jpg 600w, https://www.musikverlag-nickel.eu/NEWS-BLOG/wp-content/uploads/2025/05/MVN-6_Bild-2-scaled.jpg 1810w" sizes="auto, (max-width: 724px) 100vw, 724px" /></figure>



<figure class="wp-block-image size-large"><a href="http://www.musikverlag-nickel.eu/NEWS-BLOG/wp-content/uploads/2025/05/MVN-6_Bild-3-scaled.jpg"><img loading="lazy" decoding="async" width="724" height="1024" data-id="2203" src="http://www.musikverlag-nickel.eu/NEWS-BLOG/wp-content/uploads/2025/05/MVN-6_Bild-3-724x1024.jpg" alt="" class="wp-image-2203" srcset="https://www.musikverlag-nickel.eu/NEWS-BLOG/wp-content/uploads/2025/05/MVN-6_Bild-3-724x1024.jpg 724w, https://www.musikverlag-nickel.eu/NEWS-BLOG/wp-content/uploads/2025/05/MVN-6_Bild-3-212x300.jpg 212w, https://www.musikverlag-nickel.eu/NEWS-BLOG/wp-content/uploads/2025/05/MVN-6_Bild-3-768x1087.jpg 768w, https://www.musikverlag-nickel.eu/NEWS-BLOG/wp-content/uploads/2025/05/MVN-6_Bild-3-1086x1536.jpg 1086w, https://www.musikverlag-nickel.eu/NEWS-BLOG/wp-content/uploads/2025/05/MVN-6_Bild-3-1448x2048.jpg 1448w, https://www.musikverlag-nickel.eu/NEWS-BLOG/wp-content/uploads/2025/05/MVN-6_Bild-3-680x962.jpg 680w, https://www.musikverlag-nickel.eu/NEWS-BLOG/wp-content/uploads/2025/05/MVN-6_Bild-3-920x1302.jpg 920w, https://www.musikverlag-nickel.eu/NEWS-BLOG/wp-content/uploads/2025/05/MVN-6_Bild-3-600x849.jpg 600w, https://www.musikverlag-nickel.eu/NEWS-BLOG/wp-content/uploads/2025/05/MVN-6_Bild-3-scaled.jpg 1810w" sizes="auto, (max-width: 724px) 100vw, 724px" /></a></figure>
</figure>



<p>#Streichquartett #Violine #Viola #Violoncello #Kammermusik</p>

<p>Die „3 kurzen Szenen“ für Streichquartett entstanden 2012 nach Textpassagen aus dem Roman „Das steinerne Herz“ von Arno Schmidt. Ich habe dieses Buch mit seiner überwältigenden und funkelnden Sprache über [&hellip;]</p>
