{"id":2208,"date":"2025-06-07T19:15:40","date_gmt":"2025-06-07T17:15:40","guid":{"rendered":"https:\/\/www.musikverlag-nickel.eu\/NEWS-BLOG\/?page_id=2208"},"modified":"2025-06-07T19:23:10","modified_gmt":"2025-06-07T17:23:10","slug":"laendler","status":"publish","type":"page","link":"https:\/\/www.musikverlag-nickel.eu\/NEWS-BLOG\/?page_id=2208","title":{"rendered":"L\u00c4NDLER"},"content":{"rendered":"\n<p><em>L\u00e4ndler<\/em> f\u00fcr Violoncello Solo entstand 2012 f\u00fcr Johannes Gutfleisch. In dem St\u00fcck sind aus einem l\u00e4ngeren cantus firmus unterschiedliche musikalische Figuren abgeleitet, deren unregelm\u00e4\u00dfiges Auftauchen die Oberfl\u00e4che der Komposition bildet. Wie die Figuren im Innern verbunden sind, entzieht sich dem Blick &#8211; der cantus firmus selbst wird nie allein oder im ganzen vorgetragen; was mit den Figuren geschieht, wenn sie gleichsam abwesend sind, das wei\u00df man nicht. Das alles gleicht der Perspektive, die jemand hat, der vor einem gro\u00dfen Aquarium steht und auf das Wiedererscheinen eines bestimmten Fisches wartet.&nbsp;Eine musikalische Figur, die ich ihrer Harmonik und Melodik, ihres Z\u00f6gerns und Abwartens und Anhebens wegen \u201eL\u00e4ndler\u201c genannt und im Notentext auch so gekennzeichnet habe, gibt dem St\u00fcck seinen Namen. Der L\u00e4ndler kehrt wieder wie Tierspuren, die einen Weg kreuzen. Es ist wie das Lauschen auf eine von fern her klingende Musik, die der Wind nur dann und wann an die Ohren tr\u00e4gt. Man k\u00f6nnte das die Diskontinuit\u00e4t des Erlebens nennen. Es bleiben L\u00fccken. &#8211; Und es bleibt die Frage, was jenseits des Wahrgenommenen geschieht, ob die Dinge zu einer sinnvollen Einheit und Handlung verbunden sind, und worauf ihre Eigenschaften verweisen?&nbsp;Haben alle Dinge mit der selben Eigenschaft einen gemeinsamen Ursprung? Das w\u00e4re &#8211; auch in der Musik &#8211; eine Frage nach der Beseeltheit der Dinge, nach ihrem inneren Sinn und vielleicht nach ihrer Ewigkeit.&nbsp;<\/p>\n\n\n\n<p>Volker Nickel: L\u00c4NDLER<br>f\u00fcr Violoncello Solo<br>ISMN 979-0-700344-49-8 \/&nbsp;MVN 13 (Part.)<br>24,- EUR<br>(M\u00fcnchen 2013)<\/p>\n\n\n\n<div class=\"wp-block-buttons is-layout-flex wp-block-buttons-is-layout-flex\">\n<div class=\"wp-block-button\"><a class=\"wp-block-button__link wp-element-button\" href=\"https:\/\/www.musikverlag-nickel.eu\/NEWS-BLOG\/?product=nickel-volker-laendler\">Bestellen<\/a><\/div>\n<\/div>\n\n\n\n<figure class=\"wp-block-gallery has-nested-images columns-default is-cropped wp-block-gallery-1 is-layout-flex wp-block-gallery-is-layout-flex\">\n<figure class=\"wp-block-image size-large\"><img loading=\"lazy\" decoding=\"async\" width=\"724\" height=\"1024\" data-id=\"2209\" src=\"https:\/\/www.musikverlag-nickel.eu\/NEWS-BLOG\/wp-content\/uploads\/2025\/06\/MVN-13_Bild-1-724x1024.jpg\" alt=\"\" class=\"wp-image-2209\" srcset=\"https:\/\/www.musikverlag-nickel.eu\/NEWS-BLOG\/wp-content\/uploads\/2025\/06\/MVN-13_Bild-1-724x1024.jpg 724w, https:\/\/www.musikverlag-nickel.eu\/NEWS-BLOG\/wp-content\/uploads\/2025\/06\/MVN-13_Bild-1-212x300.jpg 212w, https:\/\/www.musikverlag-nickel.eu\/NEWS-BLOG\/wp-content\/uploads\/2025\/06\/MVN-13_Bild-1-768x1086.jpg 768w, https:\/\/www.musikverlag-nickel.eu\/NEWS-BLOG\/wp-content\/uploads\/2025\/06\/MVN-13_Bild-1-1087x1536.jpg 1087w, https:\/\/www.musikverlag-nickel.eu\/NEWS-BLOG\/wp-content\/uploads\/2025\/06\/MVN-13_Bild-1-680x961.jpg 680w, https:\/\/www.musikverlag-nickel.eu\/NEWS-BLOG\/wp-content\/uploads\/2025\/06\/MVN-13_Bild-1-920x1301.jpg 920w, https:\/\/www.musikverlag-nickel.eu\/NEWS-BLOG\/wp-content\/uploads\/2025\/06\/MVN-13_Bild-1-600x848.jpg 600w, https:\/\/www.musikverlag-nickel.eu\/NEWS-BLOG\/wp-content\/uploads\/2025\/06\/MVN-13_Bild-1.jpg 1240w\" sizes=\"auto, (max-width: 724px) 100vw, 724px\" \/><\/figure>\n\n\n\n<figure class=\"wp-block-image size-large\"><a href=\"https:\/\/www.musikverlag-nickel.eu\/NEWS-BLOG\/wp-content\/uploads\/2025\/06\/MVN-13_Bild-2-scaled.jpg\"><img loading=\"lazy\" decoding=\"async\" width=\"724\" height=\"1024\" data-id=\"2216\" src=\"https:\/\/www.musikverlag-nickel.eu\/NEWS-BLOG\/wp-content\/uploads\/2025\/06\/MVN-13_Bild-2-724x1024.jpg\" alt=\"\" class=\"wp-image-2216\" srcset=\"https:\/\/www.musikverlag-nickel.eu\/NEWS-BLOG\/wp-content\/uploads\/2025\/06\/MVN-13_Bild-2-724x1024.jpg 724w, https:\/\/www.musikverlag-nickel.eu\/NEWS-BLOG\/wp-content\/uploads\/2025\/06\/MVN-13_Bild-2-212x300.jpg 212w, https:\/\/www.musikverlag-nickel.eu\/NEWS-BLOG\/wp-content\/uploads\/2025\/06\/MVN-13_Bild-2-768x1087.jpg 768w, https:\/\/www.musikverlag-nickel.eu\/NEWS-BLOG\/wp-content\/uploads\/2025\/06\/MVN-13_Bild-2-1086x1536.jpg 1086w, https:\/\/www.musikverlag-nickel.eu\/NEWS-BLOG\/wp-content\/uploads\/2025\/06\/MVN-13_Bild-2-1448x2048.jpg 1448w, https:\/\/www.musikverlag-nickel.eu\/NEWS-BLOG\/wp-content\/uploads\/2025\/06\/MVN-13_Bild-2-680x962.jpg 680w, https:\/\/www.musikverlag-nickel.eu\/NEWS-BLOG\/wp-content\/uploads\/2025\/06\/MVN-13_Bild-2-920x1302.jpg 920w, https:\/\/www.musikverlag-nickel.eu\/NEWS-BLOG\/wp-content\/uploads\/2025\/06\/MVN-13_Bild-2-600x849.jpg 600w, https:\/\/www.musikverlag-nickel.eu\/NEWS-BLOG\/wp-content\/uploads\/2025\/06\/MVN-13_Bild-2-scaled.jpg 1810w\" sizes=\"auto, (max-width: 724px) 100vw, 724px\" \/><\/a><\/figure>\n<\/figure>\n\n\n\n<p>#Violoncello<\/p>\n\n\n\n<p><\/p>\n","protected":false},"excerpt":{"rendered":"<p>L\u00e4ndler f\u00fcr Violoncello Solo entstand 2012 f\u00fcr Johannes Gutfleisch. In dem St\u00fcck sind aus einem l\u00e4ngeren cantus firmus unterschiedliche musikalische Figuren abgeleitet, deren unregelm\u00e4\u00dfiges Auftauchen die Oberfl\u00e4che der Komposition bildet. [&hellip;]<\/p>\n","protected":false},"author":1,"featured_media":0,"parent":1372,"menu_order":0,"comment_status":"closed","ping_status":"closed","template":"","meta":{"footnotes":""},"class_list":["post-2208","page","type-page","status-publish","hentry"],"_links":{"self":[{"href":"https:\/\/www.musikverlag-nickel.eu\/NEWS-BLOG\/index.php?rest_route=\/wp\/v2\/pages\/2208","targetHints":{"allow":["GET"]}}],"collection":[{"href":"https:\/\/www.musikverlag-nickel.eu\/NEWS-BLOG\/index.php?rest_route=\/wp\/v2\/pages"}],"about":[{"href":"https:\/\/www.musikverlag-nickel.eu\/NEWS-BLOG\/index.php?rest_route=\/wp\/v2\/types\/page"}],"author":[{"embeddable":true,"href":"https:\/\/www.musikverlag-nickel.eu\/NEWS-BLOG\/index.php?rest_route=\/wp\/v2\/users\/1"}],"replies":[{"embeddable":true,"href":"https:\/\/www.musikverlag-nickel.eu\/NEWS-BLOG\/index.php?rest_route=%2Fwp%2Fv2%2Fcomments&post=2208"}],"version-history":[{"count":5,"href":"https:\/\/www.musikverlag-nickel.eu\/NEWS-BLOG\/index.php?rest_route=\/wp\/v2\/pages\/2208\/revisions"}],"predecessor-version":[{"id":2218,"href":"https:\/\/www.musikverlag-nickel.eu\/NEWS-BLOG\/index.php?rest_route=\/wp\/v2\/pages\/2208\/revisions\/2218"}],"up":[{"embeddable":true,"href":"https:\/\/www.musikverlag-nickel.eu\/NEWS-BLOG\/index.php?rest_route=\/wp\/v2\/pages\/1372"}],"wp:attachment":[{"href":"https:\/\/www.musikverlag-nickel.eu\/NEWS-BLOG\/index.php?rest_route=%2Fwp%2Fv2%2Fmedia&parent=2208"}],"curies":[{"name":"wp","href":"https:\/\/api.w.org\/{rel}","templated":true}]}}

LÄNDLER

<p><em>Ländler</em> für Violoncello Solo entstand 2012 für Johannes Gutfleisch. In dem Stück sind aus einem längeren cantus firmus unterschiedliche musikalische Figuren abgeleitet, deren unregelmäßiges Auftauchen die Oberfläche der Komposition bildet. Wie die Figuren im Innern verbunden sind, entzieht sich dem Blick &#8211; der cantus firmus selbst wird nie allein oder im ganzen vorgetragen; was mit den Figuren geschieht, wenn sie gleichsam abwesend sind, das weiß man nicht. Das alles gleicht der Perspektive, die jemand hat, der vor einem großen Aquarium steht und auf das Wiedererscheinen eines bestimmten Fisches wartet.&nbsp;Eine musikalische Figur, die ich ihrer Harmonik und Melodik, ihres Zögerns und Abwartens und Anhebens wegen „Ländler“ genannt und im Notentext auch so gekennzeichnet habe, gibt dem Stück seinen Namen. Der Ländler kehrt wieder wie Tierspuren, die einen Weg kreuzen. Es ist wie das Lauschen auf eine von fern her klingende Musik, die der Wind nur dann und wann an die Ohren trägt. Man könnte das die Diskontinuität des Erlebens nennen. Es bleiben Lücken. &#8211; Und es bleibt die Frage, was jenseits des Wahrgenommenen geschieht, ob die Dinge zu einer sinnvollen Einheit und Handlung verbunden sind, und worauf ihre Eigenschaften verweisen?&nbsp;Haben alle Dinge mit der selben Eigenschaft einen gemeinsamen Ursprung? Das wäre &#8211; auch in der Musik &#8211; eine Frage nach der Beseeltheit der Dinge, nach ihrem inneren Sinn und vielleicht nach ihrer Ewigkeit.&nbsp;</p>



<p>Volker Nickel: LÄNDLER<br>für Violoncello Solo<br>ISMN 979-0-700344-49-8 /&nbsp;MVN 13 (Part.)<br>24,- EUR<br>(München 2013)</p>



<div class="wp-block-buttons is-layout-flex wp-block-buttons-is-layout-flex">
<div class="wp-block-button"><a class="wp-block-button__link wp-element-button" href="https://www.musikverlag-nickel.eu/NEWS-BLOG/?product=nickel-volker-laendler">Bestellen</a></div>
</div>



<figure class="wp-block-gallery has-nested-images columns-default is-cropped wp-block-gallery-1 is-layout-flex wp-block-gallery-is-layout-flex">
<figure class="wp-block-image size-large"><img loading="lazy" decoding="async" width="724" height="1024" data-id="2209" src="https://www.musikverlag-nickel.eu/NEWS-BLOG/wp-content/uploads/2025/06/MVN-13_Bild-1-724x1024.jpg" alt="" class="wp-image-2209" srcset="https://www.musikverlag-nickel.eu/NEWS-BLOG/wp-content/uploads/2025/06/MVN-13_Bild-1-724x1024.jpg 724w, https://www.musikverlag-nickel.eu/NEWS-BLOG/wp-content/uploads/2025/06/MVN-13_Bild-1-212x300.jpg 212w, https://www.musikverlag-nickel.eu/NEWS-BLOG/wp-content/uploads/2025/06/MVN-13_Bild-1-768x1086.jpg 768w, https://www.musikverlag-nickel.eu/NEWS-BLOG/wp-content/uploads/2025/06/MVN-13_Bild-1-1087x1536.jpg 1087w, https://www.musikverlag-nickel.eu/NEWS-BLOG/wp-content/uploads/2025/06/MVN-13_Bild-1-680x961.jpg 680w, https://www.musikverlag-nickel.eu/NEWS-BLOG/wp-content/uploads/2025/06/MVN-13_Bild-1-920x1301.jpg 920w, https://www.musikverlag-nickel.eu/NEWS-BLOG/wp-content/uploads/2025/06/MVN-13_Bild-1-600x848.jpg 600w, https://www.musikverlag-nickel.eu/NEWS-BLOG/wp-content/uploads/2025/06/MVN-13_Bild-1.jpg 1240w" sizes="auto, (max-width: 724px) 100vw, 724px" /></figure>



<figure class="wp-block-image size-large"><a href="https://www.musikverlag-nickel.eu/NEWS-BLOG/wp-content/uploads/2025/06/MVN-13_Bild-2-scaled.jpg"><img loading="lazy" decoding="async" width="724" height="1024" data-id="2216" src="https://www.musikverlag-nickel.eu/NEWS-BLOG/wp-content/uploads/2025/06/MVN-13_Bild-2-724x1024.jpg" alt="" class="wp-image-2216" srcset="https://www.musikverlag-nickel.eu/NEWS-BLOG/wp-content/uploads/2025/06/MVN-13_Bild-2-724x1024.jpg 724w, https://www.musikverlag-nickel.eu/NEWS-BLOG/wp-content/uploads/2025/06/MVN-13_Bild-2-212x300.jpg 212w, https://www.musikverlag-nickel.eu/NEWS-BLOG/wp-content/uploads/2025/06/MVN-13_Bild-2-768x1087.jpg 768w, https://www.musikverlag-nickel.eu/NEWS-BLOG/wp-content/uploads/2025/06/MVN-13_Bild-2-1086x1536.jpg 1086w, https://www.musikverlag-nickel.eu/NEWS-BLOG/wp-content/uploads/2025/06/MVN-13_Bild-2-1448x2048.jpg 1448w, https://www.musikverlag-nickel.eu/NEWS-BLOG/wp-content/uploads/2025/06/MVN-13_Bild-2-680x962.jpg 680w, https://www.musikverlag-nickel.eu/NEWS-BLOG/wp-content/uploads/2025/06/MVN-13_Bild-2-920x1302.jpg 920w, https://www.musikverlag-nickel.eu/NEWS-BLOG/wp-content/uploads/2025/06/MVN-13_Bild-2-600x849.jpg 600w, https://www.musikverlag-nickel.eu/NEWS-BLOG/wp-content/uploads/2025/06/MVN-13_Bild-2-scaled.jpg 1810w" sizes="auto, (max-width: 724px) 100vw, 724px" /></a></figure>
</figure>



<p>#Violoncello</p>



<p></p>

<p>Ländler für Violoncello Solo entstand 2012 für Johannes Gutfleisch. In dem Stück sind aus einem längeren cantus firmus unterschiedliche musikalische Figuren abgeleitet, deren unregelmäßiges Auftauchen die Oberfläche der Komposition bildet. [&hellip;]</p>
